{"id":65,"date":"2014-08-04T09:14:33","date_gmt":"2014-08-04T12:14:33","guid":{"rendered":"https:\/\/www.facet.unt.edu.ar\/lms\/home\/"},"modified":"2022-10-04T22:13:10","modified_gmt":"2022-10-05T01:13:10","slug":"inicio","status":"publish","type":"page","link":"https:\/\/www.facet.unt.edu.ar\/lms\/","title":{"rendered":"Inicio"},"content":{"rendered":"<hr \/>\n<h3><a href=\"https:\/\/www.facet.unt.edu.ar\/cic\/exactas\/\">EXACTAS PARA TODOS 2022<\/a><\/h3>\n<p>La muestra se realizar\u00e1 los d\u00edas 12, 13 y 14 de\u00a0 Octubre,\u00a0 en instalaciones de la FACET, Centro Herrera, Av. Independencia 1800.<\/p>\n<p>El prop\u00f3sito central de este evento es dar a conocer a los futuros ingresantes la oferta acad\u00e9mica de la FACET y propiciar la vinculaci\u00f3n entre \u00e9sta y el sector empresarial.<\/p>\n<p>Los horarios en que se desarrollar\u00e1 la muestra son:<\/p>\n<ul>\n<li><strong>Mi\u00e9rcoles 12 de octubre: de 9 a 13 y de 14 a 18 hs<\/strong><\/li>\n<li><strong>Jueves 13 de octubre: de 9 a 13 y de 14 a 18 hs<\/strong><\/li>\n<li><strong>Viernes 14 de octubre: de 9 a 13 hs\u00a0<\/strong><\/li>\n<\/ul>\n<p>&nbsp;<\/p>\n<p>Tambi\u00e9n se har\u00e1n visitas a los diversos laboratorios vinculados a Ing. Civil.<\/p>\n<ul>\n<li><a href=\"https:\/\/www.facet.unt.edu.ar\/lem\/\" target=\"_blank\" rel=\"noopener noreferrer\">Laboratorio de Ensayo de Materiales<\/a><\/li>\n<li><a href=\"https:\/\/www.facet.unt.edu.ar\/lms\/\">Laboratorio de Mec\u00e1nica de los Suelos<\/a><\/li>\n<li><a href=\"https:\/\/www.facet.unt.edu.ar\/lvc\/\" target=\"_blank\" rel=\"noopener noreferrer\">Laboratorio de V\u00edas de Comunicaciones<\/a><\/li>\n<li><a href=\"https:\/\/www.facet.unt.edu.ar\/lch\/\" target=\"_blank\" rel=\"noopener noreferrer\">Laboratorio de Construcciones Hidr\u00e1ulicas<\/a><\/li>\n<li><a href=\"https:\/\/www.facet.unt.edu.ar\/iest\/\" target=\"_blank\" rel=\"noopener noreferrer\">Instituto de Estructuras<\/a><\/li>\n<\/ul>\n<hr \/>\n<p>&nbsp;<\/p>\n","protected":false},"excerpt":{"rendered":"<p>EXACTAS PARA TODOS 2022 La muestra se realizar\u00e1 los d\u00edas 12, 13 y 14 de\u00a0 Octubre,\u00a0 en instalaciones de la FACET, Centro Herrera, Av. Independencia 1800. El prop\u00f3sito central de este evento es dar a conocer a los futuros ingresantes la oferta acad\u00e9mica de la FACET y propiciar la vinculaci\u00f3n entre \u00e9sta y el sector [&hellip;]<\/p>\n","protected":false},"author":1,"featured_media":0,"parent":0,"menu_order":0,"comment_status":"closed","ping_status":"closed","template":"templates\/template-full-notitle.php","meta":[],"_links":{"self":[{"href":"https:\/\/www.facet.unt.edu.ar\/lms\/wp-json\/wp\/v2\/pages\/65"}],"collection":[{"href":"https:\/\/www.facet.unt.edu.ar\/lms\/wp-json\/wp\/v2\/pages"}],"about":[{"href":"https:\/\/www.facet.unt.edu.ar\/lms\/wp-json\/wp\/v2\/types\/page"}],"author":[{"embeddable":true,"href":"https:\/\/www.facet.unt.edu.ar\/lms\/wp-json\/wp\/v2\/users\/1"}],"replies":[{"embeddable":true,"href":"https:\/\/www.facet.unt.edu.ar\/lms\/wp-json\/wp\/v2\/comments?post=65"}],"version-history":[{"count":6,"href":"https:\/\/www.facet.unt.edu.ar\/lms\/wp-json\/wp\/v2\/pages\/65\/revisions"}],"predecessor-version":[{"id":158,"href":"https:\/\/www.facet.unt.edu.ar\/lms\/wp-json\/wp\/v2\/pages\/65\/revisions\/158"}],"wp:attachment":[{"href":"https:\/\/www.facet.unt.edu.ar\/lms\/wp-json\/wp\/v2\/media?parent=65"}],"curies":[{"name":"wp","href":"https:\/\/api.w.org\/{rel}","templated":true}]}}