{"id":2442,"date":"2022-03-22T10:13:44","date_gmt":"2022-03-22T13:13:44","guid":{"rendered":"https:\/\/www.facet.unt.edu.ar\/luminotecnia\/?page_id=2442"},"modified":"2022-04-05T09:44:14","modified_gmt":"2022-04-05T12:44:14","slug":"dr-andres-martin","status":"publish","type":"page","link":"https:\/\/www.facet.unt.edu.ar\/luminotecnia\/dr-andres-martin\/","title":{"rendered":"Dr. Andr\u00e9s Mart\u00edn"},"content":{"rendered":"<p><a href=\"https:\/\/www.facet.unt.edu.ar\/luminotecnia\/wp-content\/uploads\/sites\/15\/2022\/03\/10-A.-Martin.jpg\"><img decoding=\"async\" loading=\"lazy\" class=\"wp-image-2441 alignleft\" src=\"https:\/\/www.facet.unt.edu.ar\/luminotecnia\/wp-content\/uploads\/sites\/15\/2022\/03\/10-A.-Martin.jpg\" alt=\"\" width=\"107\" height=\"143\" \/><\/a><\/p>\n<p><span style=\"font-weight: 400;\">Egresado de la Facultad de Filosof\u00eda y Letras de la UNT como Licenciado en Filosof\u00eda, se especializ\u00f3 en Epistemolog\u00eda y Teor\u00eda del Conocimiento, lo que lo llev\u00f3 a investigar en el modo que se adquiere y codifica la informaci\u00f3n sensorial. Con esta idea realiz\u00f3 su Doctorado en el Departamento de Luminotecnia de la Facultad de Ciencias Exactas y Tecnolog\u00eda de la UNT (2010) en el tema de la percepci\u00f3n del movimiento, captado y procesado por el sistema visual humano. A partir de sus estudios doctorales y luego de su ingreso a la carrera del Investigador en el CONICET (2012), se interes\u00f3 en estudiar la percepci\u00f3n del color junto a la metodolog\u00eda psicof\u00edsica y estad\u00edstica necesarias para su abordaje cient\u00edfico. Como resultado de ello dict\u00f3 varios cursos de posgrado, algunos de los cuales se realizan de manera peri\u00f3dica. Entre ellos se destacan:\u00a0 Programaci\u00f3n de est\u00edmulos visuales utilizando la herramienta Psychtoolbox en el software Octave; Manejo de datos en R para su procesamiento estad\u00edstico; Introducci\u00f3n a los m\u00e9todos psicof\u00edsicos de cuantificaci\u00f3n de la respuesta perceptual humana y Colorimetr\u00eda.<\/span><\/p>\n<p><span style=\"font-weight: 400;\">Sus temas de investigaci\u00f3n se focalizan actualmente en la percepci\u00f3n del color, el uso de los modelos mixtos para modelar los datos psicof\u00edsicos y las aplicaciones de los conocimientos luminot\u00e9cnicos al crecimiento de plantas.<\/span><\/p>\n<p><span style=\"font-weight: 400;\">En relaci\u00f3n a sus actividades, se desempe\u00f1a como Investigador del CONICET en el Instituto de Luz Ambiente y Visi\u00f3n (ILAV &#8211; UNT &#8211; CONICET) y como profesor de Ingenier\u00eda y Sociedad en la UTN &#8211; Facultad Regional Tucum\u00e1n. Tambi\u00e9n desempe\u00f1a tareas de gesti\u00f3n como Vicedirector de la Especializaci\u00f3n en Medio Ambiente Visual e Iluminaci\u00f3n Eficiente (MAVILE), Secretario Acad\u00e9mico del Doctorado en Ciencias y Tecnolog\u00edas de la Luz y como Jefe del \u00e1rea Cultura e Idiomas del departamento de Ciencias B\u00e1sicas en la UTN.<\/span><\/p>\n<p><a href=\"https:\/\/www.facet.unt.edu.ar\/luminotecnia\/wp-content\/uploads\/sites\/15\/2022\/03\/email.png\"><img decoding=\"async\" loading=\"lazy\" class=\"alignnone wp-image-2415\" src=\"https:\/\/www.facet.unt.edu.ar\/luminotecnia\/wp-content\/uploads\/sites\/15\/2022\/03\/email.png\" alt=\"\" width=\"25\" height=\"25\" \/><\/a><\/p>\n<p><strong>amartin@herrera.unt.edu.ar<\/strong><\/p>\n","protected":false},"excerpt":{"rendered":"<p>Egresado de la Facultad de Filosof\u00eda y Letras de la UNT como Licenciado en Filosof\u00eda, se especializ\u00f3 en Epistemolog\u00eda y Teor\u00eda del Conocimiento, lo que lo llev\u00f3 a investigar en el modo que se adquiere y codifica la informaci\u00f3n sensorial. Con esta idea realiz\u00f3 su Doctorado en el Departamento de Luminotecnia de la Facultad de [&hellip;]<\/p>\n","protected":false},"author":123476,"featured_media":0,"parent":0,"menu_order":0,"comment_status":"closed","ping_status":"closed","template":"templates\/template-full.php","meta":[],"_links":{"self":[{"href":"https:\/\/www.facet.unt.edu.ar\/luminotecnia\/wp-json\/wp\/v2\/pages\/2442"}],"collection":[{"href":"https:\/\/www.facet.unt.edu.ar\/luminotecnia\/wp-json\/wp\/v2\/pages"}],"about":[{"href":"https:\/\/www.facet.unt.edu.ar\/luminotecnia\/wp-json\/wp\/v2\/types\/page"}],"author":[{"embeddable":true,"href":"https:\/\/www.facet.unt.edu.ar\/luminotecnia\/wp-json\/wp\/v2\/users\/123476"}],"replies":[{"embeddable":true,"href":"https:\/\/www.facet.unt.edu.ar\/luminotecnia\/wp-json\/wp\/v2\/comments?post=2442"}],"version-history":[{"count":2,"href":"https:\/\/www.facet.unt.edu.ar\/luminotecnia\/wp-json\/wp\/v2\/pages\/2442\/revisions"}],"predecessor-version":[{"id":2691,"href":"https:\/\/www.facet.unt.edu.ar\/luminotecnia\/wp-json\/wp\/v2\/pages\/2442\/revisions\/2691"}],"wp:attachment":[{"href":"https:\/\/www.facet.unt.edu.ar\/luminotecnia\/wp-json\/wp\/v2\/media?parent=2442"}],"curies":[{"name":"wp","href":"https:\/\/api.w.org\/{rel}","templated":true}]}}