{"id":2546,"date":"2022-03-28T10:30:23","date_gmt":"2022-03-28T13:30:23","guid":{"rendered":"https:\/\/www.facet.unt.edu.ar\/luminotecnia\/?page_id=2546"},"modified":"2025-03-25T10:11:25","modified_gmt":"2025-03-25T13:11:25","slug":"dra-maria-victoria-longhini","status":"publish","type":"page","link":"https:\/\/www.facet.unt.edu.ar\/luminotecnia\/dra-maria-victoria-longhini\/","title":{"rendered":"Dra. Mar\u00eda Victoria Longhini"},"content":{"rendered":"<p><span style=\"font-weight: 400;\"><a href=\"https:\/\/www.facet.unt.edu.ar\/luminotecnia\/wp-content\/uploads\/sites\/15\/2022\/03\/29-V.-Longhini.jpg\"><img decoding=\"async\" loading=\"lazy\" class=\"wp-image-2543 alignleft\" src=\"https:\/\/www.facet.unt.edu.ar\/luminotecnia\/wp-content\/uploads\/sites\/15\/2022\/03\/29-V.-Longhini.jpg\" alt=\"\" width=\"150\" height=\"179\" \/><\/a><\/span><\/p>\n<p><span style=\"font-weight: 400;\">Arquitecta, Doctora en Medio Ambiente Visual e Iluminaci\u00f3n Eficiente. Ha finalizado la beca Pos Doctoral CONICET Argentina DLLyV ILAV FACET UNT. Docente en la Facultad de Arquitectura y Urbanismo de la UNT en el \u00c1rea de T\u00e9cnicas Digitales y Laboratorio de Sistemas de Dise\u00f1o. Docente JTP en las C\u00e1tedras T\u00e9cnicas Digitales I y II; Acondicionamiento Artificial y Dise\u00f1o de Instalaciones DUAL. Electivas: Arquitectura Fractal; Eficiencia energ\u00e9tica de edificios; Taller BIM. Categor\u00eda V en el programa de Categorizaci\u00f3n del programa de Incentivos UNT (2014). Certificadora energ\u00e9tica de edificios por el Programa Nacional de Etiquetado de Viviendas (PRONEV) Etiquetado de Viviendas. Trabaj\u00f3 en el Departamento de Planificaci\u00f3n Urbana de la Municipalidad de San Miguel de Tucum\u00e1n. Recibi\u00f3 premios por el Taller Virtual Red de las Am\u00e9ricas otorgado por Ball State University en Texas USA. Participa de congresos, publicaciones e investigaci\u00f3n en el \u00e1rea de estudios urbanos \u2013 morfol\u00f3gicos \u2013 simulaci\u00f3n &#8211; iluminaci\u00f3n natural &#8211; eficiencia energ\u00e9tica &#8211; radiaci\u00f3n solar y su aprovechamiento &#8211; patrimonio urbano. Uso y manejo de software para modelado digital y param\u00e9trico con c\u00e1lculo de radiaci\u00f3n solar en estudios de entornos urbanos. Cursa Maestr\u00eda en Docencia Universitaria por la UBA enfoc\u00e1ndose en la incorporaci\u00f3n de las <\/span><i><span style=\"font-weight: 400;\">IA<\/span><\/i><span style=\"font-weight: 400;\"> Inteligencias artificiales a la ense\u00f1anza del proyecto arquitect\u00f3nico. Realiz\u00f3 la Diplomatura de Estrategias y recursos para ense\u00f1ar y aprender en la virtualidad de la UNT.\u00a0<\/span><\/p>\n<p>&nbsp;<\/p>\n<p><b><a href=\"https:\/\/www.facet.unt.edu.ar\/luminotecnia\/wp-content\/uploads\/sites\/15\/2022\/03\/email.png\"><img decoding=\"async\" loading=\"lazy\" class=\"alignnone wp-image-2415\" src=\"https:\/\/www.facet.unt.edu.ar\/luminotecnia\/wp-content\/uploads\/sites\/15\/2022\/03\/email.png\" alt=\"\" width=\"25\" height=\"25\" \/><\/a> \u00a0<\/b><b>vlonghini@herrera.unt.edu.ar<\/b><\/p>\n<p><a href=\"https:\/\/orcid.org\/0000-0002-8452-0673\">https:\/\/orcid.org\/0000-0002-8452-0673<\/a><\/p>\n<p>&nbsp;<\/p>\n<p><b>PUBLICACIONES<\/b><\/p>\n<p><span style=\"font-weight: 400;\">2025 &#8211; <\/span><span style=\"font-weight: 400;\">LONGHINI, EGUREN, SANCHEZ, AJMAT \u201cLuces y sombras en la intervenci\u00f3n del tejido patrimonial urbano. Simulaciones hacia una planificaci\u00f3n energ\u00e9tica y ambientalmente responsable en Mar del Plata\u201d. Parte de Libro, reedici\u00f3n en HABITAR EL PAISAJE. Exploraciones m\u00faltiples al territorio desde Am\u00e9rica Latina Memorias de la revista Dise\u00f1o Urbano y Paisaje (2014-2023). En prensa.\u00a0<\/span><\/p>\n<p><span style=\"font-weight: 400;\">2023 &#8211; LONGHINI, EGUREN, SANCHEZ, AJMAT. \u201cEl paisaje patrimonial y la luz natural: simulaciones para repensar intervenciones apropiadas en Mar del Plata\u201d ha sido aceptado por el Comit\u00e9 Editorial para su publicaci\u00f3n en CUADERNO URBANO, ISSN: 1666\u20136186 \/ E-ISSN: 1853\u20133655. DOI: <\/span><a href=\"http:\/\/dx.doi.org\/10.30972\/crn.34346554\"><span style=\"font-weight: 400;\">http:\/\/dx.doi.org\/10.30972\/crn.34346554<\/span><\/a><span style=\"font-weight: 400;\">.<\/span><\/p>\n<p><span style=\"font-weight: 400;\">2022 &#8211; AJMAT RAUL F; LONGHINI MARIA VICTORIA; SANCHEZ LORENA; EUGUREN MARIA. Desarrollo urbano y efectos ambientales en el patrimonio arquitect\u00f3nico, Congreso Iberoamericano Patrimonio Sostenible CIPADS2022. UNIVERSIDAD CAT\u00d3LICA DE LA PLATA, REP\u00daBLICA ARGENTINA. ICOMOS, UNESCO, UCA-La Plata, MONDIACULT 2022. <\/span><a href=\"https:\/\/www.ucalp.edu.ar\/wp-content\/uploads\/2022\/08\/CIPADS-2022-Programa-tentativo-Expositores-2022-09-04.pdf\"><span style=\"font-weight: 400;\">https:\/\/www.ucalp.edu.ar\/wp-content\/uploads\/2022\/08\/CIPADS-2022-Programa-tentativo-Expositores-2022-09-04.pdf<\/span><\/a><span style=\"font-weight: 400;\">\u00a0<\/span><\/p>\n<p><span style=\"font-weight: 400;\">2021 &#8211; MARIA VICTORIA LONGHINI; RAUL FERNANDO AJMAT. Nuevo indicador de sostenibilidad ambiental urbana FACULTAD DE ARQUITECTURA Y DISE\u00d1O UNIVERSIDAD AUT\u00d3NOMA DEL ESTADO DE MEXICO ISSN: 2007-3615 &#8211; e-ISSN: 2448-749X &#8211; LEGADO ARQUITECTURA Y DISE\u00d1O<\/span><a href=\"https:\/\/doi.org\/10.36677\/legado.v15i28.14158\"> <span style=\"font-weight: 400;\">https:\/\/doi.org\/10.36677\/legado.v15i28.14158<\/span><\/a><span style=\"font-weight: 400;\">\u00a0<\/span><\/p>\n<p><span style=\"font-weight: 400;\">2021 &#8211; LONGHINI, EGUREN, SANCHEZ, AJMAT \u201cLuces y sombras en la intervenci\u00f3n del tejido patrimonial urbano. Simulaciones hacia una planificaci\u00f3n energ\u00e9tica y ambientalmente responsable en Mar del Plata\u201d. Centro de Estudios arquitect\u00f3nicos, Urban\u00edsticos y del Paisaje CEAUP, perteneciente a la Facultad de Arquitectura Urbanismo y Paisaje e-ISSN: 0717-9758 &#8211; DU&amp;P REVISTA DE DISE\u00d1O URBANO Y PAISAJE<\/span><a href=\"http:\/\/dup.ucentral.cl\/index.htm\"> <span style=\"font-weight: 400;\">http:\/\/dup.ucentral.cl\/index.htm<\/span><\/a><span style=\"font-weight: 400;\">\u00a0<\/span><\/p>\n<p><span style=\"font-weight: 400;\">2020 &#8211; MARIA VICTORIA LONGHINI; RAUL FERNANDO AJMAT. PROPUESTA DE UNA METODOLOG\u00cdA APLICADA AL ESTUDIO DE SIMULACI\u00d3N URBANA-SOLAR COMO HERRAMIENTA DE DISE\u00d1O. ARQUISUR.SANTA FE: Facultad de Arquitectura, Dise\u00f1o y Urbanismo. UNL Ciudad Universitaria S3001XAI- Santa Fe, Argentina. 2020 vol. n\u00b017. p &#8211; . Issn 2250-4206. \u00a0 <\/span><a href=\"http:\/\/dx.doi.org\/10.14409\/ar.v10i17.8899\"><span style=\"font-weight: 400;\">http:\/\/dx.doi.org\/10.14409\/ar.v10i17.8899<\/span><\/a><span style=\"font-weight: 400;\">\u00a0<\/span><\/p>\n<p><span style=\"font-weight: 400;\">2020 &#8211; MARIA VICTORIA LONGHINI; RAUL FERNANDO AJMAT. LA SIMULACI\u00d3N COMO HERRAMIENTA DE DISE\u00d1O URBANO. ASPECTOS ENERG\u00c9TICO-AMBIENTALES. <\/span><span style=\"font-weight: 400;\">AyC. TUCUMAN: REVISTA AyC. 2020 vol. n\u00b0409. p &#8211; . Issn 1667-1473.\u00a0<\/span><\/p>\n<p><span style=\"font-weight: 400;\">\u00a0<\/span><a href=\"https:\/\/aycrevista.com.ar\/noticias\/la-simulacion-como-herramienta-de-diseno-urbano-aspectos-energetico-ambientales\/\"><span style=\"font-weight: 400;\">https:\/\/aycrevista.com.ar\/noticias\/la-simulacion-como-herramienta-de-diseno-urbano-aspectos-energetico-ambientales\/<\/span><\/a><\/p>\n<p><span style=\"font-weight: 400;\">2019 &#8211; MARIA VICTORIA LONGHINI; RAUL FERNANDO AJMAT. LA SIMULACI\u00d3N URBANA COMO HERRAMIENTA DE DISE\u00d1O PARA EL APROVECHAMIENTO DE ENERG\u00cdA SOLAR COMO FUENTE DE LUZ Y CALOR. LUMINOTECNIA.CABA: EDITORES S.R.L. 2019 vol.1 n\u00b0147. P10 &#8211; 15. Issn 0325-2558. Edici\u00f3n en papel.<\/span><\/p>\n","protected":false},"excerpt":{"rendered":"<p>Arquitecta, Doctora en Medio Ambiente Visual e Iluminaci\u00f3n Eficiente. Ha finalizado la beca Pos Doctoral CONICET Argentina DLLyV ILAV FACET UNT. Docente en la Facultad de Arquitectura y Urbanismo de la UNT en el \u00c1rea de T\u00e9cnicas Digitales y Laboratorio de Sistemas de Dise\u00f1o. Docente JTP en las C\u00e1tedras T\u00e9cnicas Digitales I y II; Acondicionamiento [&hellip;]<\/p>\n","protected":false},"author":24,"featured_media":0,"parent":0,"menu_order":0,"comment_status":"closed","ping_status":"closed","template":"templates\/template-full.php","meta":[],"_links":{"self":[{"href":"https:\/\/www.facet.unt.edu.ar\/luminotecnia\/wp-json\/wp\/v2\/pages\/2546"}],"collection":[{"href":"https:\/\/www.facet.unt.edu.ar\/luminotecnia\/wp-json\/wp\/v2\/pages"}],"about":[{"href":"https:\/\/www.facet.unt.edu.ar\/luminotecnia\/wp-json\/wp\/v2\/types\/page"}],"author":[{"embeddable":true,"href":"https:\/\/www.facet.unt.edu.ar\/luminotecnia\/wp-json\/wp\/v2\/users\/24"}],"replies":[{"embeddable":true,"href":"https:\/\/www.facet.unt.edu.ar\/luminotecnia\/wp-json\/wp\/v2\/comments?post=2546"}],"version-history":[{"count":5,"href":"https:\/\/www.facet.unt.edu.ar\/luminotecnia\/wp-json\/wp\/v2\/pages\/2546\/revisions"}],"predecessor-version":[{"id":3301,"href":"https:\/\/www.facet.unt.edu.ar\/luminotecnia\/wp-json\/wp\/v2\/pages\/2546\/revisions\/3301"}],"wp:attachment":[{"href":"https:\/\/www.facet.unt.edu.ar\/luminotecnia\/wp-json\/wp\/v2\/media?parent=2546"}],"curies":[{"name":"wp","href":"https:\/\/api.w.org\/{rel}","templated":true}]}}