{"id":64,"date":"2014-09-23T11:34:07","date_gmt":"2014-09-23T14:34:07","guid":{"rendered":"https:\/\/www.facet.unt.edu.ar\/dllyv\/home\/"},"modified":"2026-03-12T14:31:56","modified_gmt":"2026-03-12T17:31:56","slug":"home","status":"publish","type":"page","link":"https:\/\/www.facet.unt.edu.ar\/luminotecnia\/","title":{"rendered":"Home"},"content":{"rendered":"<div id=\"pl-64\"  class=\"panel-layout\" ><div id=\"pg-64-0\"  class=\"panel-grid panel-no-style\" ><div id=\"pgc-64-0-0\"  class=\"panel-grid-cell\" ><div id=\"panel-64-0-0-0\" class=\"so-panel widget widget_circleicon-widget panel-first-child panel-last-child\" data-index=\"0\" >\t\t<div class=\"circle-icon-box circle-icon-position-top circle-icon-hide-box circle-icon-size-small\">\n\t\t\t<div class=\"circle-icon-wrapper\">\n\t\t\t\t<a href=\"https:\/\/www.facet.unt.edu.ar\/luminotecnia\/oferta-academica\/\" class=\"link-icon\" >\t\t\t\t<div class=\"circle-icon\" >\n\t\t\t\t\t<div class=\"fa fa-book\" ><\/div>\t\t\t\t<\/div>\n\t\t\t\t<\/a>\t\t\t<\/div>\n\n\t\t\t<a href=\"https:\/\/www.facet.unt.edu.ar\/luminotecnia\/oferta-academica\/\" class=\"link-title\" >\t\t\t<h4 >Oferta Acad\u00e9mica<\/h4>\t\t\t<\/a>\n\t\t\t<p class=\"text\" >En Luminotecnia encontrar\u00e1s carreras de grado y posgrado. Te invitamos a conocer, especializarte e investigar el mundo de la Luz<\/p>\t\t\t\t\t\t\t<a href=\"https:\/\/www.facet.unt.edu.ar\/luminotecnia\/oferta-academica\/\" class=\"more-button\" >Conoce m\u00e1s <i><\/i><\/a>\n\t\t\t\t\t<\/div>\n\t\t<\/div><\/div><div id=\"pgc-64-0-1\"  class=\"panel-grid-cell\" ><div id=\"panel-64-0-1-0\" class=\"so-panel widget widget_circleicon-widget panel-first-child panel-last-child\" data-index=\"1\" >\t\t<div class=\"circle-icon-box circle-icon-position-top circle-icon-hide-box circle-icon-size-small\">\n\t\t\t<div class=\"circle-icon-wrapper\">\n\t\t\t\t<a href=\"https:\/\/www.facet.unt.edu.ar\/luminotecnia\/investigacion\/\" class=\"link-icon\" >\t\t\t\t<div class=\"circle-icon\" >\n\t\t\t\t\t<div class=\"fa fa-calculator\" ><\/div>\t\t\t\t<\/div>\n\t\t\t\t<\/a>\t\t\t<\/div>\n\n\t\t\t<a href=\"https:\/\/www.facet.unt.edu.ar\/luminotecnia\/investigacion\/\" class=\"link-title\" >\t\t\t<h4 >Investigaci\u00f3n<\/h4>\t\t\t<\/a>\n\t\t\t<p class=\"text\" >El DLLyV tiene una larga trayectoria en Investigaci\u00f3n que se ha potenciado con la creaci\u00f3n del Instituto de Investigaci\u00f3n en Luz Ambiente y Visi\u00f3n (UNT-CONICET)<\/p>\t\t\t\t\t\t\t<a href=\"https:\/\/www.facet.unt.edu.ar\/luminotecnia\/investigacion\/\" class=\"more-button\" >Conoce m\u00e1s <i><\/i><\/a>\n\t\t\t\t\t<\/div>\n\t\t<\/div><\/div><div id=\"pgc-64-0-2\"  class=\"panel-grid-cell\" ><div id=\"panel-64-0-2-0\" class=\"so-panel widget widget_circleicon-widget panel-first-child panel-last-child\" data-index=\"2\" >\t\t<div class=\"circle-icon-box circle-icon-position-top circle-icon-hide-box circle-icon-size-small\">\n\t\t\t<div class=\"circle-icon-wrapper\">\n\t\t\t\t<a href=\"https:\/\/www.facet.unt.edu.ar\/luminotecnia\/servicios\/\" class=\"link-icon\" >\t\t\t\t<div class=\"circle-icon\" >\n\t\t\t\t\t<div class=\"fa fa-lightbulb-o\" ><\/div>\t\t\t\t<\/div>\n\t\t\t\t<\/a>\t\t\t<\/div>\n\n\t\t\t<a href=\"https:\/\/www.facet.unt.edu.ar\/luminotecnia\/servicios\/\" class=\"link-title\" >\t\t\t<h4 >Servicios a empresas<\/h4>\t\t\t<\/a>\n\t\t\t<p class=\"text\" >Nuestros laboratorios brindan servicios de ensayos de luminarias a empresas de todo el mundo<\/p>\t\t\t\t\t\t\t<a href=\"https:\/\/www.facet.unt.edu.ar\/luminotecnia\/servicios\/\" class=\"more-button\" >Conoce m\u00e1s <i><\/i><\/a>\n\t\t\t\t\t<\/div>\n\t\t<\/div><\/div><div id=\"pgc-64-0-3\"  class=\"panel-grid-cell\" ><div id=\"panel-64-0-3-0\" class=\"so-panel widget widget_circleicon-widget panel-first-child panel-last-child\" data-index=\"3\" >\t\t<div class=\"circle-icon-box circle-icon-position-top circle-icon-hide-box circle-icon-size-small\">\n\t\t\t<div class=\"circle-icon-wrapper\">\n\t\t\t\t<a href=\"https:\/\/www.facet.unt.edu.ar\/luminotecnia\/quienes-somos\/\" class=\"link-icon\" >\t\t\t\t<div class=\"circle-icon\" >\n\t\t\t\t\t<div class=\"fa fa-users\" ><\/div>\t\t\t\t<\/div>\n\t\t\t\t<\/a>\t\t\t<\/div>\n\n\t\t\t<a href=\"https:\/\/www.facet.unt.edu.ar\/luminotecnia\/quienes-somos\/\" class=\"link-title\" >\t\t\t<h4 >Qui\u00e9nes Somos<\/h4>\t\t\t<\/a>\n\t\t\t<p class=\"text\" >Somos un departamento de doble dependencia: UNT-CONICET, donde trabajamos docentes e investigadores de ambas instituciones<\/p>\t\t\t\t\t\t\t<a href=\"https:\/\/www.facet.unt.edu.ar\/luminotecnia\/quienes-somos\/\" class=\"more-button\" >Conoce m\u00e1s <i><\/i><\/a>\n\t\t\t\t\t<\/div>\n\t\t<\/div><\/div><\/div><div id=\"pg-64-1\"  class=\"panel-grid panel-has-style\" ><div class=\"siteorigin-panels-stretch panel-row-style-full-width panel-row-style panel-row-style-for-64-1\" data-stretch-type=\"full\" ><div id=\"pgc-64-1-0\"  class=\"panel-grid-cell\" ><div id=\"panel-64-1-0-0\" class=\"so-panel widget widget_black-studio-tinymce widget_black_studio_tinymce panel-first-child panel-last-child\" data-index=\"4\" ><div class=\"panel-widget-style panel-widget-style-for-64-1-0-0\" ><h3 class=\"widget-title\">Noticias<\/h3><div class=\"textwidget\"><img class=\"x6s0dn4 x78zum5 x5yr21d xl56j7k x6ikm8r x10wlt62 x1n2onr6 xh8yej3 xhtitgo _ao3e\" tabindex=\"0\" draggable=\"true\" src=\"blob:https:\/\/web.whatsapp.com\/92129bbe-2e5f-4fa1-9308-a3a5ea794e5c\" alt=\"\" crossorigin=\"anonymous\" \/><a href=\"https:\/\/www.facet.unt.edu.ar\/luminotecnia\/2026\/03\/12\/investigadora-de-la-universidad-de-valladolid-realizo-una-estancia-academica-en-el-dllyv-ilav\/\"><img class=\"alignnone wp-image-3628\" src=\"https:\/\/www.facet.unt.edu.ar\/luminotecnia\/wp-content\/uploads\/sites\/15\/2026\/03\/Portada.jpg\" alt=\"\" width=\"610\" height=\"763\" \/><\/a><\/div><\/div><\/div><\/div><div id=\"pgc-64-1-1\"  class=\"panel-grid-cell\" ><div id=\"panel-64-1-1-0\" class=\"so-panel widget widget_black-studio-tinymce widget_black_studio_tinymce panel-first-child panel-last-child\" data-index=\"5\" ><div class=\"panel-widget-style panel-widget-style-for-64-1-1-0\" ><div class=\"textwidget\"><div id=\"related-links\">\n    <h3>Otros Si\u00adtios de In\u00adte\u00adr\u00e9s<\/h3>\n    <div class=\"links-container\">\n        <ul>\n            <li><a target=\"_blank\" href=\"http:\/\/www.conicet.gov.ar\/\">Co\u00adni\u00adcet Na\u00adcio\u00adnal<\/a><\/li>\n            <li><a target=\"_blank\" href=\"http:\/\/www.tucuman-conicet.gov.ar\/\">Co\u00adni\u00adcet Tu\u00adcu\u00adm\u00e1n<\/a><\/li>\n            <li><a target=\"_blank\" href=\"http:\/\/www.unt.edu.ar\/\">Uni\u00adver\u00adsi\u00addad Na\u00adcio\u00adnal de Tu\u00adcu\u00adm\u00e1n<\/a><\/li>\n            <li><a target=\"_blank\" href=\"https:\/\/www.facet.unt.edu.ar\/\">Fa\u00adcul\u00adtad de Cien\u00adcias Exac\u00adtas y Tec\u00adno\u00adlo\u00adg\u00eda<\/a>\n            <li><a target=\"_blank\" href=\"https:\/\/www.facebook.com\/disenadordeiluminacion\/\">Dise\u00f1ador de Iluminaci\u00f3n (Facebook)<\/a>\n            <li><a target=\"_blank\" href=\"http:\/\/www.aadl.com.ar\/\">Aso\u00adcia\u00adci\u00f3n Ar\u00adgen\u00adti\u00adna de Lu\u00admi\u00adno\u00adtec\u00adnia<\/a><\/li>\n<\/li>\n        <\/ul>\n    <\/div>\n<\/div><\/div><\/div><\/div><\/div><\/div><\/div><\/div>","protected":false},"excerpt":{"rendered":"<p>Otros Si\u00adtios de In\u00adte\u00adr\u00e9s Co\u00adni\u00adcet Na\u00adcio\u00adnal Co\u00adni\u00adcet Tu\u00adcu\u00adm\u00e1n Uni\u00adver\u00adsi\u00addad Na\u00adcio\u00adnal de Tu\u00adcu\u00adm\u00e1n Fa\u00adcul\u00adtad de Cien\u00adcias Exac\u00adtas y Tec\u00adno\u00adlo\u00adg\u00eda Dise\u00f1ador de Iluminaci\u00f3n (Facebook) Aso\u00adcia\u00adci\u00f3n Ar\u00adgen\u00adti\u00adna de Lu\u00admi\u00adno\u00adtec\u00adnia<\/p>\n","protected":false},"author":1,"featured_media":0,"parent":0,"menu_order":0,"comment_status":"closed","ping_status":"closed","template":"home-panels.php","meta":[],"_links":{"self":[{"href":"https:\/\/www.facet.unt.edu.ar\/luminotecnia\/wp-json\/wp\/v2\/pages\/64"}],"collection":[{"href":"https:\/\/www.facet.unt.edu.ar\/luminotecnia\/wp-json\/wp\/v2\/pages"}],"about":[{"href":"https:\/\/www.facet.unt.edu.ar\/luminotecnia\/wp-json\/wp\/v2\/types\/page"}],"author":[{"embeddable":true,"href":"https:\/\/www.facet.unt.edu.ar\/luminotecnia\/wp-json\/wp\/v2\/users\/1"}],"replies":[{"embeddable":true,"href":"https:\/\/www.facet.unt.edu.ar\/luminotecnia\/wp-json\/wp\/v2\/comments?post=64"}],"version-history":[{"count":110,"href":"https:\/\/www.facet.unt.edu.ar\/luminotecnia\/wp-json\/wp\/v2\/pages\/64\/revisions"}],"predecessor-version":[{"id":3632,"href":"https:\/\/www.facet.unt.edu.ar\/luminotecnia\/wp-json\/wp\/v2\/pages\/64\/revisions\/3632"}],"wp:attachment":[{"href":"https:\/\/www.facet.unt.edu.ar\/luminotecnia\/wp-json\/wp\/v2\/media?parent=64"}],"curies":[{"name":"wp","href":"https:\/\/api.w.org\/{rel}","templated":true}]}}