{"id":93,"date":"2016-05-05T22:08:43","date_gmt":"2016-05-06T01:08:43","guid":{"rendered":"https:\/\/www.facet.unt.edu.ar\/lvc\/?page_id=93"},"modified":"2016-06-03T00:22:44","modified_gmt":"2016-06-03T03:22:44","slug":"extension","status":"publish","type":"page","link":"https:\/\/www.facet.unt.edu.ar\/lvc\/extension\/","title":{"rendered":"Extensi\u00f3n"},"content":{"rendered":"<p>El Laboratorio brinda diferentes servicios a la comunidad universitaria y a la comunidad en general<\/p>\n<ul>\n<li><strong>Ensayos de Suelos:<\/strong>\n<ul>\n<li>Granulometr\u00eda de Suelos<\/li>\n<li>L\u00edmites de Atterberg (constantes f\u00edsicas del suelo: L\u00edmite L\u00edquido, L\u00edmite Pl\u00e1stico, Indice de Plasticidad, etc.)<\/li>\n<li>Clasificaci\u00f3n de Suelos<\/li>\n<li>Ensayos Proctor (T-180 y T-99)<\/li>\n<li>Resistencia a la Compresi\u00f3n<\/li>\n<li>An\u00e1lisis qu\u00edmicos<\/li>\n<li>Peso espec\u00edfico y densidad<\/li>\n<li>Permeabilidad<\/li>\n<li>Sedimentaci\u00f3n<\/li>\n<li>Permeabilidad<\/li>\n<li>Calidad de agregados para Subbase, Base y Carpetas<\/li>\n<li>Abrasi\u00f3n (desgaste Los Angeles)<\/li>\n<\/ul>\n<\/li>\n<\/ul>\n<p>&nbsp;<\/p>\n<ul>\n<li><strong>Ensayos de Materiales Asf\u00e1lticos:<\/strong>\n<ul>\n<li>Penetraci\u00f3n<\/li>\n<li>Ductilidad<\/li>\n<li>Alargamiento<\/li>\n<li>Oliensis<\/li>\n<li>Durabilidad<\/li>\n<li>Destilaci\u00f3n<\/li>\n<li>Viscosidad<\/li>\n<li>Adherencia<\/li>\n<li>Punto de Ablandamiento<\/li>\n<li>Ensayo Marshall (pr\u00f3ximamente)<\/li>\n<\/ul>\n<\/li>\n<\/ul>\n<p>&nbsp;<\/p>\n<ul>\n<li><strong>Determinaci\u00f3n de paquetes estructurales:<\/strong>\n<ul>\n<li>Suelo-Cal\n<ul>\n<li>Determinaci\u00f3n del porcentaje \u00f3ptimo de dise\u00f1o<\/li>\n<li>Cal \u00fatil vial<\/li>\n<li>Resistencia a la Compresi\u00f3n<\/li>\n<\/ul>\n<\/li>\n<li>Suelo-Cemento\n<ul>\n<li>Determinaci\u00f3n del porcentaje \u00f3ptimo de dise\u00f1o<\/li>\n<li>Resistencia a la Compresi\u00f3n<\/li>\n<\/ul>\n<\/li>\n<\/ul>\n<\/li>\n<\/ul>\n","protected":false},"excerpt":{"rendered":"<p>El Laboratorio brinda diferentes servicios a la comunidad universitaria y a la comunidad en general Ensayos de Suelos: Granulometr\u00eda de Suelos L\u00edmites de Atterberg (constantes f\u00edsicas del suelo: L\u00edmite L\u00edquido, L\u00edmite Pl\u00e1stico, Indice de Plasticidad, etc.) Clasificaci\u00f3n de Suelos Ensayos Proctor (T-180 y T-99) Resistencia a la Compresi\u00f3n An\u00e1lisis qu\u00edmicos Peso espec\u00edfico y densidad Permeabilidad [&hellip;]<\/p>\n","protected":false},"author":20,"featured_media":0,"parent":0,"menu_order":5,"comment_status":"closed","ping_status":"closed","template":"templates\/template-full.php","meta":[],"_links":{"self":[{"href":"https:\/\/www.facet.unt.edu.ar\/lvc\/wp-json\/wp\/v2\/pages\/93"}],"collection":[{"href":"https:\/\/www.facet.unt.edu.ar\/lvc\/wp-json\/wp\/v2\/pages"}],"about":[{"href":"https:\/\/www.facet.unt.edu.ar\/lvc\/wp-json\/wp\/v2\/types\/page"}],"author":[{"embeddable":true,"href":"https:\/\/www.facet.unt.edu.ar\/lvc\/wp-json\/wp\/v2\/users\/20"}],"replies":[{"embeddable":true,"href":"https:\/\/www.facet.unt.edu.ar\/lvc\/wp-json\/wp\/v2\/comments?post=93"}],"version-history":[{"count":2,"href":"https:\/\/www.facet.unt.edu.ar\/lvc\/wp-json\/wp\/v2\/pages\/93\/revisions"}],"predecessor-version":[{"id":122,"href":"https:\/\/www.facet.unt.edu.ar\/lvc\/wp-json\/wp\/v2\/pages\/93\/revisions\/122"}],"wp:attachment":[{"href":"https:\/\/www.facet.unt.edu.ar\/lvc\/wp-json\/wp\/v2\/media?parent=93"}],"curies":[{"name":"wp","href":"https:\/\/api.w.org\/{rel}","templated":true}]}}