{"id":163,"date":"2021-11-06T21:27:21","date_gmt":"2021-11-06T21:27:21","guid":{"rendered":"https:\/\/www.facet.unt.edu.ar\/maestriaelectronica\/?page_id=163"},"modified":"2021-11-07T03:36:46","modified_gmt":"2021-11-07T03:36:46","slug":"aulas-virtuales","status":"publish","type":"page","link":"https:\/\/www.facet.unt.edu.ar\/maestriaelectronica\/aulas-virtuales\/","title":{"rendered":"Aulas virtuales"},"content":{"rendered":"<ol>\n<li><a href=\"https:\/\/facetvirtual.facet.unt.edu.ar\/course\/view.php?id=548\">ARQUITECTURAS AVANZADAS DE COMPUTADORAS<\/a><\/li>\n<li><a href=\"https:\/\/facetvirtual.facet.unt.edu.ar\/course\/view.php?id=549\">INTERFACES DE COMUNICACI\u00d3N<\/a><\/li>\n<li><a href=\"https:\/\/facetvirtual.facet.unt.edu.ar\/course\/view.php?id=550\">COMPATIBILIDAD ELECTROMAGN\u00c9TICA<\/a><\/li>\n<li><a href=\"https:\/\/facetvirtual.facet.unt.edu.ar\/course\/view.php?id=551\">VERIFICACION y VALIDACION DE SOFTWARE<\/a><\/li>\n<li><a href=\"https:\/\/facetvirtual.facet.unt.edu.ar\/course\/view.php?id=552\">DISE\u00d1O DIGITAL AVANZADO<\/a><\/li>\n<li><a href=\"https:\/\/facetvirtual.facet.unt.edu.ar\/course\/view.php?id=553\">DIRECCI\u00d3N DE PROYECTOS TECNOL\u00d3GICOS<\/a><\/li>\n<li><a href=\"https:\/\/facetvirtual.facet.unt.edu.ar\/course\/view.php?id=554\">REFLEXIONES SOBRE TECNOLOG\u00cdA<\/a><\/li>\n<li><a href=\"https:\/\/facetvirtual.facet.unt.edu.ar\/course\/view.php?id=555\">SISTEMAS DE CONTROL AVANZADO<\/a><\/li>\n<li><a href=\"https:\/\/facetvirtual.facet.unt.edu.ar\/course\/view.php?id=556\">INTELIGENCIA COMPUTACIONAL<\/a><\/li>\n<li><a href=\"https:\/\/facetvirtual.facet.unt.edu.ar\/course\/view.php?id=557\">LABORATORIO REMOTO DE AUTOMATIZACI\u00d3N y CONTROL<\/a><\/li>\n<li><a href=\"https:\/\/facetvirtual.facet.unt.edu.ar\/course\/view.php?id=558\">DISE\u00d1O DE SISTEMAS EN TIEMPO REAL<\/a><\/li>\n<li><a href=\"https:\/\/facetvirtual.facet.unt.edu.ar\/course\/view.php?id=556\">DISE\u00d1O DE ALTO NIVEL DE SISTEMAS DIGITALES<\/a><\/li>\n<li><a href=\"https:\/\/facetvirtual.facet.unt.edu.ar\/course\/view.php?id=560\">LABORATORIO REMOTO DE FPGA<\/a><\/li>\n<li><a href=\"https:\/\/facetvirtual.facet.unt.edu.ar\/course\/view.php?id=561\">SISTEMAS AVANZADOS DE TELECOMUNICACIONES<\/a><\/li>\n<li><a href=\"https:\/\/facetvirtual.facet.unt.edu.ar\/course\/view.php?id=562\">SISTEMAS DE SENSADO POR ONDAS DE RADIO<\/a><\/li>\n<li><a href=\"https:\/\/facetvirtual.facet.unt.edu.ar\/course\/view.php?id=563\">LABORATORIO REMOTO DE TELECOMUNICACIONES<\/a><\/li>\n<\/ol>\n","protected":false},"excerpt":{"rendered":"<p>ARQUITECTURAS AVANZADAS DE COMPUTADORAS INTERFACES DE COMUNICACI\u00d3N COMPATIBILIDAD ELECTROMAGN\u00c9TICA VERIFICACION y VALIDACION DE SOFTWARE DISE\u00d1O DIGITAL AVANZADO DIRECCI\u00d3N DE PROYECTOS TECNOL\u00d3GICOS REFLEXIONES SOBRE TECNOLOG\u00cdA SISTEMAS DE CONTROL AVANZADO INTELIGENCIA COMPUTACIONAL LABORATORIO REMOTO DE AUTOMATIZACI\u00d3N y CONTROL DISE\u00d1O DE SISTEMAS EN TIEMPO REAL DISE\u00d1O DE ALTO NIVEL DE SISTEMAS DIGITALES LABORATORIO REMOTO DE FPGA SISTEMAS AVANZADOS [&hellip;]<\/p>\n","protected":false},"author":101025,"featured_media":0,"parent":0,"menu_order":0,"comment_status":"closed","ping_status":"closed","template":"","meta":[],"_links":{"self":[{"href":"https:\/\/www.facet.unt.edu.ar\/maestriaelectronica\/wp-json\/wp\/v2\/pages\/163"}],"collection":[{"href":"https:\/\/www.facet.unt.edu.ar\/maestriaelectronica\/wp-json\/wp\/v2\/pages"}],"about":[{"href":"https:\/\/www.facet.unt.edu.ar\/maestriaelectronica\/wp-json\/wp\/v2\/types\/page"}],"author":[{"embeddable":true,"href":"https:\/\/www.facet.unt.edu.ar\/maestriaelectronica\/wp-json\/wp\/v2\/users\/101025"}],"replies":[{"embeddable":true,"href":"https:\/\/www.facet.unt.edu.ar\/maestriaelectronica\/wp-json\/wp\/v2\/comments?post=163"}],"version-history":[{"count":4,"href":"https:\/\/www.facet.unt.edu.ar\/maestriaelectronica\/wp-json\/wp\/v2\/pages\/163\/revisions"}],"predecessor-version":[{"id":189,"href":"https:\/\/www.facet.unt.edu.ar\/maestriaelectronica\/wp-json\/wp\/v2\/pages\/163\/revisions\/189"}],"wp:attachment":[{"href":"https:\/\/www.facet.unt.edu.ar\/maestriaelectronica\/wp-json\/wp\/v2\/media?parent=163"}],"curies":[{"name":"wp","href":"https:\/\/api.w.org\/{rel}","templated":true}]}}