{"id":27,"date":"2021-11-05T17:14:48","date_gmt":"2021-11-05T17:14:48","guid":{"rendered":"https:\/\/www.facet.unt.edu.ar\/maestriaelectronica\/?page_id=27"},"modified":"2021-11-18T00:58:44","modified_gmt":"2021-11-18T00:58:44","slug":"plan-de-estudios","status":"publish","type":"page","link":"https:\/\/www.facet.unt.edu.ar\/maestriaelectronica\/plan-de-estudios\/","title":{"rendered":"Plan de estudios"},"content":{"rendered":"<table class=\"default\">\n<tbody>\n<tr>\n<th colspan=\"7\">TRAYECTO COMUN<\/th>\n<\/tr>\n<tr>\n<th scope=\"row\">N\u00b0<\/th>\n<th>Asignatura<\/th>\n<th>R\u00e9gimen<\/th>\n<th>Carga horaria semanal<\/th>\n<th>Carga horaria total<\/th>\n<\/tr>\n<tr>\n<th>1<\/th>\n<td><a href=\"https:\/\/www.facet.unt.edu.ar\/maestriaelectronica\/arquitecturas-avanzadas-de-computadoras\/\">ARQUITECTURAS AVANZADAS DE COMPUTADORAS<\/a><\/td>\n<td>Bimestral<\/td>\n<td>6<\/td>\n<td>60<\/td>\n<\/tr>\n<tr>\n<th>2<\/th>\n<td><a href=\" https:\/\/www.facet.unt.edu.ar\/maestriaelectronica\/interfaces-de-comunicacion\/\">INTERFACES DE COMUNICACI\u00d3N<\/a><\/td>\n<td>Bimestral<\/td>\n<td>6<\/td>\n<td>60<\/td>\n<\/tr>\n<tr>\n<th>3<\/th>\n<td><a href=\" https:\/\/www.facet.unt.edu.ar\/maestriaelectronica\/compatibilidad-electromagnetica\/\"> COMPATIBILIDAD ELECTROMAGN\u00c9TICA <\/a><\/td>\n<td>Bimestral<\/td>\n<td>6<\/td>\n<td>60<\/td>\n<\/tr>\n<tr>\n<th>4<\/th>\n<td><a href=\" https:\/\/www.facet.unt.edu.ar\/maestriaelectronica\/315-2\/\"> VERIFICACION y VALIDACION DE SOFTWARE <\/a><\/td>\n<td>Bimestral<\/td>\n<td>6<\/td>\n<td>60<\/td>\n<\/tr>\n<tr>\n<th>5<\/th>\n<td><a href=\" https:\/\/www.facet.unt.edu.ar\/maestriaelectronica\/diseno-digital-avanzado\/\"> DISE\u00d1O DIGITAL AVANZADO <\/a><\/td>\n<td>Bimestral<\/td>\n<td>6<\/td>\n<td>60<\/td>\n<\/tr>\n<tr>\n<th>6<\/th>\n<td><a href=\" https:\/\/www.facet.unt.edu.ar\/maestriaelectronica\/direccion-de-proyectos-tecnologicos\/\"> DIRECCI\u00d3N DE PROYECTOS TECNOL\u00d3GICOS <\/a><\/td>\n<td>Bimestral<\/td>\n<td>6<\/td>\n<td>60<\/td>\n<\/tr>\n<tr>\n<th>7<\/th>\n<td><a href=\"https:\/\/www.facet.unt.edu.ar\/maestriaelectronica\/reflexiones-sobre-tecnologia\/\"> REFLEXIONES SOBRE TECNOLOG\u00cdA <\/a><\/td>\n<td>Bimestral<\/td>\n<td>5<\/td>\n<td>40<\/td>\n<\/tr>\n<tr>\n<th colspan=\"7\"><\/th>\n<\/tr>\n<tr>\n<th colspan=\"7\">ORIENTACION AUTOMATIZACION Y CONTROL<\/th>\n<\/tr>\n<tr>\n<th>8<\/th>\n<td><a href=\"https:\/\/www.facet.unt.edu.ar\/maestriaelectronica\/sistemas-de-control-avanzado\/\"> SISTEMAS DE CONTROL AVANZADO <\/a><\/td>\n<td>Bimestral<\/td>\n<td>6<\/td>\n<td>60<\/td>\n<\/tr>\n<tr>\n<th>9<\/th>\n<td><a href=\" https:\/\/www.facet.unt.edu.ar\/maestriaelectronica\/inteligencia-computacional\/ \"> INTELIGENCIA COMPUTACIONAL <\/a><\/td>\n<td>Bimestral<\/td>\n<td>6<\/td>\n<td>60<\/td>\n<\/tr>\n<tr>\n<th>10<\/th>\n<td><a href=\"https:\/\/www.facet.unt.edu.ar\/maestriaelectronica\/laboratorio-remoto-de-automatizacion-y-control\/ \"> LABORATORIO REMOTO DE AUTOMATIZACI\u00d3N y CONTROL<\/a><\/td>\n<td>Bimestral<\/td>\n<td>6<\/td>\n<td>60<\/td>\n<\/tr>\n<tr>\n<th colspan=\"7\"><\/th>\n<\/tr>\n<tr>\n<th colspan=\"7\">ORIENTACION SISTEMAS DIGITALES<\/th>\n<\/tr>\n<tr>\n<th>11<\/th>\n<td><a href=\" https:\/\/www.facet.unt.edu.ar\/maestriaelectronica\/diseno-de-sistemas-en-tiempo-real\/ \"> DISE\u00d1O DE SISTEMAS EN TIEMPO REAL <\/a><\/td>\n<td>Bimestral<\/td>\n<td>6<\/td>\n<td>60<\/td>\n<\/tr>\n<tr>\n<th>12<\/th>\n<td><a href=\" https:\/\/www.facet.unt.edu.ar\/maestriaelectronica\/diseno-de-alto-nivel-de-sistemas-digitales\/ \"> DISE\u00d1O DE ALTO NIVEL DE SISTEMAS DIGITALES <\/a><\/td>\n<td>Bimestral<\/td>\n<td>6<\/td>\n<td>60<\/td>\n<\/tr>\n<tr>\n<th>13<\/th>\n<td><a href=\"https:\/\/www.facet.unt.edu.ar\/maestriaelectronica\/laboratorio-remoto-de-fpga\/\"> LABORATORIO REMOTO DE FPGA <\/a><\/td>\n<td>Bimestral<\/td>\n<td>6<\/td>\n<td>60<\/td>\n<\/tr>\n<tr>\n<th colspan=\"7\"><\/th>\n<\/tr>\n<tr>\n<th colspan=\"7\">ORIENTACION TELECOMUNICACIONES<\/th>\n<\/tr>\n<tr>\n<th>14<\/th>\n<td><a href=\" https:\/\/www.facet.unt.edu.ar\/maestriaelectronica\/sistemas-avanzados-de-telecomunicaciones\/ \"> SISTEMAS AVANZADOS DE TELECOMUNICACIONES <\/a><\/td>\n<td>Bimestral<\/td>\n<td>6<\/td>\n<td>60<\/td>\n<\/tr>\n<tr>\n<th>15<\/th>\n<td><a href=\" https:\/\/www.facet.unt.edu.ar\/maestriaelectronica\/sistemas-de-sensado-por-ondas-de-radio\/\"> SISTEMAS DE SENSADO POR ONDAS DE RADIO <\/a><\/td>\n<td>Bimestral<\/td>\n<td>6<\/td>\n<td>60<\/td>\n<\/tr>\n<tr>\n<th>16<\/th>\n<td><a href=\"https:\/\/www.facet.unt.edu.ar\/maestriaelectronica\/laboratorio-remoto-de-telecomunicaciones\/\"> LABORATORIO REMOTO DE TELECOMUNICACIONES <\/a><\/td>\n<td>Bimestral<\/td>\n<td>6<\/td>\n<td>60<\/td>\n<\/tr>\n<\/tbody>\n<\/table>\n<table class=\"default\">\n<tbody>\n<tr>\n<th colspan=\"7\">FORMACION COMPLEMENTARIA<\/th>\n<\/tr>\n<tr>\n<th scope=\"row\"><\/th>\n<th><\/th>\n<th>Carga horaria semanal<\/th>\n<th>Modalidad<\/th>\n<\/tr>\n<tr>\n<th>17<\/th>\n<td><a href=\"https:\/\/www.facet.unt.edu.ar\/maestriaelectronica\/actividades-relacionadas-al-ejercicio-de-la-profesion\/ \"> Actividades relacionadas al ejercicio de la profesi\u00f3n<\/td>\n<td>60<\/td>\n<td>A distancia<\/td>\n<\/tr>\n<tr>\n<th>18<\/th>\n<td><a href=\"https:\/\/www.facet.unt.edu.ar\/maestriaelectronica\/realizacion-del-trabajo-de-tesis\/ \"> Realizaci\u00f3n del trabajo de tesis<\/td>\n<td>60<\/td>\n<td>A distancia<\/td>\n<\/tr>\n<\/tbody>\n<\/table>\n<table class=\"default\">\n<tbody>\n<tr>\n<th scope=\"row\">Total de cursos trayecto com\u00fan<\/th>\n<th>400 horas<\/th>\n<\/tr>\n<tr>\n<th scope=\"row\">Total de cursos de orientaci\u00f3n<\/th>\n<th>180 horas<\/th>\n<\/tr>\n<tr>\n<th scope=\"row\">Formaci\u00f3n pr\u00e1ctica complementaria<\/th>\n<th>120 horas<\/th>\n<\/tr>\n<tr>\n<th scope=\"row\">Total<\/th>\n<th>700 horas<\/th>\n<\/tr>\n<\/tbody>\n<\/table>\n","protected":false},"excerpt":{"rendered":"<p>TRAYECTO COMUN N\u00b0 Asignatura R\u00e9gimen Carga horaria semanal Carga horaria total 1 ARQUITECTURAS AVANZADAS DE COMPUTADORAS Bimestral 6 60 2 INTERFACES DE COMUNICACI\u00d3N Bimestral 6 60 3 COMPATIBILIDAD ELECTROMAGN\u00c9TICA Bimestral 6 60 4 VERIFICACION y VALIDACION DE SOFTWARE Bimestral 6 60 5 DISE\u00d1O DIGITAL AVANZADO Bimestral 6 60 6 DIRECCI\u00d3N DE PROYECTOS TECNOL\u00d3GICOS Bimestral 6 [&hellip;]<\/p>\n","protected":false},"author":101025,"featured_media":0,"parent":0,"menu_order":0,"comment_status":"closed","ping_status":"closed","template":"","meta":[],"_links":{"self":[{"href":"https:\/\/www.facet.unt.edu.ar\/maestriaelectronica\/wp-json\/wp\/v2\/pages\/27"}],"collection":[{"href":"https:\/\/www.facet.unt.edu.ar\/maestriaelectronica\/wp-json\/wp\/v2\/pages"}],"about":[{"href":"https:\/\/www.facet.unt.edu.ar\/maestriaelectronica\/wp-json\/wp\/v2\/types\/page"}],"author":[{"embeddable":true,"href":"https:\/\/www.facet.unt.edu.ar\/maestriaelectronica\/wp-json\/wp\/v2\/users\/101025"}],"replies":[{"embeddable":true,"href":"https:\/\/www.facet.unt.edu.ar\/maestriaelectronica\/wp-json\/wp\/v2\/comments?post=27"}],"version-history":[{"count":55,"href":"https:\/\/www.facet.unt.edu.ar\/maestriaelectronica\/wp-json\/wp\/v2\/pages\/27\/revisions"}],"predecessor-version":[{"id":380,"href":"https:\/\/www.facet.unt.edu.ar\/maestriaelectronica\/wp-json\/wp\/v2\/pages\/27\/revisions\/380"}],"wp:attachment":[{"href":"https:\/\/www.facet.unt.edu.ar\/maestriaelectronica\/wp-json\/wp\/v2\/media?parent=27"}],"curies":[{"name":"wp","href":"https:\/\/api.w.org\/{rel}","templated":true}]}}