{"id":389,"date":"2021-11-18T01:23:32","date_gmt":"2021-11-18T01:23:32","guid":{"rendered":"https:\/\/www.facet.unt.edu.ar\/maestriaelectronica\/?page_id=389"},"modified":"2021-11-18T19:50:25","modified_gmt":"2021-11-18T19:50:25","slug":"fundamentos","status":"publish","type":"page","link":"https:\/\/www.facet.unt.edu.ar\/maestriaelectronica\/fundamentos\/","title":{"rendered":"Fundamentos"},"content":{"rendered":"<p>Las actividades del programa de Maestr\u00eda en Electr\u00f3nica incluyen la formaci\u00f3n de Posgrado de RRHH calificados con el objetivo de agregar valor a los procesos productivos y de desarrollo. Se busca lograr liderazgo en proyectos de investigaci\u00f3n y desarrollo (I+D) en empresas, la formaci\u00f3n para la vida profesional y mejorar los est\u00e1ndares para la ense\u00f1anza en el \u00e1rea de la Ingenier\u00eda Electr\u00f3nica y las Tecnolog\u00edas de la Informaci\u00f3n y de las Comunicaci\u00f3nes (TICs). Los grupos de I+D del DEEC participar\u00e1n de esta Maestr\u00eda en Electr\u00f3nica ofreciendo las si-guientes l\u00edneas de disciplinares:<\/p>\n<ol>\n<li aria-level=\"1\">Automatizaci\u00f3n y Control<\/li>\n<li aria-level=\"1\">Sistemas Digitales<\/li>\n<li aria-level=\"1\">Telecomunicaciones<\/li>\n<\/ol>\n<p>Se ofrece un programa de Maestr\u00eda en Electr\u00f3nica que permite profundizar la formaci\u00f3n de los profesionales en modernos conocimientos de Electr\u00f3nica, mediante el aprendizaje te\u00f3rico\/pr\u00e1ctico y experimental basado en:\u00a0 hardware, software y sistemas heterog\u00e9neos, aplicados a Automatizaci\u00f3n y Control, Sistemas Digitales y Telecomunicaciones. Esta Maestr\u00eda contribuir\u00e1 para dar respuesta a los r\u00e1pidos cambios que se producen constantemente en la disciplina (cambios que tienden a acelerarse cada vez m\u00e1s), como as\u00ed tambi\u00e9n a necesidades concretas de una mejor inserci\u00f3n de los profesionales tanto en las empresas, como tambi\u00e9n en mejorar su calidad profesional para la formaci\u00f3n de RRHH, con especial \u00e9nfasis en la aplicaci\u00f3n de los conocimientos en el desarrollo innovador para la generaci\u00f3n de bienes y servicios.<\/p>\n<p>La formaci\u00f3n de RRHH, para responder las demandas profesionales actuales requiere de propuestas nuevas y flexibles del sistema universitario. Por tal raz\u00f3n, la carrera que se ofrece incorpora a las actividades de formaci\u00f3n tecnol\u00f3gica, asignaturas para lograr competencias de car\u00e1cter general que suman valor al egresado en \u00e1reas sociales y de gesti\u00f3n. Los profesionales contar\u00e1n as\u00ed con las bases que les faciliten la creaci\u00f3n de nuevas empresas innovadoras e integradoras, una mejor inserci\u00f3n en el mercado laboral, como as\u00ed tambi\u00e9n un mejor manejo de las caracter\u00edsticas multidisciplinarias que caracterizan a las modernas tecnolog\u00edas electr\u00f3nicas. Como gran parte de los productos y servicios se destinan al mundo del trabajo, finalmente el conocimiento en gesti\u00f3n posibilitar\u00e1 una comprensi\u00f3n cabal de sus necesidades, lo que resulta clave para la generaci\u00f3n de productos y servicios innovadores.<\/p>\n","protected":false},"excerpt":{"rendered":"<p>Las actividades del programa de Maestr\u00eda en Electr\u00f3nica incluyen la formaci\u00f3n de Posgrado de RRHH calificados con el objetivo de agregar valor a los procesos productivos y de desarrollo. Se busca lograr liderazgo en proyectos de investigaci\u00f3n y desarrollo (I+D) en empresas, la formaci\u00f3n para la vida profesional y mejorar los est\u00e1ndares para la ense\u00f1anza [&hellip;]<\/p>\n","protected":false},"author":101025,"featured_media":0,"parent":0,"menu_order":0,"comment_status":"closed","ping_status":"closed","template":"","meta":[],"_links":{"self":[{"href":"https:\/\/www.facet.unt.edu.ar\/maestriaelectronica\/wp-json\/wp\/v2\/pages\/389"}],"collection":[{"href":"https:\/\/www.facet.unt.edu.ar\/maestriaelectronica\/wp-json\/wp\/v2\/pages"}],"about":[{"href":"https:\/\/www.facet.unt.edu.ar\/maestriaelectronica\/wp-json\/wp\/v2\/types\/page"}],"author":[{"embeddable":true,"href":"https:\/\/www.facet.unt.edu.ar\/maestriaelectronica\/wp-json\/wp\/v2\/users\/101025"}],"replies":[{"embeddable":true,"href":"https:\/\/www.facet.unt.edu.ar\/maestriaelectronica\/wp-json\/wp\/v2\/comments?post=389"}],"version-history":[{"count":3,"href":"https:\/\/www.facet.unt.edu.ar\/maestriaelectronica\/wp-json\/wp\/v2\/pages\/389\/revisions"}],"predecessor-version":[{"id":406,"href":"https:\/\/www.facet.unt.edu.ar\/maestriaelectronica\/wp-json\/wp\/v2\/pages\/389\/revisions\/406"}],"wp:attachment":[{"href":"https:\/\/www.facet.unt.edu.ar\/maestriaelectronica\/wp-json\/wp\/v2\/media?parent=389"}],"curies":[{"name":"wp","href":"https:\/\/api.w.org\/{rel}","templated":true}]}}