{"id":396,"date":"2021-11-18T01:39:11","date_gmt":"2021-11-18T01:39:11","guid":{"rendered":"https:\/\/www.facet.unt.edu.ar\/maestriaelectronica\/?page_id=396"},"modified":"2021-11-18T22:21:08","modified_gmt":"2021-11-18T22:21:08","slug":"objetivos","status":"publish","type":"page","link":"https:\/\/www.facet.unt.edu.ar\/maestriaelectronica\/objetivos\/","title":{"rendered":"Autoridades"},"content":{"rendered":"<p><b>Directora<br \/>\n<\/b><\/p>\n<p style=\"padding-left: 40px;\">Mg. Ing. G\u00f3mez L\u00f3pez, Mar\u00eda de los \u00c1ngeles<br \/>\n<a href=\"mailto:mgomezlopez@herrera.unt.edu.ar\"> Email: mgomezlopez@herrera.unt.edu.ar <\/a><\/p>\n<p><b>CoDirector<br \/>\n<\/b><\/p>\n<p style=\"padding-left: 40px;\">Dr. Ing. Cabrera, Miguel Angel<br \/>\n<a href=\"mailto:mcabrera@herrera.unt.edu.ar\"> Email: mcabrera@herrera.unt.edu.ar<\/a><\/p>\n<p><b>Comit\u00e9 Acad\u00e9mico<br \/>\n<\/b><\/p>\n<p style=\"padding-left: 40px;\">Dr. Ing. Fagre, Mariano<br \/>\n<a href=\"mailto:mfagre@herrera.unt.edu.ar\"> Email: mfagre@herrera.unt.edu.ar<\/a><\/p>\n<p style=\"padding-left: 40px;\">Mg. Ing. Fadel, Rub\u00e9n del Valle<br \/>\n<a href=\"mailto:rfadel@herrera.unt.edu.ar\">Email: rfadel@herrera.unt.edu.ar<\/a><\/p>\n<p style=\"padding-left: 40px;\">Mg. Ing. Scandaliaris, Jorge<br \/>\n<a href=\"mailto:jscandaliaris@herrera.unt.edu.ar\">Email: jscandaliaris@herrera.unt.edu.ar<\/a><\/p>\n","protected":false},"excerpt":{"rendered":"<p>Directora Mg. Ing. G\u00f3mez L\u00f3pez, Mar\u00eda de los \u00c1ngeles Email: mgomezlopez@herrera.unt.edu.ar CoDirector Dr. Ing. Cabrera, Miguel Angel Email: mcabrera@herrera.unt.edu.ar Comit\u00e9 Acad\u00e9mico Dr. Ing. Fagre, Mariano Email: mfagre@herrera.unt.edu.ar Mg. Ing. Fadel, Rub\u00e9n del Valle Email: rfadel@herrera.unt.edu.ar Mg. Ing. Scandaliaris, Jorge Email: jscandaliaris@herrera.unt.edu.ar<\/p>\n","protected":false},"author":101025,"featured_media":0,"parent":0,"menu_order":0,"comment_status":"closed","ping_status":"closed","template":"","meta":[],"_links":{"self":[{"href":"https:\/\/www.facet.unt.edu.ar\/maestriaelectronica\/wp-json\/wp\/v2\/pages\/396"}],"collection":[{"href":"https:\/\/www.facet.unt.edu.ar\/maestriaelectronica\/wp-json\/wp\/v2\/pages"}],"about":[{"href":"https:\/\/www.facet.unt.edu.ar\/maestriaelectronica\/wp-json\/wp\/v2\/types\/page"}],"author":[{"embeddable":true,"href":"https:\/\/www.facet.unt.edu.ar\/maestriaelectronica\/wp-json\/wp\/v2\/users\/101025"}],"replies":[{"embeddable":true,"href":"https:\/\/www.facet.unt.edu.ar\/maestriaelectronica\/wp-json\/wp\/v2\/comments?post=396"}],"version-history":[{"count":11,"href":"https:\/\/www.facet.unt.edu.ar\/maestriaelectronica\/wp-json\/wp\/v2\/pages\/396\/revisions"}],"predecessor-version":[{"id":417,"href":"https:\/\/www.facet.unt.edu.ar\/maestriaelectronica\/wp-json\/wp\/v2\/pages\/396\/revisions\/417"}],"wp:attachment":[{"href":"https:\/\/www.facet.unt.edu.ar\/maestriaelectronica\/wp-json\/wp\/v2\/media?parent=396"}],"curies":[{"name":"wp","href":"https:\/\/api.w.org\/{rel}","templated":true}]}}