{"id":422,"date":"2021-11-18T22:37:37","date_gmt":"2021-11-18T22:37:37","guid":{"rendered":"https:\/\/www.facet.unt.edu.ar\/maestriaelectronica\/?page_id=422"},"modified":"2021-11-18T22:48:40","modified_gmt":"2021-11-18T22:48:40","slug":"perfil-del-egresado","status":"publish","type":"page","link":"https:\/\/www.facet.unt.edu.ar\/maestriaelectronica\/perfil-del-egresado\/","title":{"rendered":"Perfil del egresado"},"content":{"rendered":"<p>El Mag\u00edster en Electr\u00f3nica egresado de la Universidad Nacional de Tucum\u00e1n es un profesional que tendr\u00e1 las competencias para:<\/p>\n<ul>\n<li aria-level=\"1\">Dise\u00f1ar y desarrollar hardware y software para modernos sistemas electr\u00f3nicos heterog\u00e9neos.<\/li>\n<li aria-level=\"1\">Analizar y proponer soluciones a problemas en \u00e1reas concretas de la Ingenier\u00eda Electr\u00f3nica, con capacidad de realizar integraci\u00f3n de modernas tecnolog\u00edas para sistemas de Control, Sistemas Digitales y Telecomunicaciones.<\/li>\n<li aria-level=\"1\">Dirigir equipos multidisciplinarios de trabajo y proyectos para el desarrollo e innovaci\u00f3n en electr\u00f3nica.<\/li>\n<li aria-level=\"1\">Crear e innovar productos y servicios de ingenier\u00eda, con solvencia profesional, considerando aspectos t\u00e9cnicos, econ\u00f3micos, sociales, \u00e9ticos y de sostenibilidad.<\/li>\n<\/ul>\n","protected":false},"excerpt":{"rendered":"<p>El Mag\u00edster en Electr\u00f3nica egresado de la Universidad Nacional de Tucum\u00e1n es un profesional que tendr\u00e1 las competencias para: Dise\u00f1ar y desarrollar hardware y software para modernos sistemas electr\u00f3nicos heterog\u00e9neos. Analizar y proponer soluciones a problemas en \u00e1reas concretas de la Ingenier\u00eda Electr\u00f3nica, con capacidad de realizar integraci\u00f3n de modernas tecnolog\u00edas para sistemas de Control, [&hellip;]<\/p>\n","protected":false},"author":101025,"featured_media":0,"parent":0,"menu_order":0,"comment_status":"closed","ping_status":"closed","template":"","meta":[],"_links":{"self":[{"href":"https:\/\/www.facet.unt.edu.ar\/maestriaelectronica\/wp-json\/wp\/v2\/pages\/422"}],"collection":[{"href":"https:\/\/www.facet.unt.edu.ar\/maestriaelectronica\/wp-json\/wp\/v2\/pages"}],"about":[{"href":"https:\/\/www.facet.unt.edu.ar\/maestriaelectronica\/wp-json\/wp\/v2\/types\/page"}],"author":[{"embeddable":true,"href":"https:\/\/www.facet.unt.edu.ar\/maestriaelectronica\/wp-json\/wp\/v2\/users\/101025"}],"replies":[{"embeddable":true,"href":"https:\/\/www.facet.unt.edu.ar\/maestriaelectronica\/wp-json\/wp\/v2\/comments?post=422"}],"version-history":[{"count":3,"href":"https:\/\/www.facet.unt.edu.ar\/maestriaelectronica\/wp-json\/wp\/v2\/pages\/422\/revisions"}],"predecessor-version":[{"id":429,"href":"https:\/\/www.facet.unt.edu.ar\/maestriaelectronica\/wp-json\/wp\/v2\/pages\/422\/revisions\/429"}],"wp:attachment":[{"href":"https:\/\/www.facet.unt.edu.ar\/maestriaelectronica\/wp-json\/wp\/v2\/media?parent=422"}],"curies":[{"name":"wp","href":"https:\/\/api.w.org\/{rel}","templated":true}]}}