{"id":424,"date":"2021-11-18T22:38:47","date_gmt":"2021-11-18T22:38:47","guid":{"rendered":"https:\/\/www.facet.unt.edu.ar\/maestriaelectronica\/?page_id=424"},"modified":"2025-02-12T18:29:50","modified_gmt":"2025-02-12T18:29:50","slug":"normativa","status":"publish","type":"page","link":"https:\/\/www.facet.unt.edu.ar\/maestriaelectronica\/normativa\/","title":{"rendered":"Normativa"},"content":{"rendered":"<h3>Reglamentos y Resoluciones:<\/h3>\n<ul>\n<li><a href=\"https:\/\/www.facet.unt.edu.ar\/maestriaelectronica\/wp-content\/uploads\/sites\/78\/2021\/11\/RES.-1662-HCS-2021-Creacion-Plan-de-Estudio-Maestria-en-Electronica.pdf\"><strong>Resoluci\u00f3n 1662-HCS-2021<\/strong><\/a>: Creaci\u00f3n y aprobaci\u00f3n del plan de estudios de la Maestr\u00eda en Electr\u00f3nica por el Honorable Consejo Superior de la UNT.<\/li>\n<li><a href=\"https:\/\/www.facet.unt.edu.ar\/maestriaelectronica\/wp-content\/uploads\/sites\/78\/2025\/02\/RSE-502-24-MAGISTER-EN-ELECTRONICA.pdf\"><strong>Resoluci\u00f3n Ministerial RESOL-2024-502-APN-SE#MCH<\/strong><\/a>: Validaci\u00f3n del programa por el Ministerio de Educaci\u00f3n de la Naci\u00f3n.<\/li>\n<li><a href=\"https:\/\/www.facet.unt.edu.ar\/maestriaelectronica\/wp-content\/uploads\/sites\/78\/2024\/11\/Reglamento-Inscripcion-ME-UNT-Arg.pdf\"><strong>Reglamento Interno de la Maestr\u00eda<\/strong><\/a>: Define las condiciones de admisi\u00f3n, inscripci\u00f3n, evaluaci\u00f3n y requisitos de graduaci\u00f3n.<\/li>\n<li><a href=\"https:\/\/www.facet.unt.edu.ar\/maestriaelectronica\/wp-content\/uploads\/sites\/78\/2021\/11\/Res_592-D-2021.pdf\"><strong>Protocolo de evaluaci\u00f3n virtual &#8211; Res_592-D-2021<\/strong><\/a><\/li>\n<\/ul>\n","protected":false},"excerpt":{"rendered":"<p>Reglamentos y Resoluciones: Resoluci\u00f3n 1662-HCS-2021: Creaci\u00f3n y aprobaci\u00f3n del plan de estudios de la Maestr\u00eda en Electr\u00f3nica por el Honorable Consejo Superior de la UNT. Resoluci\u00f3n Ministerial RESOL-2024-502-APN-SE#MCH: Validaci\u00f3n del programa por el Ministerio de Educaci\u00f3n de la Naci\u00f3n. Reglamento Interno de la Maestr\u00eda: Define las condiciones de admisi\u00f3n, inscripci\u00f3n, evaluaci\u00f3n y requisitos de graduaci\u00f3n. [&hellip;]<\/p>\n","protected":false},"author":101025,"featured_media":0,"parent":0,"menu_order":0,"comment_status":"closed","ping_status":"closed","template":"","meta":[],"_links":{"self":[{"href":"https:\/\/www.facet.unt.edu.ar\/maestriaelectronica\/wp-json\/wp\/v2\/pages\/424"}],"collection":[{"href":"https:\/\/www.facet.unt.edu.ar\/maestriaelectronica\/wp-json\/wp\/v2\/pages"}],"about":[{"href":"https:\/\/www.facet.unt.edu.ar\/maestriaelectronica\/wp-json\/wp\/v2\/types\/page"}],"author":[{"embeddable":true,"href":"https:\/\/www.facet.unt.edu.ar\/maestriaelectronica\/wp-json\/wp\/v2\/users\/101025"}],"replies":[{"embeddable":true,"href":"https:\/\/www.facet.unt.edu.ar\/maestriaelectronica\/wp-json\/wp\/v2\/comments?post=424"}],"version-history":[{"count":7,"href":"https:\/\/www.facet.unt.edu.ar\/maestriaelectronica\/wp-json\/wp\/v2\/pages\/424\/revisions"}],"predecessor-version":[{"id":588,"href":"https:\/\/www.facet.unt.edu.ar\/maestriaelectronica\/wp-json\/wp\/v2\/pages\/424\/revisions\/588"}],"wp:attachment":[{"href":"https:\/\/www.facet.unt.edu.ar\/maestriaelectronica\/wp-json\/wp\/v2\/media?parent=424"}],"curies":[{"name":"wp","href":"https:\/\/api.w.org\/{rel}","templated":true}]}}