{"id":138,"date":"2015-10-30T22:13:38","date_gmt":"2015-10-31T01:13:38","guid":{"rendered":"https:\/\/www.facet.unt.edu.ar\/maestriamatematica\/?page_id=138"},"modified":"2021-02-24T10:08:44","modified_gmt":"2021-02-24T13:08:44","slug":"inscripcion-en-la-carrera","status":"publish","type":"page","link":"https:\/\/www.facet.unt.edu.ar\/maestriamatematica\/plan-y-reglamentos-2\/inscripcion-en-la-carrera\/","title":{"rendered":"Inscripci\u00f3n en la Carrera"},"content":{"rendered":"<p><span style=\"color: #ff0000;\">A PARTIR DEL A\u00d1O 2019 POSGRADO DE LA UNT HA CAMBIADO LA REGLAMENTACI\u00d3N DE INGRESO A LAS CARRERAS DE POSGRADO. PARA VER LA RESOLUCI\u00d3N QUE REALIZA LA MODIFICACI\u00d3N HAGA <a href=\"https:\/\/www.facet.unt.edu.ar\/maestriamatematica\/plan-y-reglamentos-2\/plan-y-reglamentos\/\">CLICK<\/a><\/span><\/p>\n<p>Para inscribirse en la carrera el postulante debe realizar lo siguiente:<\/p>\n<p>El postulante presentar\u00e1 al Director de la carrera lo siguiente:<br \/>\n-Nota(con copia) dirigida al Decano de la FACET y firmada por el postulante solicitando ser inscripto en la carrera.<br \/>\n&#8211; Copia autenticada del t\u00edtulo de grado.( En caso de ser extranjero el postulante el t\u00edtulo debe legalizarse a trav\u00e9s de los Ministerios de Relaciones Exteriores y de Educaci\u00f3n. Deben cumplir el tr\u00e1mite de Apostilla de la Haya. En caso de tener el t\u00edtulo en tr\u00e1mite debe presentar una constancia seg\u00fan <a href=\"https:\/\/www.facet.unt.edu.ar\/maestriamatematica\/wp-content\/uploads\/sites\/30\/2018\/08\/Resoluci\u00f3n-CP-N\u00ba-59-14.pdf\" target=\"_blank\" rel=\"noopener noreferrer\">Res.CP59-14<\/a><br \/>\n&#8211; Curr\u00edculum vitae, que no exceda las 5 p\u00e1ginas, con car\u00e1cter de declaraci\u00f3n jurada (Numerar las hojas, con firma en todas sus hojas y fecha en todas sus hojas)<br \/>\n&#8211; Fotocopia de DNI.<\/p>\n<p>&#8211; Notificaci\u00f3n del estado de categorizaci\u00f3n de la carrera.(Es un formulario que se debe llenar puede bajarlo haciendo <a href=\"https:\/\/www.facet.unt.edu.ar\/maestriamatematica\/wp-content\/uploads\/sites\/30\/2019\/05\/Notificaci\u00f3n-carrera-CONEAU-y-MEN-EDITABLE-2.docx\"> click\u00a0 aqu\u00ed<\/a>)<\/p>\n<p><strong>El tr\u00e1mite concluye cuando el Consejo Directivo de la FACET emite una resoluci\u00f3n en la que aprueba la inscripci\u00f3n del maestrando. &#8211; A partir de la fecha de esta Resoluci\u00f3n el maestrando tiene un plazo de 6 a\u00f1os para defender su tesis.\u00a0<\/strong><\/p>\n<p>&nbsp;<\/p>\n","protected":false},"excerpt":{"rendered":"<p>A PARTIR DEL A\u00d1O 2019 POSGRADO DE LA UNT HA CAMBIADO LA REGLAMENTACI\u00d3N DE INGRESO A LAS CARRERAS DE POSGRADO. PARA VER LA RESOLUCI\u00d3N QUE REALIZA LA MODIFICACI\u00d3N HAGA CLICK Para inscribirse en la carrera el postulante debe realizar lo siguiente: El postulante presentar\u00e1 al Director de la carrera lo siguiente: -Nota(con copia) dirigida al [&hellip;]<\/p>\n","protected":false},"author":101011,"featured_media":0,"parent":243,"menu_order":10,"comment_status":"closed","ping_status":"closed","template":"","meta":[],"_links":{"self":[{"href":"https:\/\/www.facet.unt.edu.ar\/maestriamatematica\/wp-json\/wp\/v2\/pages\/138"}],"collection":[{"href":"https:\/\/www.facet.unt.edu.ar\/maestriamatematica\/wp-json\/wp\/v2\/pages"}],"about":[{"href":"https:\/\/www.facet.unt.edu.ar\/maestriamatematica\/wp-json\/wp\/v2\/types\/page"}],"author":[{"embeddable":true,"href":"https:\/\/www.facet.unt.edu.ar\/maestriamatematica\/wp-json\/wp\/v2\/users\/101011"}],"replies":[{"embeddable":true,"href":"https:\/\/www.facet.unt.edu.ar\/maestriamatematica\/wp-json\/wp\/v2\/comments?post=138"}],"version-history":[{"count":26,"href":"https:\/\/www.facet.unt.edu.ar\/maestriamatematica\/wp-json\/wp\/v2\/pages\/138\/revisions"}],"predecessor-version":[{"id":653,"href":"https:\/\/www.facet.unt.edu.ar\/maestriamatematica\/wp-json\/wp\/v2\/pages\/138\/revisions\/653"}],"up":[{"embeddable":true,"href":"https:\/\/www.facet.unt.edu.ar\/maestriamatematica\/wp-json\/wp\/v2\/pages\/243"}],"wp:attachment":[{"href":"https:\/\/www.facet.unt.edu.ar\/maestriamatematica\/wp-json\/wp\/v2\/media?parent=138"}],"curies":[{"name":"wp","href":"https:\/\/api.w.org\/{rel}","templated":true}]}}