{"id":147,"date":"2015-10-30T23:52:31","date_gmt":"2015-10-31T02:52:31","guid":{"rendered":"https:\/\/www.facet.unt.edu.ar\/maestriamatematica\/?page_id=147"},"modified":"2019-05-06T13:16:29","modified_gmt":"2019-05-06T16:16:29","slug":"defensa-de-tesis","status":"publish","type":"page","link":"https:\/\/www.facet.unt.edu.ar\/maestriamatematica\/plan-y-reglamentos-2\/defensa-de-tesis\/","title":{"rendered":"Defensa de tesis"},"content":{"rendered":"<p style=\"text-align: center;\"><strong>PARA INICIAR EL TR\u00c1MITE PARA LLEGAR A LA DEFENSA DE LA TESIS<br \/>\n<\/strong><\/p>\n<p><strong>El postulante deber\u00e1 haber presentado al Director de la carrera:<\/strong><\/p>\n<p>&#8211; Informes de la Comisi\u00f3n de Supervisi\u00f3n con la periocidad que corresponda al Reglamento.(al menos uno por a\u00f1o desde la inscripci\u00f3n)<br \/>\n&#8211; Informe Final de la Comisi\u00f3n de Supervisi\u00f3n(Formulario que puede obtener haciendo click <a href=\"https:\/\/www.facet.unt.edu.ar\/maestriamatematica\/wp-content\/uploads\/sites\/30\/2015\/10\/INFORME-FINAL-DE-LA-COMISION-DE-SUPERVISION2.doc\" target=\"_blank\" rel=\"noopener noreferrer\">aqu\u00ed<\/a>), al cual se adjunta un resumen de exactamente 500 palabras\u00a0 y una rese\u00f1a de importancia y proyecci\u00f3n ambos firmados por el tesista y firmas laterales de la comisi\u00f3n de supervisi\u00f3n<\/p>\n<p>&#8211; Cinco copias impresas y otra en soporte electr\u00f3nico de la tesis.<\/p>\n<p>&#8211; Curr\u00edculum Vitae del alumno firmado y con fecha en caso de que hayan transcurrido m\u00e1s de dos a\u00f1os desde la inscripci\u00f3n.<\/p>\n<p><strong>A continuaci\u00f3n el Director de la carrera presentar\u00e1:<\/strong><br \/>\n&#8211; Detalle Parcial de Materia expedido por la direcci\u00f3n de carrera donde conste que ha cumplido con todos los otros requisitos de graduaci\u00f3n (cursos en el orden en que aparece en el plan de estudios de la carrera, horas de investigaci\u00f3n, etc.)(No es el certificado anal\u00edtico) y que ser\u00e1 firmado por el secretario de posgrado, el secretario acad\u00e9mico y el decano de la FACET.<br \/>\n&#8211; Nota del Director Acad\u00e9mico de la carrera solicitando la designaci\u00f3n del tribunal con miembros titulares y suplentes del tribunal propuesto. Diciendo cu\u00e1l es externo, cu\u00e1l es especialista, etc.*<br \/>\n&#8211; Curr\u00edculo Vitae resumido (<strong>de no m\u00e1s de cinco carillas con firma y fecha en todas sus hojas<\/strong>) de todos los miembros (titulares y suplentes) propuestos para integrar el tribunal, excepto los que integren la Comisi\u00f3n de Supervisi\u00f3n. Las firmas de los externos puede ser digital validada por el director de la carrera.<br \/>\n&#8211; En caso de que el t\u00edtulo de la tesis no coincida con el tema con que se inscribi\u00f3, nota del Director Acad\u00e9mico remarcando el nuevo tema.<\/p>\n<p><strong>El tr\u00e1mite sigue con:<\/strong><\/p>\n<p>&#8211; Aprobaci\u00f3n del jurado por parte del Consejo Directivo de la FACET.<\/p>\n<p>&#8211; Aprobaci\u00f3n del jurado por parte del Honorable Consejo Superior de la UNT.<\/p>\n<p>&#8211; Entrega de las copias de tesis al Tribunal para que la lea y sugiera correcciones (tiene un plazo de hasta 30 d\u00edas)<\/p>\n<p>&#8211; Nota de cada jurado dando su consentimiento, correcciones o rechazo dirigida al Director de la carrera.<\/p>\n<p>&#8211; En caso de aprobaci\u00f3n de todo el tribunal, el director de la carrera solicita al Decano de la FACET la constituci\u00f3n del tribunal en la fecha y lugar previamente pactado con el tribunal y postulante.<\/p>\n<p>&#8211; Una vez defendida la tesis el tribunal emite un Acta de la que presentar\u00e1 7 copias (4 para tribunal+ 1 maestrando + 1 carrera + 1 posgrado FACET)<\/p>\n<p>*<em>Reglamento 2004 de Posgrado UNT<\/em><br \/>\n<em> Jurado para defensa de tesis:<\/em><br \/>\n<em> Tres miembros que no sean de la Comisi\u00f3n de Supervisi\u00f3n, uno de los cuales deber\u00e1 ser externo a la UN.T.,y al menos uno ser especialista en el tema de la tesis, cada uno con sus respectivos suplentes. Adem\u00e1s, uno de los miembros de la Comisi\u00f3n de Supervisi\u00f3n, que no sea el Director de tesis, ser\u00e1 designado para participar, sin voto, en las deliberaciones del Jurado con un suplente.<\/em><br \/>\n<em> Los miembros del jurado deber\u00e1n tener t\u00edtulo de posgrado, igual o superior al que otorga la carrera, y ser o haber sido Profesores o Investigadores de reconocido prestigio en la Universidad Nacional de Tucum\u00e1n u otras Universidades o Instituciones orientadas a la investigaci\u00f3n y\/o desarrollo con idoneidad en el \u00e1rea tem\u00e1tica. En casos excepcionales, la ausencia de estudios de posgrado se podr\u00e1 reemplazar con una formaci\u00f3n equivalente demostrada por sus trayectorias como profesores o investigadores. Adem\u00e1s deber\u00e1n acreditar formaci\u00f3n de recursos humanos, continuidad en las tareas de investigaci\u00f3n y publicaciones en los \u00faltimos cinco a\u00f1os.<\/em><br \/>\n<em> Los miembros del jurado no deben tener publicaciones conjuntas con el tesista en el tema de tesis.<\/em><\/p>\n","protected":false},"excerpt":{"rendered":"<p>PARA INICIAR EL TR\u00c1MITE PARA LLEGAR A LA DEFENSA DE LA TESIS El postulante deber\u00e1 haber presentado al Director de la carrera: &#8211; Informes de la Comisi\u00f3n de Supervisi\u00f3n con la periocidad que corresponda al Reglamento.(al menos uno por a\u00f1o desde la inscripci\u00f3n) &#8211; Informe Final de la Comisi\u00f3n de Supervisi\u00f3n(Formulario que puede obtener haciendo [&hellip;]<\/p>\n","protected":false},"author":101011,"featured_media":0,"parent":243,"menu_order":14,"comment_status":"closed","ping_status":"closed","template":"","meta":[],"_links":{"self":[{"href":"https:\/\/www.facet.unt.edu.ar\/maestriamatematica\/wp-json\/wp\/v2\/pages\/147"}],"collection":[{"href":"https:\/\/www.facet.unt.edu.ar\/maestriamatematica\/wp-json\/wp\/v2\/pages"}],"about":[{"href":"https:\/\/www.facet.unt.edu.ar\/maestriamatematica\/wp-json\/wp\/v2\/types\/page"}],"author":[{"embeddable":true,"href":"https:\/\/www.facet.unt.edu.ar\/maestriamatematica\/wp-json\/wp\/v2\/users\/101011"}],"replies":[{"embeddable":true,"href":"https:\/\/www.facet.unt.edu.ar\/maestriamatematica\/wp-json\/wp\/v2\/comments?post=147"}],"version-history":[{"count":12,"href":"https:\/\/www.facet.unt.edu.ar\/maestriamatematica\/wp-json\/wp\/v2\/pages\/147\/revisions"}],"predecessor-version":[{"id":564,"href":"https:\/\/www.facet.unt.edu.ar\/maestriamatematica\/wp-json\/wp\/v2\/pages\/147\/revisions\/564"}],"up":[{"embeddable":true,"href":"https:\/\/www.facet.unt.edu.ar\/maestriamatematica\/wp-json\/wp\/v2\/pages\/243"}],"wp:attachment":[{"href":"https:\/\/www.facet.unt.edu.ar\/maestriamatematica\/wp-json\/wp\/v2\/media?parent=147"}],"curies":[{"name":"wp","href":"https:\/\/api.w.org\/{rel}","templated":true}]}}