{"id":189,"date":"2015-10-31T02:02:58","date_gmt":"2015-10-31T05:02:58","guid":{"rendered":"https:\/\/www.facet.unt.edu.ar\/maestriamatematica\/?page_id=189"},"modified":"2023-08-24T15:52:37","modified_gmt":"2023-08-24T18:52:37","slug":"189-2","status":"publish","type":"page","link":"https:\/\/www.facet.unt.edu.ar\/maestriamatematica\/189-2\/","title":{"rendered":"Resoluciones"},"content":{"rendered":"<h4>Resoluciones anteriores<\/h4>\n<p><a href=\"https:\/\/www.facet.unt.edu.ar\/maestriamatematica\/wp-content\/uploads\/sites\/30\/2015\/10\/Re.-0489-003Creacion-Maestr\u00eda.pdf\" target=\"_blank\" rel=\"noopener noreferrer\">Creaci\u00f3n de la carrera<\/a><\/p>\n<p><a href=\"https:\/\/www.facet.unt.edu.ar\/maestriamatematica\/wp-content\/uploads\/sites\/30\/2019\/03\/RES-1495-18-ME-Rec.-Oficial.pdf\" target=\"_blank\" rel=\"noopener\">Reconocimiento oficial Res 1495-18 ME<\/a><\/p>\n<p><a href=\"https:\/\/www.facet.unt.edu.ar\/maestriamatematica\/wp-content\/uploads\/sites\/30\/2015\/10\/Res808-13C30288Categorizacion.pdf\" target=\"_blank\" rel=\"noopener noreferrer\">Categorizaci\u00f3n Res 808-13<\/a><\/p>\n<h4>Resoluciones actuales<\/h4>\n<p><a href=\"https:\/\/drive.google.com\/file\/d\/15MjyZRt6x56FG8xYr4OlEp2d4IoluLpH\/view?usp=sharing\" target=\"_blank\" rel=\"noopener\">Reconocimiento oficial<\/a><\/p>\n<p><a href=\"https:\/\/drive.google.com\/file\/d\/1E0ns-VHejvRUfoeLCkIrlLz77FAz9o7f\/view?usp=drive_link\" target=\"_blank\" rel=\"noopener noreferrer\">Categorizaci\u00f3n<\/a><\/p>\n","protected":false},"excerpt":{"rendered":"<p>Resoluciones anteriores Creaci\u00f3n de la carrera Reconocimiento oficial Res 1495-18 ME Categorizaci\u00f3n Res 808-13 Resoluciones actuales Reconocimiento oficial Categorizaci\u00f3n<\/p>\n","protected":false},"author":101011,"featured_media":0,"parent":0,"menu_order":80,"comment_status":"closed","ping_status":"closed","template":"","meta":[],"_links":{"self":[{"href":"https:\/\/www.facet.unt.edu.ar\/maestriamatematica\/wp-json\/wp\/v2\/pages\/189"}],"collection":[{"href":"https:\/\/www.facet.unt.edu.ar\/maestriamatematica\/wp-json\/wp\/v2\/pages"}],"about":[{"href":"https:\/\/www.facet.unt.edu.ar\/maestriamatematica\/wp-json\/wp\/v2\/types\/page"}],"author":[{"embeddable":true,"href":"https:\/\/www.facet.unt.edu.ar\/maestriamatematica\/wp-json\/wp\/v2\/users\/101011"}],"replies":[{"embeddable":true,"href":"https:\/\/www.facet.unt.edu.ar\/maestriamatematica\/wp-json\/wp\/v2\/comments?post=189"}],"version-history":[{"count":11,"href":"https:\/\/www.facet.unt.edu.ar\/maestriamatematica\/wp-json\/wp\/v2\/pages\/189\/revisions"}],"predecessor-version":[{"id":774,"href":"https:\/\/www.facet.unt.edu.ar\/maestriamatematica\/wp-json\/wp\/v2\/pages\/189\/revisions\/774"}],"wp:attachment":[{"href":"https:\/\/www.facet.unt.edu.ar\/maestriamatematica\/wp-json\/wp\/v2\/media?parent=189"}],"curies":[{"name":"wp","href":"https:\/\/api.w.org\/{rel}","templated":true}]}}