{"id":209,"date":"2018-11-19T02:39:21","date_gmt":"2018-11-19T05:39:21","guid":{"rendered":"https:\/\/www.facet.unt.edu.ar\/maestriamatematica\/?page_id=209"},"modified":"2019-03-22T12:13:45","modified_gmt":"2019-03-22T15:13:45","slug":"seminarios","status":"publish","type":"page","link":"https:\/\/www.facet.unt.edu.ar\/maestriamatematica\/actividades-programadas\/seminarios\/","title":{"rendered":"Seminarios"},"content":{"rendered":"<p>A realizarse:<\/p>\n<ul>\n<li>Seminario :&#8221;<em>ELEMENTOS FINITOS VIRTUALES Y SU APLICACI\u00d3N A DOMINIOS IRREGULARES Y MULTIESCALA<\/em>&#8220;. Ph.D. Guillermo Etse, Director del Doctorado en Ciencias Exactas e Ingenier\u00eda, Director de la Maestr\u00eda en M\u00e9todos Num\u00e9ricos y Computacionales en Ingenier\u00eda de la FACET.\u00a0 Martes 26\u00a0 de Marzo\u00a0 a las 12 hs. en aula 2-4-9, 4to piso del Block 2 de la FACET.<\/li>\n<\/ul>\n<p><span style=\"display: inline !important; float: none; background-color: transparent; color: #333333; cursor: text; font-family: Georgia,'Times New Roman','Bitstream Charter',Times,serif; font-size: 16px; font-style: normal; font-variant: normal; font-weight: 400; letter-spacing: normal; orphans: 2; text-align: left; text-decoration: none; text-indent: 0px; text-transform: none; -webkit-text-stroke-width: 0px; white-space: normal; word-spacing: 0px;\">Ya realizados:<\/span><\/p>\n<ul>\n<li>Dos Seminarios de Divulgaci\u00f3n Cient\u00edfica \u00a0en Matem\u00e1tica con temas relacionados entre s\u00ed:\n<ul>\n<li><em>&#8220;Aproximaci\u00f3n de datos y de funciones utilizando splines&#8221;.\u00a0<\/em>Lunes 26\/11\/18. <a href=\"https:\/\/www.facet.unt.edu.ar\/maestriamatematica\/wp-content\/uploads\/sites\/30\/2018\/11\/Resumen-Garau-1.docx\">Resumen<\/a><\/li>\n<li><em>&#8220;M\u00e9todos isogeom\u00e9tricos para resolver ecuaciones en derivadas parciales&#8221;. Martes 27\/11\/18. <\/em><a href=\"https:\/\/www.facet.unt.edu.ar\/maestriamatematica\/wp-content\/uploads\/sites\/30\/2018\/11\/Resumen-Garau-2.docx\" target=\"_blank\" rel=\"noopener noreferrer\">Resumen<\/a><\/li>\n<\/ul>\n<\/li>\n<\/ul>\n<p style=\"padding-left: 30px;\">\u00a0\u00a0 Expositor: Dr. Eduardo Garau, Investigador Adjunto del CONICET y Profesor Adjunto en la Facultad de Ingenier\u00eda Qu\u00edmica de la Universidad Nacional del Litoral.<\/p>\n<p style=\"padding-left: 30px;\">Ambos seminarios se dar\u00e1n a las 12 hs en aula 2-4-9 (Ex M4)<\/p>\n<ul>\n<li>Seminario :&#8221;<em>El Teorema de Diferenciaci\u00f3n de Lebesgue y la funci\u00f3n Maximal de Hardy-Littlewood<\/em>&#8220;. Dra. Marisa Toschi, Instituto de Matem\u00e1tica Aplicada del Litoral. Validez 1o hs. Fecha y hora de encuentros: Martes 27 y Jueves 29 de Noviembre de 14 a 17 hs.\u00a0 <a href=\"https:\/\/www.facet.unt.edu.ar\/maestriamatematica\/wp-content\/uploads\/sites\/30\/2018\/11\/Resumen.pdf\" target=\"_blank\" rel=\"noopener noreferrer\">Resumen<\/a><\/li>\n<\/ul>\n<ul>\n<li>Seminario de Divulgaci\u00f3n Cient\u00edfica \u00a0en Matem\u00e1tica.<em><em>&#8220;\u00c1lgebras de Lie 2-pasos nilpotentes r\u00edgidas<\/em><\/em><em>&#8220;<\/em>, Dra.Mar\u00eda Alejandra Alvarez,\u00a0 Universidad de Antofagasta &#8211; Antofagasta &#8211; Chile.\u00a0<a href=\"https:\/\/www.facet.unt.edu.ar\/maestriamatematica\/wp-content\/uploads\/sites\/30\/2018\/11\/Poster-\u00c1lvarez-converted.pdf\" target=\"_blank\" rel=\"noopener noreferrer\">Resumen<\/a>. Fecha: Mi\u00e9rcoles 21 de Noviembre de 2018 a las 14 hs.<\/li>\n<li>Seminario de Divulgaci\u00f3n Cient\u00edfica \u00a0en Matem\u00e1tica.<em><em>&#8220;<\/em><\/em><em>Rendimiento Acad\u00e9mico de Alumnos de las Carreras de Ingenier\u00eda y\u00a0<\/em><em>Licenciatura en Inform\u00e1tica\u00a0<\/em><em>de la Facultad de Ciencias Exactas y Tecnolog\u00eda de la UNT\u00a0<\/em><em>Cohortes 2008, 2009 y 2010<\/em><em>&#8220;<\/em>, Dra. Ana Mar\u00eda Sfer,\u00a0 Facultad de Ciencias Exactas y Tecnolog\u00eda. UNT.\u00a0<a href=\"https:\/\/www.facet.unt.edu.ar\/maestriamatematica\/wp-content\/uploads\/sites\/30\/2018\/11\/Poster-Sfer-converted.pdf\" target=\"_blank\" rel=\"noopener noreferrer\">Resumen<\/a>. Fecha: Jueves es 15 de Noviembre de 2018 a las 12 hs.<\/li>\n<li>Seminario de Divulgaci\u00f3n Cient\u00edfica \u00a0en Matem\u00e1tica.<em><em>&#8220;<em>El Posgrado en Matem\u00e1tica en Argentina y el Mundo<\/em><\/em><\/em><em>&#8220;<\/em>, Dr. Paulo Tirao, Doctor en Matem\u00e1tica. Investigador de CONICET. Profesor Titular en la\u00a0 Facultad de Matem\u00e1tica, Astronom\u00eda y F\u00edsica (FAMAF). Universidad Nacional de C\u00f3rdoba. Profesor invitado de la Facultad de Ciencias Exactas y Tecnolog\u00eda. UNT.<a href=\"https:\/\/www.facet.unt.edu.ar\/maestriamatematica\/wp-content\/uploads\/sites\/30\/2018\/10\/Poster-Paulo.docx\">Resumen<\/a><\/li>\n<li>Seminario de Divulgaci\u00f3n Cient\u00edfica \u00a0en Matem\u00e1tica.<em><em>&#8220;<\/em><\/em><em>Big Data y el nuevo paradigma de competitividad:<\/em><em>\u00bfc\u00f3mo formar a las nuevas generaciones para afrontar el desaf\u00edo?<\/em><em>&#8220;<\/em>, Stella Salvatierra\u00a0, (Ph.D. in Statistics Carnegie Mellon University, Pittsburgh, Estados Unidos. Profesora de la Facultad de Ciencias Econ\u00f3micas y Empresariales, Universidad de Navarra, Pamplona, Espa\u00f1a.Directora de Business Analytics. A cargo del dise\u00f1o y la coordinaci\u00f3n de la nueva menci\u00f3n en Data Analytics y de la direcci\u00f3n de proyectos de Big Data en la Facultad desde 2016. Subdirectora del Programa de Especializaci\u00f3n en Big Data (Instituto Cultura y Sociedad, Universidad de Navarra) desde 2017).\u00a0<a href=\"https:\/\/www.facet.unt.edu.ar\/maestriamatematica\/wp-content\/uploads\/sites\/30\/2018\/10\/Poster-Salvatierra.pdf\">Resumen<\/a><\/li>\n<li>Seminario de Divulgaci\u00f3n Cient\u00edfica \u00a0en Matem\u00e1tica.<em>&#8220;<\/em><em>M\u00e9todos num\u00e9ricos: Estimaciones de error a posteriori y adaptatividad&#8221;<\/em>, Dr. Eduardo Garau, Investigador Adjunto del CONICET y Profesor Adjunto en la Facultad de Ingenier\u00eda Qu\u00edmica de la Universidad Nacional del Litoral.<a href=\"https:\/\/www.facet.unt.edu.ar\/maestriamatematica\/wp-content\/uploads\/sites\/30\/2017\/11\/Garau_diciembre.doc\" target=\"_blank\" rel=\"noopener noreferrer\">Resumen<\/a><\/li>\n<li>Seminario de Divulgaci\u00f3n Cient\u00edfica \u00a0en Matem\u00e1tica.<em>&#8220;Sobre un modelo de\u00a0<\/em><em style=\"line-height: 1.5;\">difusi\u00f3n-disoluci\u00f3n para la liberaci\u00f3n de droga desde dispositivos polim\u00e9rico!&#8221;<\/em>, Dra. Emilia Castillo.45 min de duraci\u00f3n. <a href=\"https:\/\/www.facet.unt.edu.ar\/maestriamatematica\/wp-content\/uploads\/sites\/30\/2017\/04\/Castillo_abril_21.docx\" target=\"_blank\" rel=\"noopener noreferrer\">Resumen<\/a><\/li>\n<li>Seminario de Divulgaci\u00f3n Cient\u00edfica \u00a0en Matem\u00e1tica. &#8220;<em>Resolver ecuaciones!<\/em><strong>\u201d<\/strong>, Dr. Jorge Vargas.90 min de duraci\u00f3n en dos charlas de 45 minutos con caf\u00e9 en el intervalo entre ambas. Ser\u00e1 el d\u00eda 5 de Diciembre a las 15.30 hs en aula 2-4-9(ex M4).\u00a0<strong>Resumen:<\/strong>Se presentar\u00e1 un somero panorama de resoluci\u00f3n de ecuaciones polin\u00f3micas, ecuaciones diferenciales en derivadas parciales. Comentaremos la diferencia entre algoritmo y c\u00e1lculo explicito de soluciones de una ecuaci\u00f3n. Tambi\u00e9n presentaremos ecuaciones diferenciales que no poseen soluci\u00f3n.<\/li>\n<li>Seminario de Divulgaci\u00f3n Cient\u00edfica \u00a0en Matem\u00e1tica. &#8220;<em>Desigualdad en Argentina y <\/em><em>el coeficiente de Gini<\/em><strong>\u201d<\/strong>, Paula LorenaNaidicz ,Gabriel Fridij, V\u00edctor Fabio Lazarte.45 min de duraci\u00f3n. <a href=\"https:\/\/www.facet.unt.edu.ar\/maestriamatematica\/wp-content\/uploads\/sites\/30\/2016\/11\/Afiche-Naidicz.doc\" target=\"_blank\" rel=\"noopener noreferrer\">Resumen<\/a><\/li>\n<li>Seminario de Divulgaci\u00f3n Cient\u00edfica \u00a0en Matem\u00e1tica. &#8220;Din\u00e1mica Poblacional en Ciencias Sociales&#8221;, Lic. Mar\u00eda Lourdes Fern\u00e1ndez.\u00a0<a href=\"https:\/\/www.facet.unt.edu.ar\/maestriamatematica\/wp-content\/uploads\/sites\/30\/2016\/10\/Fernandez_noviembre_3.docx\" target=\"_blank\" rel=\"noopener noreferrer\">Resumen<\/a><\/li>\n<li>Seminario: &#8220;Introducci\u00f3n al uso de MAPLE&#8221; a cargo de la Mg. Isabel Lomas. Fecha estimada de inicio 5 de Abril.Duraci\u00f3n: 10 horas. Los interesados escribir a\u00a0\u00a0\u00a0\u00a0\u00a0 mlazarte@herrera.unt.edu.ar<\/li>\n<\/ul>\n","protected":false},"excerpt":{"rendered":"<p>A realizarse: Seminario :&#8221;ELEMENTOS FINITOS VIRTUALES Y SU APLICACI\u00d3N A DOMINIOS IRREGULARES Y MULTIESCALA&#8220;. Ph.D. Guillermo Etse, Director del Doctorado en Ciencias Exactas e Ingenier\u00eda, Director de la Maestr\u00eda en M\u00e9todos Num\u00e9ricos y Computacionales en Ingenier\u00eda de la FACET.\u00a0 Martes 26\u00a0 de Marzo\u00a0 a las 12 hs. en aula 2-4-9, 4to piso del Block 2 [&hellip;]<\/p>\n","protected":false},"author":101011,"featured_media":0,"parent":205,"menu_order":100,"comment_status":"closed","ping_status":"closed","template":"","meta":[],"_links":{"self":[{"href":"https:\/\/www.facet.unt.edu.ar\/maestriamatematica\/wp-json\/wp\/v2\/pages\/209"}],"collection":[{"href":"https:\/\/www.facet.unt.edu.ar\/maestriamatematica\/wp-json\/wp\/v2\/pages"}],"about":[{"href":"https:\/\/www.facet.unt.edu.ar\/maestriamatematica\/wp-json\/wp\/v2\/types\/page"}],"author":[{"embeddable":true,"href":"https:\/\/www.facet.unt.edu.ar\/maestriamatematica\/wp-json\/wp\/v2\/users\/101011"}],"replies":[{"embeddable":true,"href":"https:\/\/www.facet.unt.edu.ar\/maestriamatematica\/wp-json\/wp\/v2\/comments?post=209"}],"version-history":[{"count":38,"href":"https:\/\/www.facet.unt.edu.ar\/maestriamatematica\/wp-json\/wp\/v2\/pages\/209\/revisions"}],"predecessor-version":[{"id":529,"href":"https:\/\/www.facet.unt.edu.ar\/maestriamatematica\/wp-json\/wp\/v2\/pages\/209\/revisions\/529"}],"up":[{"embeddable":true,"href":"https:\/\/www.facet.unt.edu.ar\/maestriamatematica\/wp-json\/wp\/v2\/pages\/205"}],"wp:attachment":[{"href":"https:\/\/www.facet.unt.edu.ar\/maestriamatematica\/wp-json\/wp\/v2\/media?parent=209"}],"curies":[{"name":"wp","href":"https:\/\/api.w.org\/{rel}","templated":true}]}}

<p>A realizarse:</p>
<ul>
<li>Seminario :&#8221;<em>ELEMENTOS FINITOS VIRTUALES Y SU APLICACIÓN A DOMINIOS IRREGULARES Y MULTIESCALA</em>&#8220;. Ph.D. Guillermo Etse, Director del Doctorado en Ciencias Exactas e Ingeniería, Director de la Maestría en Métodos Numéricos y Computacionales en Ingeniería de la FACET.  Martes 26  de Marzo  a las 12 hs. en aula 2-4-9, 4to piso del Block 2 de la FACET.</li>
</ul>
<p><span style="display: inline !important; float: none; background-color: transparent; color: #333333; cursor: text; font-family: Georgia,'Times New Roman','Bitstream Charter',Times,serif; font-size: 16px; font-style: normal; font-variant: normal; font-weight: 400; letter-spacing: normal; orphans: 2; text-align: left; text-decoration: none; text-indent: 0px; text-transform: none; -webkit-text-stroke-width: 0px; white-space: normal; word-spacing: 0px;">Ya realizados:</span></p>
<ul>
<li>Dos Seminarios de Divulgación Científica  en Matemática con temas relacionados entre sí:
<ul>
<li><em>&#8220;Aproximación de datos y de funciones utilizando splines&#8221;. </em>Lunes 26/11/18. <a href="https://www.facet.unt.edu.ar/maestriamatematica/wp-content/uploads/sites/30/2018/11/Resumen-Garau-1.docx">Resumen</a></li>
<li><em>&#8220;Métodos isogeométricos para resolver ecuaciones en derivadas parciales&#8221;. Martes 27/11/18. </em><a href="https://www.facet.unt.edu.ar/maestriamatematica/wp-content/uploads/sites/30/2018/11/Resumen-Garau-2.docx" target="_blank" rel="noopener noreferrer">Resumen</a></li>
</ul>
</li>
</ul>
<p style="padding-left: 30px;">   Expositor: Dr. Eduardo Garau, Investigador Adjunto del CONICET y Profesor Adjunto en la Facultad de Ingeniería Química de la Universidad Nacional del Litoral.</p>
<p style="padding-left: 30px;">Ambos seminarios se darán a las 12 hs en aula 2-4-9 (Ex M4)</p>
<ul>
<li>Seminario :&#8221;<em>El Teorema de Diferenciación de Lebesgue y la función Maximal de Hardy-Littlewood</em>&#8220;. Dra. Marisa Toschi, Instituto de Matemática Aplicada del Litoral. Validez 1o hs. Fecha y hora de encuentros: Martes 27 y Jueves 29 de Noviembre de 14 a 17 hs.  <a href="https://www.facet.unt.edu.ar/maestriamatematica/wp-content/uploads/sites/30/2018/11/Resumen.pdf" target="_blank" rel="noopener noreferrer">Resumen</a></li>
</ul>
<ul>
<li>Seminario de Divulgación Científica  en Matemática.<em><em>&#8220;Álgebras de Lie 2-pasos nilpotentes rígidas</em></em><em>&#8220;</em>, Dra.María Alejandra Alvarez,  Universidad de Antofagasta &#8211; Antofagasta &#8211; Chile. <a href="https://www.facet.unt.edu.ar/maestriamatematica/wp-content/uploads/sites/30/2018/11/Poster-Álvarez-converted.pdf" target="_blank" rel="noopener noreferrer">Resumen</a>. Fecha: Miércoles 21 de Noviembre de 2018 a las 14 hs.</li>
<li>Seminario de Divulgación Científica  en Matemática.<em><em>&#8220;</em></em><em>Rendimiento Académico de Alumnos de las Carreras de Ingeniería y </em><em>Licenciatura en Informática </em><em>de la Facultad de Ciencias Exactas y Tecnología de la UNT </em><em>Cohortes 2008, 2009 y 2010</em><em>&#8220;</em>, Dra. Ana María Sfer,  Facultad de Ciencias Exactas y Tecnología. UNT. <a href="https://www.facet.unt.edu.ar/maestriamatematica/wp-content/uploads/sites/30/2018/11/Poster-Sfer-converted.pdf" target="_blank" rel="noopener noreferrer">Resumen</a>. Fecha: Jueves es 15 de Noviembre de 2018 a las 12 hs.</li>
<li>Seminario de Divulgación Científica  en Matemática.<em><em>&#8220;<em>El Posgrado en Matemática en Argentina y el Mundo</em></em></em><em>&#8220;</em>, Dr. Paulo Tirao, Doctor en Matemática. Investigador de CONICET. Profesor Titular en la  Facultad de Matemática, Astronomía y Física (FAMAF). Universidad Nacional de Córdoba. Profesor invitado de la Facultad de Ciencias Exactas y Tecnología. UNT.<a href="https://www.facet.unt.edu.ar/maestriamatematica/wp-content/uploads/sites/30/2018/10/Poster-Paulo.docx">Resumen</a></li>
<li>Seminario de Divulgación Científica  en Matemática.<em><em>&#8220;</em></em><em>Big Data y el nuevo paradigma de competitividad:</em><em>¿cómo formar a las nuevas generaciones para afrontar el desafío?</em><em>&#8220;</em>, Stella Salvatierra , (Ph.D. in Statistics Carnegie Mellon University, Pittsburgh, Estados Unidos. Profesora de la Facultad de Ciencias Económicas y Empresariales, Universidad de Navarra, Pamplona, España.Directora de Business Analytics. A cargo del diseño y la coordinación de la nueva mención en Data Analytics y de la dirección de proyectos de Big Data en la Facultad desde 2016. Subdirectora del Programa de Especialización en Big Data (Instituto Cultura y Sociedad, Universidad de Navarra) desde 2017). <a href="https://www.facet.unt.edu.ar/maestriamatematica/wp-content/uploads/sites/30/2018/10/Poster-Salvatierra.pdf">Resumen</a></li>
<li>Seminario de Divulgación Científica  en Matemática.<em>&#8220;</em><em>Métodos numéricos: Estimaciones de error a posteriori y adaptatividad&#8221;</em>, Dr. Eduardo Garau, Investigador Adjunto del CONICET y Profesor Adjunto en la Facultad de Ingeniería Química de la Universidad Nacional del Litoral.<a href="https://www.facet.unt.edu.ar/maestriamatematica/wp-content/uploads/sites/30/2017/11/Garau_diciembre.doc" target="_blank" rel="noopener noreferrer">Resumen</a></li>
<li>Seminario de Divulgación Científica  en Matemática.<em>&#8220;Sobre un modelo de </em><em style="line-height: 1.5;">difusión-disolución para la liberación de droga desde dispositivos polimérico!&#8221;</em>, Dra. Emilia Castillo.45 min de duración. <a href="https://www.facet.unt.edu.ar/maestriamatematica/wp-content/uploads/sites/30/2017/04/Castillo_abril_21.docx" target="_blank" rel="noopener noreferrer">Resumen</a></li>
<li>Seminario de Divulgación Científica  en Matemática. &#8220;<em>Resolver ecuaciones!</em><strong>”</strong>, Dr. Jorge Vargas.90 min de duración en dos charlas de 45 minutos con café en el intervalo entre ambas. Será el día 5 de Diciembre a las 15.30 hs en aula 2-4-9(ex M4). <strong>Resumen:</strong>Se presentará un somero panorama de resolución de ecuaciones polinómicas, ecuaciones diferenciales en derivadas parciales. Comentaremos la diferencia entre algoritmo y cálculo explicito de soluciones de una ecuación. También presentaremos ecuaciones diferenciales que no poseen solución.</li>
<li>Seminario de Divulgación Científica  en Matemática. &#8220;<em>Desigualdad en Argentina y </em><em>el coeficiente de Gini</em><strong>”</strong>, Paula LorenaNaidicz ,Gabriel Fridij, Víctor Fabio Lazarte.45 min de duración. <a href="https://www.facet.unt.edu.ar/maestriamatematica/wp-content/uploads/sites/30/2016/11/Afiche-Naidicz.doc" target="_blank" rel="noopener noreferrer">Resumen</a></li>
<li>Seminario de Divulgación Científica  en Matemática. &#8220;Dinámica Poblacional en Ciencias Sociales&#8221;, Lic. María Lourdes Fernández. <a href="https://www.facet.unt.edu.ar/maestriamatematica/wp-content/uploads/sites/30/2016/10/Fernandez_noviembre_3.docx" target="_blank" rel="noopener noreferrer">Resumen</a></li>
<li>Seminario: &#8220;Introducción al uso de MAPLE&#8221; a cargo de la Mg. Isabel Lomas. Fecha estimada de inicio 5 de Abril.Duración: 10 horas. Los interesados escribir a      mlazarte@herrera.unt.edu.ar</li>
</ul>

<p>A realizarse: Seminario :&#8221;ELEMENTOS FINITOS VIRTUALES Y SU APLICACIÓN A DOMINIOS IRREGULARES Y MULTIESCALA&#8220;. Ph.D. Guillermo Etse, Director del Doctorado en Ciencias Exactas e Ingeniería, Director de la Maestría en Métodos Numéricos y Computacionales en Ingeniería de la FACET.  Martes 26  de Marzo  a las 12 hs. en aula 2-4-9, 4to piso del Block 2 [&hellip;]</p>
