{"id":234,"date":"2016-05-17T03:43:49","date_gmt":"2016-05-17T06:43:49","guid":{"rendered":"https:\/\/www.facet.unt.edu.ar\/maestriamatematica\/?page_id=234"},"modified":"2019-05-06T13:11:02","modified_gmt":"2019-05-06T16:11:02","slug":"informes","status":"publish","type":"page","link":"https:\/\/www.facet.unt.edu.ar\/maestriamatematica\/plan-y-reglamentos-2\/informes\/","title":{"rendered":"Informes"},"content":{"rendered":"<p>La Comisi\u00f3n deber\u00e1 entregar una vez por a\u00f1o un informe anual:<\/p>\n<p><a href=\"https:\/\/www.facet.unt.edu.ar\/maestriamatematica\/wp-content\/uploads\/sites\/30\/2016\/05\/Modelo-informeAnualDE-LA-COMISION-DE-SUPERVISION.doc\" target=\"_blank\" rel=\"noopener noreferrer\">Modelo de informe anual<\/a><\/p>\n<p>Una vez finalizado el trabajo de tesis la\u00a0Comisi\u00f3n de Supervisi\u00f3n debe entregar al Director de la carrera un informe final:<\/p>\n<p><a href=\"https:\/\/www.facet.unt.edu.ar\/maestriamatematica\/wp-content\/uploads\/sites\/30\/2015\/10\/INFORME-FINAL-DE-LA-COMISION-DE-SUPERVISION2.doc\" target=\"_blank\" rel=\"noopener noreferrer\">Modelo de informe final<\/a><\/p>\n","protected":false},"excerpt":{"rendered":"<p>La Comisi\u00f3n deber\u00e1 entregar una vez por a\u00f1o un informe anual: Modelo de informe anual Una vez finalizado el trabajo de tesis la\u00a0Comisi\u00f3n de Supervisi\u00f3n debe entregar al Director de la carrera un informe final: Modelo de informe final<\/p>\n","protected":false},"author":101011,"featured_media":0,"parent":243,"menu_order":12,"comment_status":"closed","ping_status":"closed","template":"","meta":[],"_links":{"self":[{"href":"https:\/\/www.facet.unt.edu.ar\/maestriamatematica\/wp-json\/wp\/v2\/pages\/234"}],"collection":[{"href":"https:\/\/www.facet.unt.edu.ar\/maestriamatematica\/wp-json\/wp\/v2\/pages"}],"about":[{"href":"https:\/\/www.facet.unt.edu.ar\/maestriamatematica\/wp-json\/wp\/v2\/types\/page"}],"author":[{"embeddable":true,"href":"https:\/\/www.facet.unt.edu.ar\/maestriamatematica\/wp-json\/wp\/v2\/users\/101011"}],"replies":[{"embeddable":true,"href":"https:\/\/www.facet.unt.edu.ar\/maestriamatematica\/wp-json\/wp\/v2\/comments?post=234"}],"version-history":[{"count":8,"href":"https:\/\/www.facet.unt.edu.ar\/maestriamatematica\/wp-json\/wp\/v2\/pages\/234\/revisions"}],"predecessor-version":[{"id":562,"href":"https:\/\/www.facet.unt.edu.ar\/maestriamatematica\/wp-json\/wp\/v2\/pages\/234\/revisions\/562"}],"up":[{"embeddable":true,"href":"https:\/\/www.facet.unt.edu.ar\/maestriamatematica\/wp-json\/wp\/v2\/pages\/243"}],"wp:attachment":[{"href":"https:\/\/www.facet.unt.edu.ar\/maestriamatematica\/wp-json\/wp\/v2\/media?parent=234"}],"curies":[{"name":"wp","href":"https:\/\/api.w.org\/{rel}","templated":true}]}}