{"id":257,"date":"2016-02-26T12:41:02","date_gmt":"2016-02-26T15:41:02","guid":{"rendered":"https:\/\/www.facet.unt.edu.ar\/maestriamatematica\/?page_id=257"},"modified":"2020-02-20T09:51:12","modified_gmt":"2020-02-20T12:51:12","slug":"plan-de-estudios","status":"publish","type":"page","link":"https:\/\/www.facet.unt.edu.ar\/maestriamatematica\/plan-y-reglamentos-2\/plan-de-estudios\/","title":{"rendered":"Plan de Estudios"},"content":{"rendered":"<p><a href=\"https:\/\/www.facet.unt.edu.ar\/maestriamatematica\/wp-content\/uploads\/sites\/30\/2018\/07\/Plan-de-estudios-con-2-logos-3.doc\" target=\"_blank\" rel=\"noopener noreferrer\">Plan de estudios<\/a>\u00a0 (Se agregaron al plan de estudios posteriormente los siguientes cursos optativos: <a href=\"https:\/\/www.facet.unt.edu.ar\/maestriamatematica\/wp-content\/uploads\/sites\/30\/2015\/10\/Res.-2553-08-HCS-Rep-GLn.pdf\" target=\"_blank\" rel=\"noopener noreferrer\">Representaciones del grupo lineal GL(n)<\/a> , <a href=\"https:\/\/www.facet.unt.edu.ar\/maestriamatematica\/wp-content\/uploads\/sites\/30\/2015\/10\/Res.-1948-04-HCS-Algebra-de-Lie.pdf\" target=\"_blank\" rel=\"noopener noreferrer\">Algebras de Lie Semi simples<\/a> , <a href=\"https:\/\/www.facet.unt.edu.ar\/maestriamatematica\/wp-content\/uploads\/sites\/30\/2015\/10\/465-09-HCS-Variable-Compleja.pdf\" target=\"_blank\" rel=\"noopener noreferrer\">Variable Compleja<\/a> , <a href=\"https:\/\/www.facet.unt.edu.ar\/maestriamatematica\/wp-content\/uploads\/sites\/30\/2016\/02\/Resol.AlgLinAplic.pdf\" target=\"_blank\" rel=\"noopener noreferrer\">Algebra Lineal Aplicada y Manejo de Datos)<\/a>, <a href=\"https:\/\/www.facet.unt.edu.ar\/maestriamatematica\/wp-content\/uploads\/sites\/30\/2019\/08\/Programa.docx\">\u00c1lgebra Multilineal <\/a>Res HCS 1051\/2019, <a href=\"https:\/\/www.facet.unt.edu.ar\/maestriamatematica\/wp-content\/uploads\/sites\/30\/2019\/08\/Programa-1.docx\">Splines: Fundamentos y Teor\u00eda de Aproximaci\u00f3n <\/a>Res HCS 1067\/2019, <a href=\"https:\/\/www.facet.unt.edu.ar\/maestriamatematica\/wp-content\/uploads\/sites\/30\/2019\/08\/Programa-IAlgHomol.pdf\">Introducci\u00f3n al \u00c1lgebra Homol\u00f3gica<\/a> <a href=\"https:\/\/www.facet.unt.edu.ar\/maestriamatematica\/wp-content\/uploads\/sites\/30\/2020\/02\/2020-02-17-RES.-0008-2020-INTRODUCCI\u00d3N-AL-\u00c1LGEBRA-HOMOL\u00d3GICA.pdf\">Res HCS 0008\/2020,<\/a> <a href=\"https:\/\/www.facet.unt.edu.ar\/maestriamatematica\/wp-content\/uploads\/sites\/30\/2020\/02\/Programa-Optativa-Maestr\u00eda.pdf\">Introducci\u00f3n a las redes neuronales<\/a> Res CD 1790\/2019<\/p>\n<p>Se aclara que s\u00f3lo las materias obligatorias son de dictado regular, a\u00f1o por medio.<\/p>\n","protected":false},"excerpt":{"rendered":"<p>Plan de estudios\u00a0 (Se agregaron al plan de estudios posteriormente los siguientes cursos optativos: Representaciones del grupo lineal GL(n) , Algebras de Lie Semi simples , Variable Compleja , Algebra Lineal Aplicada y Manejo de Datos), \u00c1lgebra Multilineal Res HCS 1051\/2019, Splines: Fundamentos y Teor\u00eda de Aproximaci\u00f3n Res HCS 1067\/2019, Introducci\u00f3n al \u00c1lgebra Homol\u00f3gica Res [&hellip;]<\/p>\n","protected":false},"author":101011,"featured_media":0,"parent":243,"menu_order":1,"comment_status":"closed","ping_status":"closed","template":"","meta":[],"_links":{"self":[{"href":"https:\/\/www.facet.unt.edu.ar\/maestriamatematica\/wp-json\/wp\/v2\/pages\/257"}],"collection":[{"href":"https:\/\/www.facet.unt.edu.ar\/maestriamatematica\/wp-json\/wp\/v2\/pages"}],"about":[{"href":"https:\/\/www.facet.unt.edu.ar\/maestriamatematica\/wp-json\/wp\/v2\/types\/page"}],"author":[{"embeddable":true,"href":"https:\/\/www.facet.unt.edu.ar\/maestriamatematica\/wp-json\/wp\/v2\/users\/101011"}],"replies":[{"embeddable":true,"href":"https:\/\/www.facet.unt.edu.ar\/maestriamatematica\/wp-json\/wp\/v2\/comments?post=257"}],"version-history":[{"count":21,"href":"https:\/\/www.facet.unt.edu.ar\/maestriamatematica\/wp-json\/wp\/v2\/pages\/257\/revisions"}],"predecessor-version":[{"id":606,"href":"https:\/\/www.facet.unt.edu.ar\/maestriamatematica\/wp-json\/wp\/v2\/pages\/257\/revisions\/606"}],"up":[{"embeddable":true,"href":"https:\/\/www.facet.unt.edu.ar\/maestriamatematica\/wp-json\/wp\/v2\/pages\/243"}],"wp:attachment":[{"href":"https:\/\/www.facet.unt.edu.ar\/maestriamatematica\/wp-json\/wp\/v2\/media?parent=257"}],"curies":[{"name":"wp","href":"https:\/\/api.w.org\/{rel}","templated":true}]}}