{"id":89,"date":"2015-10-22T15:11:06","date_gmt":"2015-10-22T18:11:06","guid":{"rendered":"https:\/\/www.facet.unt.edu.ar\/maestriamatematica\/?page_id=89"},"modified":"2019-09-05T11:41:32","modified_gmt":"2019-09-05T14:41:32","slug":"plan-y-reglamentos","status":"publish","type":"page","link":"https:\/\/www.facet.unt.edu.ar\/maestriamatematica\/plan-y-reglamentos-2\/plan-y-reglamentos\/","title":{"rendered":"Reglamentos Generales"},"content":{"rendered":"<p><a href=\"https:\/\/www.facet.unt.edu.ar\/maestriamatematica\/wp-content\/uploads\/sites\/30\/2015\/10\/Reglamento-de-la-Maestr\u00eda-.doc\" target=\"_blank\" rel=\"noopener noreferrer\">El Reglamento de la Maestr\u00eda en Matem\u00e1tica original <\/a>tuvo una modificaci\u00f3n en sus art\u00edculos 8.3, 14.2, 14.4 y 14.8 debido a la modificaci\u00f3n(*) en el Reglamento General de Posgrado de la UNT, quedando el nuevo:<\/p>\n<p><a href=\"https:\/\/www.facet.unt.edu.ar\/maestriamatematica\/wp-content\/uploads\/sites\/30\/2019\/09\/2019-NuevoReglamento-General-de-la-Maestr\u00eda.doc\">Reglamento de la Maestr\u00eda en Matem\u00e1tica(2019) <\/a>aprobado por Res.N\u00ba 1139\/2019 del CD de la FACET.<\/p>\n<p><a href=\"http:\/\/www.posgrado.unt.edu.ar\/reglamentos\/\" target=\"_blank\" rel=\"noopener noreferrer\">Reglamentos de la Secretar\u00eda de Posgrado de la UNT<\/a><\/p>\n<p><a href=\"https:\/\/www.facet.unt.edu.ar\/maestriamatematica\/wp-content\/uploads\/sites\/30\/2019\/03\/Cambio-en-inscripci\u00f3nRes.-105-19-Modif.-art.-11-Reglamento-Posgrado.pdf\">Modificaci\u00f3n sobre la Admisi\u00f3n e Inscripci\u00f3n(*)<\/a><\/p>\n<p><a href=\"http:\/\/www.posgrado.unt.edu.ar\/circulares-y-resoluciones\/\" target=\"_blank\" rel=\"noopener noreferrer\">Circulares y Resoluciones de la Secretar\u00eda de Posgrado de la UNT<\/a><\/p>\n<p>&nbsp;<\/p>\n","protected":false},"excerpt":{"rendered":"<p>El Reglamento de la Maestr\u00eda en Matem\u00e1tica original tuvo una modificaci\u00f3n en sus art\u00edculos 8.3, 14.2, 14.4 y 14.8 debido a la modificaci\u00f3n(*) en el Reglamento General de Posgrado de la UNT, quedando el nuevo: Reglamento de la Maestr\u00eda en Matem\u00e1tica(2019) aprobado por Res.N\u00ba 1139\/2019 del CD de la FACET. Reglamentos de la Secretar\u00eda de [&hellip;]<\/p>\n","protected":false},"author":101011,"featured_media":0,"parent":243,"menu_order":0,"comment_status":"closed","ping_status":"closed","template":"","meta":[],"_links":{"self":[{"href":"https:\/\/www.facet.unt.edu.ar\/maestriamatematica\/wp-json\/wp\/v2\/pages\/89"}],"collection":[{"href":"https:\/\/www.facet.unt.edu.ar\/maestriamatematica\/wp-json\/wp\/v2\/pages"}],"about":[{"href":"https:\/\/www.facet.unt.edu.ar\/maestriamatematica\/wp-json\/wp\/v2\/types\/page"}],"author":[{"embeddable":true,"href":"https:\/\/www.facet.unt.edu.ar\/maestriamatematica\/wp-json\/wp\/v2\/users\/101011"}],"replies":[{"embeddable":true,"href":"https:\/\/www.facet.unt.edu.ar\/maestriamatematica\/wp-json\/wp\/v2\/comments?post=89"}],"version-history":[{"count":22,"href":"https:\/\/www.facet.unt.edu.ar\/maestriamatematica\/wp-json\/wp\/v2\/pages\/89\/revisions"}],"predecessor-version":[{"id":598,"href":"https:\/\/www.facet.unt.edu.ar\/maestriamatematica\/wp-json\/wp\/v2\/pages\/89\/revisions\/598"}],"up":[{"embeddable":true,"href":"https:\/\/www.facet.unt.edu.ar\/maestriamatematica\/wp-json\/wp\/v2\/pages\/243"}],"wp:attachment":[{"href":"https:\/\/www.facet.unt.edu.ar\/maestriamatematica\/wp-json\/wp\/v2\/media?parent=89"}],"curies":[{"name":"wp","href":"https:\/\/api.w.org\/{rel}","templated":true}]}}