{"id":104,"date":"2017-10-29T23:31:33","date_gmt":"2017-10-30T02:31:33","guid":{"rendered":"https:\/\/www.facet.unt.edu.ar\/mag-mnci\/?page_id=104"},"modified":"2023-09-26T17:51:15","modified_gmt":"2023-09-26T20:51:15","slug":"antecedentes","status":"publish","type":"page","link":"https:\/\/www.facet.unt.edu.ar\/mag-mnci\/antecedentes\/","title":{"rendered":"Antecedentes"},"content":{"rendered":"<div id=\"pl-104\"  class=\"panel-layout\" ><div id=\"pg-104-0\"  class=\"panel-grid panel-has-style\" ><div class=\"wide-grey panel-row-style panel-row-style-for-104-0\" ><div id=\"pgc-104-0-0\"  class=\"panel-grid-cell\" ><div id=\"panel-104-0-0-0\" class=\"so-panel widget widget_headline-widget panel-first-child panel-last-child\" data-index=\"0\" >\t\t<h1>Antecedentes y Fundamentos<\/h1>\n\t\t<div class=\"decoration\"><div class=\"decoration-inside\"><\/div><\/div>\n\t\t<h3><\/h3>\n\t\t<\/div><\/div><\/div><\/div><div id=\"pg-104-1\"  class=\"panel-grid panel-no-style\" ><div id=\"pgc-104-1-0\"  class=\"panel-grid-cell\" ><div id=\"panel-104-1-0-0\" class=\"so-panel widget widget_sow-editor panel-first-child panel-last-child\" data-index=\"1\" ><div\n\t\t\t\n\t\t\tclass=\"so-widget-sow-editor so-widget-sow-editor-base\"\n\t\t\t\n\t\t><h3 class=\"widget-title\">Caracter\u00edsticas y Categorizaci\u00f3n <\/h3>\n<div class=\"siteorigin-widget-tinymce textwidget\">\n\t<p>La carrera de Maestr\u00eda en M\u00e9todos Num\u00e9ricos y Computacionales en Ingenier\u00eda otorga el t\u00edtulo de Magister, es una carrera de postgrado destinada a graduados de las diversas ramas de la Ingenier\u00eda y de las Ciencias Exactas (Matem\u00e1ticas, F\u00edsica, Qu\u00edmica) con inter\u00e9s en profundizar sus conocimientos en el modelado num\u00e9rico y sus aplicaciones. Fue creada en el a\u00f1o 2000 (Expte nr. 60830 \/1998) y le fue otorgada la <strong>CATEGORIA A <\/strong>por<strong> Res. CONEAU nr. 443\/2011 y Res. CONEAU 256\/2022<\/strong>. El Reconocimiento Oficial Nacional consta en la <strong>Res. Min. Educaci\u00f3n nr. 912\/2015<\/strong>.<\/p>\n<\/div>\n<\/div><\/div><\/div><\/div><div id=\"pg-104-2\"  class=\"panel-grid panel-no-style\" ><div id=\"pgc-104-2-0\"  class=\"panel-grid-cell\" ><div id=\"panel-104-2-0-0\" class=\"so-panel widget widget_sow-editor panel-first-child panel-last-child\" data-index=\"2\" ><div\n\t\t\t\n\t\t\tclass=\"so-widget-sow-editor so-widget-sow-editor-base\"\n\t\t\t\n\t\t><h3 class=\"widget-title\">Antecedentes<\/h3>\n<div class=\"siteorigin-widget-tinymce textwidget\">\n\t<p>Pocos campos cient\u00edficos tuvieron una evoluci\u00f3n tan din\u00e1mica como los m\u00e9todos computacionales aplicados a la ingenier\u00eda. En pocas d\u00e9cadas de existencia han producido notables avances en el conocimiento de problemas de la m\u00e1s diversa \u00edndole, caracterizados por una alta complejidad.<br \/>\nEl \u00e1rea de conocimiento englobada por los m\u00e9todos computacionales aplicados se conoce tambi\u00e9n con el nombre de Mec\u00e1nica Computacional. El pre\u00e1mbulo del Acta de Constituci\u00f3n de la IACM (International Association for Computational Mechanics) define: \"para los prop\u00f3sitos de la Asociaci\u00f3n, definimos la actividad Mec\u00e1nica Computacional como el desarrollo de m\u00e9todos num\u00e9ricos y la aplicaci\u00f3n de computadoras digitales a la soluci\u00f3n de problemas de la Ingenier\u00eda y de las Ciencias Aplicadas con el objetivo de comprender y aprovechar los recursos de la naturaleza\". De este postulado surge que la Mec\u00e1nica Computacional\u00a0 involucra la educaci\u00f3n, investigaci\u00f3n y transferencia de informaci\u00f3n entre las diversas disciplinas que ella engloba tales como la matem\u00e1tica num\u00e9rica, el \u00e1lgebra, la f\u00edsica, la mec\u00e1nica racional, la inform\u00e1tica, la mec\u00e1nica estructural, la mec\u00e1nica de medios s\u00f3lidos, fluidos y gaseosos, la f\u00edsica atmosf\u00e9rica, la hidromec\u00e1nica, la geolog\u00eda, el electromagnetismo, la electromec\u00e1nica, la electr\u00f3nica, la din\u00e1mica y el control de procesos, etc.<br \/>\nEl hecho de englobar las ciencias b\u00e1sicas, aplicadas y tecnol\u00f3gicas hacen a los M\u00e9todos Num\u00e9ricos y Computacionales en la Ingenier\u00eda una herramienta apta para ser abordada en aquellos \u00e1mbitos universitarios donde se desarrollan conjuntamente carreras de grado en Ciencias Exactas y en las ramas de la Ingenier\u00eda. El \u00e1mbito natural para el estudio e investigaci\u00f3n en Mec\u00e1nica Computacional son las Facultades de Ciencias Exactas y Tecnolog\u00eda.<\/p>\n<p>La Maestr\u00eda en M\u00e9todos Num\u00e9ricos y Computacionales en Ingenier\u00eda se complementa con la carrera de Doctorado en Ciencias Exactas e Ingenier\u00eda de la UNT. Los cursos aprobados en este Magister son reconocidos como parte de la carga horaria del Doctorado en Ciencias Exactas e Ingenier\u00eda de la UNT.<\/p>\n<p>Es de destacar que la Facultad de Ciencias Exactas y Tecnolog\u00eda de la Universidad Nacional de Tucum\u00e1n inici\u00f3 esta carrera de posgrado en el a\u00f1o 2000. Desde entonces se han dictado cursos de posgrado en m\u00e9todos num\u00e9ricos pertenecientes a todas las ramas de las ciencias exactas y tecnolog\u00edas a cargo de destacados disertantes de nuestro pa\u00eds y del exterior.<\/p>\n<\/div>\n<\/div><\/div><\/div><\/div><div id=\"pg-104-3\"  class=\"panel-grid panel-no-style\" ><div id=\"pgc-104-3-0\"  class=\"panel-grid-cell\" ><div id=\"panel-104-3-0-0\" class=\"so-panel widget widget_sow-editor panel-first-child panel-last-child\" data-index=\"3\" ><div\n\t\t\t\n\t\t\tclass=\"so-widget-sow-editor so-widget-sow-editor-base\"\n\t\t\t\n\t\t><h3 class=\"widget-title\">Fundamentos<\/h3>\n<div class=\"siteorigin-widget-tinymce textwidget\">\n\t<p>Desde la aparici\u00f3n de las primeras computadoras en la d\u00e9cada del 60 se han producido vertiginosos y sustanciales progresos en los m\u00e9todos num\u00e9ricos y computacionales. A su vez, la creciente evoluci\u00f3n de la electr\u00f3nica, sobre todo en lo referente a capacidad\u00a0 y velocidad de c\u00f3mputo, ha favorecido la aplicaci\u00f3n de m\u00e9todos num\u00e9ricos para la resoluci\u00f3n de diversos y complejos problemas. Claro est\u00e1 que tal complejidad involucra no solamente el algoritmo resolutivo sino particularmente el desarrollo de modelos te\u00f3rico - matem\u00e1ticos capaces de suministrar predicciones computacionales realistas del fen\u00f3meno estudiado. Se comprende entonces que el profesional o el cient\u00edfico abocado\u00a0 a\u00a0 los\u00a0 m\u00e9todos num\u00e9ricos y computacionales\u00a0 aplicados a la ingenier\u00eda\u00a0 requiere, adem\u00e1s de conocimientos de inform\u00e1tica y matem\u00e1tica num\u00e9rica, s\u00f3lidos conocimientos te\u00f3ricos sobre el problema que desea modelar.<br \/>\nLos cambios y evoluciones que se han suscitado, as\u00ed como el nuevo perfil profesional y cient\u00edfico que surg\u00eda de la mano de los avances en los M\u00e9todos Num\u00e9ricos y Computacionales Aplicados a la Ingenier\u00eda ha sido r\u00e1pidamente visualizado por las universidades m\u00e1s destacadas en este campo en el mundo entero, tales como la Universidad Polit\u00e9cnica de Barcelona, la Universidad Polit\u00e9cnica de Madrid, la Universidad de Stanford en EE.UU. y la Universidad T\u00e9cnica de Munich y la Universidad de Stuttgart en Alemania, entre otras. En todas ellas se han implementado importantes cambios en las carreras de grado relacionadas con la ense\u00f1anza de los M\u00e9todos Num\u00e9ricos y Computacionales, a la vez que se ha fomentado la creaci\u00f3n de posgrados en esta \u00e1rea del conocimiento. Los beneficios de estas medidas no tardaron en hacerse notar. Actualmente, m\u00e1s del 50% de las tesis doctorales en dichas casas de altos estudios est\u00e1n relacionadas con la Mec\u00e1nica Computacional. M\u00e1s a\u00fan, las sociedades de esos pa\u00edses se han visto fuertemente beneficiadas por los resultados de investigaciones en esta \u00e1rea del conocimiento. Como ejemplo citamos el estudio de oleajes y dise\u00f1o hidr\u00e1ulico del puerto de Barcelona, el dise\u00f1o de plataformas submarinas en EE.UU e Inglaterra, la aislaci\u00f3n sonora de poblados cercanos a las autopistas en Alemania y Francia. Adem\u00e1s citamos las grandes contribuciones de los especialistas en Mec\u00e1nica Computacional al desarrollo en el campo automovil\u00edstico, aeron\u00e1utico, espacial y en la bioingenier\u00eda.<br \/>\nResulta evidente entonces que la creaci\u00f3n de carreras de posgrado en M\u00e9todos Num\u00e9ricos y Computacionales en Ingenier\u00eda es uno de los mayores desaf\u00edos actuales y responde a la necesidad urgente de adecuar nuestros graduados y acad\u00e9micos a los cambios que se est\u00e1n produciendo en el mundo. Esto redundar\u00e1 en un beneficio para toda la sociedad a trav\u00e9s de los desarrollos y contribuciones cient\u00edficas y profesionales realizadas por los especialistas en esta \u00e1rea del conocimiento.<\/p>\n<\/div>\n<\/div><\/div><\/div><\/div><div id=\"pg-104-4\"  class=\"panel-grid panel-no-style\" ><div id=\"pgc-104-4-0\"  class=\"panel-grid-cell\" ><div id=\"panel-104-4-0-0\" class=\"so-panel widget widget_sow-editor panel-first-child panel-last-child\" data-index=\"4\" ><div\n\t\t\t\n\t\t\tclass=\"so-widget-sow-editor so-widget-sow-editor-base\"\n\t\t\t\n\t\t>\n<div class=\"siteorigin-widget-tinymce textwidget\">\n\t<p>Es importante resaltar el car\u00e1cter multidisciplinario de esta carrera de posgrado, ya que est\u00e1n involucradas la mayor\u00eda de las \u00e1reas de conocimiento de la FACET, donde se desarrollan actividades cient\u00edficas y acad\u00e9micas en la aplicaci\u00f3n de m\u00e9todos num\u00e9ricos y computacionales en ciencias exactas e ingenier\u00eda. Precisamente, tales actividades cient\u00edficas han alcanzado una particular importancia en los proyectos y programas de investigaci\u00f3n con financiamiento del Consejo de Investigaciones de la UNT, del CONICET, del FONCYT y de otras entidades extranjeras.<\/p>\n<\/div>\n<\/div><\/div><\/div><\/div><\/div>","protected":false},"excerpt":{"rendered":"<p>La carrera de Maestr\u00eda en M\u00e9todos Num\u00e9ricos y Computacionales en Ingenier\u00eda otorga el t\u00edtulo de Magister, es una carrera de postgrado destinada a graduados de las diversas ramas de la Ingenier\u00eda y de las Ciencias Exactas (Matem\u00e1ticas, F\u00edsica, Qu\u00edmica) con inter\u00e9s en profundizar sus conocimientos en el modelado num\u00e9rico y sus aplicaciones. Fue creada en [&hellip;]<\/p>\n","protected":false},"author":17,"featured_media":0,"parent":0,"menu_order":0,"comment_status":"closed","ping_status":"closed","template":"templates\/template-full.php","meta":[],"_links":{"self":[{"href":"https:\/\/www.facet.unt.edu.ar\/mag-mnci\/wp-json\/wp\/v2\/pages\/104"}],"collection":[{"href":"https:\/\/www.facet.unt.edu.ar\/mag-mnci\/wp-json\/wp\/v2\/pages"}],"about":[{"href":"https:\/\/www.facet.unt.edu.ar\/mag-mnci\/wp-json\/wp\/v2\/types\/page"}],"author":[{"embeddable":true,"href":"https:\/\/www.facet.unt.edu.ar\/mag-mnci\/wp-json\/wp\/v2\/users\/17"}],"replies":[{"embeddable":true,"href":"https:\/\/www.facet.unt.edu.ar\/mag-mnci\/wp-json\/wp\/v2\/comments?post=104"}],"version-history":[{"count":55,"href":"https:\/\/www.facet.unt.edu.ar\/mag-mnci\/wp-json\/wp\/v2\/pages\/104\/revisions"}],"predecessor-version":[{"id":327,"href":"https:\/\/www.facet.unt.edu.ar\/mag-mnci\/wp-json\/wp\/v2\/pages\/104\/revisions\/327"}],"wp:attachment":[{"href":"https:\/\/www.facet.unt.edu.ar\/mag-mnci\/wp-json\/wp\/v2\/media?parent=104"}],"curies":[{"name":"wp","href":"https:\/\/api.w.org\/{rel}","templated":true}]}}