{"id":1031,"date":"2018-03-03T10:02:13","date_gmt":"2018-03-03T13:02:13","guid":{"rendered":"https:\/\/www.facet.unt.edu.ar\/mecom2018\/?page_id=1031"},"modified":"2018-03-07T17:18:17","modified_gmt":"2018-03-07T20:18:17","slug":"structural-analysis","status":"publish","type":"page","link":"https:\/\/www.facet.unt.edu.ar\/mecom2018\/en\/sessions\/structural-analysis\/","title":{"rendered":"STRUCTURAL ANALYSIS"},"content":{"rendered":"<table>\n<tbody>\n<tr>\n<td style=\"background-color: #424242; text-align: center; vertical-align: middle;\"><a href=\"https:\/\/www.facet.unt.edu.ar\/mecom2018\/en\/sessions\/acoustics-and-vibrations\/\"><span style=\"font-size: 18pt; font-family: 'arial black', sans-serif;\"><span style=\"color: #ffffff;\"><span style=\"font-size: 14pt;\">&lt;<\/span> <span style=\"font-family: arial, helvetica, sans-serif; font-size: 14pt;\">Previous<\/span><\/span><\/span><\/a><\/td>\n<td style=\"text-align: center; vertical-align: middle;\"><span style=\"font-family: arial, helvetica, sans-serif; font-size: 14pt;\"><strong><a href=\"https:\/\/www.facet.unt.edu.ar\/mecom2018\/en\/sessions\/\">Other Sessions<\/a><\/strong><\/span><\/td>\n<td style=\"background-color: #424242; text-align: center; vertical-align: middle;\"><a href=\"https:\/\/www.facet.unt.edu.ar\/mecom2018\/en\/sessions\/applications-to-nuclear-power-reactors\/\"><span style=\"font-family: 'arial black', sans-serif;\"><span style=\"font-size: 14pt; font-family: arial, helvetica, sans-serif;\"><span style=\"color: #ffffff;\">Next<\/span><\/span><span style=\"font-size: 14pt;\"><strong><span style=\"color: #ffffff;\"> &gt;<\/span><\/strong><\/span><\/span><\/a><\/td>\n<\/tr>\n<\/tbody>\n<\/table>\n<p><strong>Organizers:<\/strong><\/p>\n<p>Diana Bambill, Departamento de Ingenier\u00eda, Universidad Nacional del Sur, CONICET, Bah\u00eda Blanca,Argentina. <a href=\"mailto:dbambill@criba.edu.ar\">dbambill@criba.edu.ar<\/a><\/p>\n<p>Rossana Jaca, Facultad de Ingenier\u00eda, Universidad Nacional del Comahue, Argentina, Neuqu\u00e9n, Argentina. <a href=\"mailto:rossana.jaca@fain.uncoma.edu.ar\">rossana.jaca@fain.uncoma.edu.ar<\/a><\/p>\n<p>&nbsp;<\/p>\n<p><strong>Description:<\/strong><\/p>\n<p>This session aims to present and discuss investigations in structural analysis and design, using numerical methods that may be associated with theoretical and experimental developments. The scope is broad and includes studies of vibration problems and discrete and continuous systems subjected to static or dynamic loads.<\/p>\n<p>Topics of interest:<\/p>\n<ul>\n<li>Structures of different types: beams, columns, frames, arches, plates, shells.<\/li>\n<li>Structures of various materials, (homogeneous and composite materials): steel, reinforced or prestressed concrete, mixed structures, composite structures<\/li>\n<li>Structures subjected to: vibrations, static and dynamic loads: wind, earthquake,impact,&#8230;<\/li>\n<li>Procedures for structural design<\/li>\n<li>Damage assessment and structural reliability.<\/li>\n<\/ul>\n<p style=\"text-align: justify;\">KEYWORDS:<\/p>\n","protected":false},"excerpt":{"rendered":"<p>&lt; Previous Other Sessions Next &gt; Organizers: Diana Bambill, Departamento de Ingenier\u00eda, Universidad Nacional del Sur, CONICET, Bah\u00eda Blanca,Argentina. dbambill@criba.edu.ar Rossana Jaca, Facultad de Ingenier\u00eda, Universidad Nacional del Comahue, Argentina, Neuqu\u00e9n, Argentina. rossana.jaca@fain.uncoma.edu.ar &nbsp; Description: This session aims to present and discuss investigations in structural analysis and design, using numerical methods that may be associated [&hellip;]<\/p>\n","protected":false},"author":20,"featured_media":0,"parent":866,"menu_order":0,"comment_status":"closed","ping_status":"closed","template":"","meta":[],"_links":{"self":[{"href":"https:\/\/www.facet.unt.edu.ar\/mecom2018\/wp-json\/wp\/v2\/pages\/1031"}],"collection":[{"href":"https:\/\/www.facet.unt.edu.ar\/mecom2018\/wp-json\/wp\/v2\/pages"}],"about":[{"href":"https:\/\/www.facet.unt.edu.ar\/mecom2018\/wp-json\/wp\/v2\/types\/page"}],"author":[{"embeddable":true,"href":"https:\/\/www.facet.unt.edu.ar\/mecom2018\/wp-json\/wp\/v2\/users\/20"}],"replies":[{"embeddable":true,"href":"https:\/\/www.facet.unt.edu.ar\/mecom2018\/wp-json\/wp\/v2\/comments?post=1031"}],"version-history":[{"count":8,"href":"https:\/\/www.facet.unt.edu.ar\/mecom2018\/wp-json\/wp\/v2\/pages\/1031\/revisions"}],"predecessor-version":[{"id":1141,"href":"https:\/\/www.facet.unt.edu.ar\/mecom2018\/wp-json\/wp\/v2\/pages\/1031\/revisions\/1141"}],"up":[{"embeddable":true,"href":"https:\/\/www.facet.unt.edu.ar\/mecom2018\/wp-json\/wp\/v2\/pages\/866"}],"wp:attachment":[{"href":"https:\/\/www.facet.unt.edu.ar\/mecom2018\/wp-json\/wp\/v2\/media?parent=1031"}],"curies":[{"name":"wp","href":"https:\/\/api.w.org\/{rel}","templated":true}]}}