{"id":1506,"date":"2018-10-27T12:09:37","date_gmt":"2018-10-27T15:09:37","guid":{"rendered":"https:\/\/www.facet.unt.edu.ar\/mecom2018\/?page_id=1506"},"modified":"2018-10-27T17:34:22","modified_gmt":"2018-10-27T20:34:22","slug":"walking-tours","status":"publish","type":"page","link":"https:\/\/www.facet.unt.edu.ar\/mecom2018\/en\/walking-tours\/","title":{"rendered":"Tourism"},"content":{"rendered":"<ul>\n<li>You can find different tourist activities to do in the province of Tucum\u00e1n on the website of the\u00a0 <a href=\"https:\/\/www.tucumanturismo.gob.ar\/institucional\/15019\/147\/ente-autarquico-tucuman-turismo-eatt\" target=\"_blank\" rel=\"noopener\">Autarchic Entity\u00a0Tucum\u00e1n Tourism.<\/a><\/li>\n<li>Tours made by the company Yastay: City and surroundings, San Javier y Villa Nougu\u00e9s, Cadillal, Raco, Taf\u00ed del Valle. (For more information visit the following <a href=\"https:\/\/www.facet.unt.edu.ar\/mecom2018\/wp-content\/uploads\/sites\/43\/2018\/10\/tours.pdf\" target=\"_blank\" rel=\"noopener\">link<\/a>).<\/li>\n<li>Walking tours organized by different tourist circuits (For more information visit the following <a href=\"https:\/\/www.facet.unt.edu.ar\/mecom2018\/wp-content\/uploads\/sites\/43\/2018\/10\/Walking-tours.pdf\" target=\"_blank\" rel=\"noopener\">link<\/a>).<\/li>\n<\/ul>\n","protected":false},"excerpt":{"rendered":"<p>You can find different tourist activities to do in the province of Tucum\u00e1n on the website of the\u00a0 Autarchic Entity\u00a0Tucum\u00e1n Tourism. Tours made by the company Yastay: City and surroundings, San Javier y Villa Nougu\u00e9s, Cadillal, Raco, Taf\u00ed del Valle. (For more information visit the following link). Walking tours organized by different tourist circuits (For [&hellip;]<\/p>\n","protected":false},"author":101037,"featured_media":0,"parent":0,"menu_order":0,"comment_status":"closed","ping_status":"closed","template":"","meta":[],"_links":{"self":[{"href":"https:\/\/www.facet.unt.edu.ar\/mecom2018\/wp-json\/wp\/v2\/pages\/1506"}],"collection":[{"href":"https:\/\/www.facet.unt.edu.ar\/mecom2018\/wp-json\/wp\/v2\/pages"}],"about":[{"href":"https:\/\/www.facet.unt.edu.ar\/mecom2018\/wp-json\/wp\/v2\/types\/page"}],"author":[{"embeddable":true,"href":"https:\/\/www.facet.unt.edu.ar\/mecom2018\/wp-json\/wp\/v2\/users\/101037"}],"replies":[{"embeddable":true,"href":"https:\/\/www.facet.unt.edu.ar\/mecom2018\/wp-json\/wp\/v2\/comments?post=1506"}],"version-history":[{"count":5,"href":"https:\/\/www.facet.unt.edu.ar\/mecom2018\/wp-json\/wp\/v2\/pages\/1506\/revisions"}],"predecessor-version":[{"id":1539,"href":"https:\/\/www.facet.unt.edu.ar\/mecom2018\/wp-json\/wp\/v2\/pages\/1506\/revisions\/1539"}],"wp:attachment":[{"href":"https:\/\/www.facet.unt.edu.ar\/mecom2018\/wp-json\/wp\/v2\/media?parent=1506"}],"curies":[{"name":"wp","href":"https:\/\/api.w.org\/{rel}","templated":true}]}}