{"id":400,"date":"2018-02-21T09:20:39","date_gmt":"2018-02-21T12:20:39","guid":{"rendered":"https:\/\/www.facet.unt.edu.ar\/mecom2018\/?page_id=400"},"modified":"2018-03-03T02:25:25","modified_gmt":"2018-03-03T05:25:25","slug":"computacion-de-alto-desempeno","status":"publish","type":"page","link":"https:\/\/www.facet.unt.edu.ar\/mecom2018\/sesiones\/computacion-de-alto-desempeno\/","title":{"rendered":"COMPUTACI\u00d3N DE ALTO DESEMPE\u00d1O"},"content":{"rendered":"<table>\n<tbody>\n<tr>\n<td style=\"background-color: #424242; text-align: center; vertical-align: middle;\"><a href=\"https:\/\/www.facet.unt.edu.ar\/mecom2018\/sesiones\/aplicaciones-industriales\/\"><span style=\"font-size: 18pt; font-family: 'arial black', sans-serif;\"><span style=\"color: #ffffff;\"><span style=\"font-size: 14pt;\">&lt;<\/span> <span style=\"font-family: arial, helvetica, sans-serif; font-size: 14pt;\">Anterior<\/span><\/span><\/span><\/a><\/td>\n<td style=\"text-align: center; vertical-align: middle;\"><span style=\"font-family: arial, helvetica, sans-serif; font-size: 14pt;\"><strong><a href=\"https:\/\/www.facet.unt.edu.ar\/mecom2018\/sesiones\/\">Otras Sesiones<\/a><\/strong><\/span><\/td>\n<td style=\"background-color: #424242; text-align: center; vertical-align: middle;\"><a href=\"https:\/\/www.facet.unt.edu.ar\/mecom2018\/sesiones\/cuantificacion-de-incertidumbre-y-modelado-estocastico\/\"><span style=\"font-family: 'arial black', sans-serif;\"><span style=\"font-size: 14pt; font-family: arial, helvetica, sans-serif;\"><span style=\"color: #ffffff;\">Siguiente<\/span><\/span><span style=\"font-size: 14pt;\"><strong><span style=\"color: #ffffff;\"> &gt;<\/span><\/strong><\/span><\/span><\/a><\/td>\n<\/tr>\n<\/tbody>\n<\/table>\n<p><strong>Organizadores<\/strong><\/p>\n<p>Luciano Garelli<\/p>\n<p>Nicolas Wolovick<\/p>\n<p>&nbsp;<\/p>\n<p><strong>Descripci\u00f3n:<\/strong><\/p>\n<p style=\"text-align: justify;\">El crecimiento continuo en las capacidades de c\u00e1lculo de las computadoras exige la adaptaci\u00f3n de la forma de trabajo para poder aprovechar en forma \u00f3ptima los recursos computacionales. Desde 2005, el \u00fanico argumento que ha incrementado la velocidad de procesamiento en las computadoras ha sido el c\u00e1lculo en paralelo, ya sea paralelismo de instrucciones, de datos, de hilos o de nodos. La complejidad de las computadoras actuales que involucran estas cuatro formas de paralelismo, requiere que la programaci\u00f3n aproveche eficientemente estos miles de millones de transistores para obtener buen desempe\u00f1o, eficiencia y escalabilidad. Esto lleva tambi\u00e9n a proponer optimizaciones a programas en uso, as\u00ed como nuevos algoritmos y estructuras de datos para los problemas en mec\u00e1nica y multif\u00edsica computacional. Esta sesi\u00f3n intenta brindar un foro para quienes trabajan en la resoluci\u00f3n de problemas de mec\u00e1nica y multif\u00edsica computacional en procesadores tradicionales (CPU) o aceleradores (GPU\/MIC), aprovechando todas sus dimensiones del paralelismo, as\u00ed como en clusters de nodos de estos procesadores.<\/p>\n<p style=\"text-align: justify;\">PALABRAS CLAVE:<\/p>\n<p style=\"text-align: justify;\">\n","protected":false},"excerpt":{"rendered":"<p>&lt; Anterior Otras Sesiones Siguiente &gt; Organizadores Luciano Garelli Nicolas Wolovick &nbsp; Descripci\u00f3n: El crecimiento continuo en las capacidades de c\u00e1lculo de las computadoras exige la adaptaci\u00f3n de la forma de trabajo para poder aprovechar en forma \u00f3ptima los recursos computacionales. Desde 2005, el \u00fanico argumento que ha incrementado la velocidad de procesamiento en las [&hellip;]<\/p>\n","protected":false},"author":101037,"featured_media":0,"parent":112,"menu_order":0,"comment_status":"closed","ping_status":"closed","template":"","meta":[],"_links":{"self":[{"href":"https:\/\/www.facet.unt.edu.ar\/mecom2018\/wp-json\/wp\/v2\/pages\/400"}],"collection":[{"href":"https:\/\/www.facet.unt.edu.ar\/mecom2018\/wp-json\/wp\/v2\/pages"}],"about":[{"href":"https:\/\/www.facet.unt.edu.ar\/mecom2018\/wp-json\/wp\/v2\/types\/page"}],"author":[{"embeddable":true,"href":"https:\/\/www.facet.unt.edu.ar\/mecom2018\/wp-json\/wp\/v2\/users\/101037"}],"replies":[{"embeddable":true,"href":"https:\/\/www.facet.unt.edu.ar\/mecom2018\/wp-json\/wp\/v2\/comments?post=400"}],"version-history":[{"count":9,"href":"https:\/\/www.facet.unt.edu.ar\/mecom2018\/wp-json\/wp\/v2\/pages\/400\/revisions"}],"predecessor-version":[{"id":1002,"href":"https:\/\/www.facet.unt.edu.ar\/mecom2018\/wp-json\/wp\/v2\/pages\/400\/revisions\/1002"}],"up":[{"embeddable":true,"href":"https:\/\/www.facet.unt.edu.ar\/mecom2018\/wp-json\/wp\/v2\/pages\/112"}],"wp:attachment":[{"href":"https:\/\/www.facet.unt.edu.ar\/mecom2018\/wp-json\/wp\/v2\/media?parent=400"}],"curies":[{"name":"wp","href":"https:\/\/api.w.org\/{rel}","templated":true}]}}