{"id":420,"date":"2018-02-21T09:36:33","date_gmt":"2018-02-21T12:36:33","guid":{"rendered":"https:\/\/www.facet.unt.edu.ar\/mecom2018\/?page_id=420"},"modified":"2018-09-06T12:51:39","modified_gmt":"2018-09-06T15:51:39","slug":"aplicaciones-a-reactores-nucleares-de-potencia","status":"publish","type":"page","link":"https:\/\/www.facet.unt.edu.ar\/mecom2018\/sesiones\/aplicaciones-a-reactores-nucleares-de-potencia\/","title":{"rendered":"APLICACIONES A REACTORES NUCLEARES DE POTENCIA"},"content":{"rendered":"<table>\n<tbody>\n<tr>\n<td style=\"background-color: #424242; text-align: center; vertical-align: middle;\"><a href=\"https:\/\/www.facet.unt.edu.ar\/mecom2018\/sesiones\/analisis-estructural\/\"><span style=\"font-size: 18pt; font-family: 'arial black', sans-serif;\"><span style=\"color: #ffffff;\"><span style=\"font-size: 14pt;\">&lt;<\/span> <span style=\"font-family: arial, helvetica, sans-serif; font-size: 14pt;\">Anterior<\/span><\/span><\/span><\/a><\/td>\n<td style=\"text-align: center; vertical-align: middle;\"><span style=\"font-family: arial, helvetica, sans-serif; font-size: 14pt;\"><strong><a href=\"https:\/\/www.facet.unt.edu.ar\/mecom2018\/sesiones\/\">Otras Sesiones<\/a><\/strong><\/span><\/td>\n<td style=\"background-color: #424242; text-align: center; vertical-align: middle;\"><a href=\"https:\/\/www.facet.unt.edu.ar\/mecom2018\/sesiones\/aplicaciones-de-wavelets\/\"><span style=\"font-family: 'arial black', sans-serif;\"><span style=\"font-size: 14pt; font-family: arial, helvetica, sans-serif;\"><span style=\"color: #ffffff;\">Siguiente<\/span><\/span><span style=\"font-size: 14pt;\"><strong><span style=\"color: #ffffff;\"> &gt;<\/span><\/strong><\/span><\/span><\/a><\/td>\n<\/tr>\n<\/tbody>\n<\/table>\n<p><strong>Organizadores<\/strong><\/p>\n<p style=\"font-weight: 400;\">Juan Nervi,<\/p>\n<p style=\"font-weight: 400;\">Fernando Schroeter,<\/p>\n<p>&nbsp;<\/p>\n<p><strong>Descripci\u00f3n:<\/strong><\/p>\n<p style=\"text-align: justify;\">Objetivo: reunir a especialistas en c\u00e1lculo y modelado num\u00e9rico de reactores nucleares de potencia en las \u00e1reas de s\u00f3lidos, materiales, fluidos. Espec\u00edficamente\u00a0 en an\u00e1lisis de integridad estructural, s\u00edsmicos, estudios determin\u00edsticos y probabil\u00edsticos, seguridad nuclear y an\u00e1lisis de comportamiento de plantas en condiciones de dise\u00f1o y m\u00e1s all\u00e1 de la base de dise\u00f1o, c\u00e1lculo de envejecimiento de materiales bajo irradiaci\u00f3n y distintos mecanismos propios de cada planta.<\/p>\n<p style=\"text-align: justify;\">PALABRAS CLAVE:<\/p>\n<p style=\"text-align: justify;\">\n","protected":false},"excerpt":{"rendered":"<p>&lt; Anterior Otras Sesiones Siguiente &gt; Organizadores Juan Nervi, Fernando Schroeter, &nbsp; Descripci\u00f3n: Objetivo: reunir a especialistas en c\u00e1lculo y modelado num\u00e9rico de reactores nucleares de potencia en las \u00e1reas de s\u00f3lidos, materiales, fluidos. Espec\u00edficamente\u00a0 en an\u00e1lisis de integridad estructural, s\u00edsmicos, estudios determin\u00edsticos y probabil\u00edsticos, seguridad nuclear y an\u00e1lisis de comportamiento de plantas en condiciones [&hellip;]<\/p>\n","protected":false},"author":101037,"featured_media":0,"parent":112,"menu_order":0,"comment_status":"closed","ping_status":"closed","template":"","meta":[],"_links":{"self":[{"href":"https:\/\/www.facet.unt.edu.ar\/mecom2018\/wp-json\/wp\/v2\/pages\/420"}],"collection":[{"href":"https:\/\/www.facet.unt.edu.ar\/mecom2018\/wp-json\/wp\/v2\/pages"}],"about":[{"href":"https:\/\/www.facet.unt.edu.ar\/mecom2018\/wp-json\/wp\/v2\/types\/page"}],"author":[{"embeddable":true,"href":"https:\/\/www.facet.unt.edu.ar\/mecom2018\/wp-json\/wp\/v2\/users\/101037"}],"replies":[{"embeddable":true,"href":"https:\/\/www.facet.unt.edu.ar\/mecom2018\/wp-json\/wp\/v2\/comments?post=420"}],"version-history":[{"count":8,"href":"https:\/\/www.facet.unt.edu.ar\/mecom2018\/wp-json\/wp\/v2\/pages\/420\/revisions"}],"predecessor-version":[{"id":1407,"href":"https:\/\/www.facet.unt.edu.ar\/mecom2018\/wp-json\/wp\/v2\/pages\/420\/revisions\/1407"}],"up":[{"embeddable":true,"href":"https:\/\/www.facet.unt.edu.ar\/mecom2018\/wp-json\/wp\/v2\/pages\/112"}],"wp:attachment":[{"href":"https:\/\/www.facet.unt.edu.ar\/mecom2018\/wp-json\/wp\/v2\/media?parent=420"}],"curies":[{"name":"wp","href":"https:\/\/api.w.org\/{rel}","templated":true}]}}