{"id":749,"date":"2018-02-23T22:17:43","date_gmt":"2018-02-24T01:17:43","guid":{"rendered":"https:\/\/www.facet.unt.edu.ar\/mecom2018\/?page_id=749"},"modified":"2018-03-03T02:27:29","modified_gmt":"2018-03-03T05:27:29","slug":"fundamentos-matematicos-de-metodos-numericos","status":"publish","type":"page","link":"https:\/\/www.facet.unt.edu.ar\/mecom2018\/sesiones\/fundamentos-matematicos-de-metodos-numericos\/","title":{"rendered":"FUNDAMENTOS MATEM\u00c1TICOS DE M\u00c9TODOS NUM\u00c9RICOS"},"content":{"rendered":"<table>\n<tbody>\n<tr>\n<td style=\"background-color: #424242; text-align: center; vertical-align: middle;\"><a href=\"https:\/\/www.facet.unt.edu.ar\/mecom2018\/sesiones\/flujo-y-transporte-multifasicos-en-medios-porosos-y-microescala\/\"><span style=\"font-size: 18pt; font-family: 'arial black', sans-serif;\"><span style=\"color: #ffffff;\"><span style=\"font-size: 14pt;\">&lt;<\/span> <span style=\"font-family: arial, helvetica, sans-serif; font-size: 14pt;\">Anterior<\/span><\/span><\/span><\/a><\/td>\n<td style=\"text-align: center; vertical-align: middle;\"><span style=\"font-family: arial, helvetica, sans-serif; font-size: 14pt;\"><strong><a href=\"https:\/\/www.facet.unt.edu.ar\/mecom2018\/sesiones\/\">Otras Sesiones<\/a><\/strong><\/span><\/td>\n<td style=\"background-color: #424242; text-align: center; vertical-align: middle;\"><a href=\"https:\/\/www.facet.unt.edu.ar\/mecom2018\/sesiones\/mecanica-de-fluidos\/\"><span style=\"font-family: 'arial black', sans-serif;\"><span style=\"font-size: 14pt; font-family: arial, helvetica, sans-serif;\"><span style=\"color: #ffffff;\">Siguiente<\/span><\/span><span style=\"font-size: 14pt;\"><strong><span style=\"color: #ffffff;\"> &gt;<\/span><\/strong><\/span><\/span><\/a><\/td>\n<\/tr>\n<\/tbody>\n<\/table>\n<p><strong>Organizadores<\/strong><\/p>\n<p>Ezequiel L\u00f3pez, <a href=\"mailto:ezequiel.jose.lopez@gmail.com\">ezequiel.jose.lopez@gmail.com<\/a><\/p>\n<p>Sof\u00eda Sarraf, <a href=\"mailto:sssarraf@gmail.com\">sssarraf@gmail.com<\/a><\/p>\n<p>Alejandro Cosimo, <a href=\"mailto:alecosimo@gmail.com\">alecosimo@gmail.com<\/a><\/p>\n<p>&nbsp;<\/p>\n<p><strong>Descripci\u00f3n:<\/strong><\/p>\n<p style=\"text-align: justify;\">Los trabajos de inter\u00e9s en esta sesi\u00f3n est\u00e1n relacionados con el desarrollo y\/o an\u00e1lisis de t\u00e9cnicas num\u00e9ricas aplicables a la resoluci\u00f3n de problemas de valores de borde, de valor inicial, o mixtos; incluyendo las basadas en los m\u00e9todos de elementos finitos, vol\u00famenes finitos, diferencias finitas, elementos de borde, u otros. El \u00e9nfasis en estos trabajos est\u00e1 puesto en el aspecto matem\u00e1tico y fundamentos de las t\u00e9cnicas empleadas, sin limitaci\u00f3n, por lo tanto, de la posible aplicaci\u00f3n que se haga del m\u00e9todo considerado. M\u00e1s espec\u00edficamente los siguientes temas comprenden el alcance de esta sesi\u00f3n: formulaci\u00f3n de modelos reducidos, tecnolog\u00eda de elementos (e.g. formulaciones enriquecidas), m\u00e9todos de resoluci\u00f3n de sistemas de ecuaciones lineales y no-lineales, m\u00e9todos chimera o esquemas globales\/locales relacionados, esquemas de estabilizaci\u00f3n, y estudios sobre la existencia y unicidad de soluciones a problemas de valores de borde, entre otros.<\/p>\n<p style=\"text-align: justify;\">PALABRAS CLAVE:<\/p>\n<p style=\"text-align: justify;\">\n","protected":false},"excerpt":{"rendered":"<p>&lt; Anterior Otras Sesiones Siguiente &gt; Organizadores Ezequiel L\u00f3pez, ezequiel.jose.lopez@gmail.com Sof\u00eda Sarraf, sssarraf@gmail.com Alejandro Cosimo, alecosimo@gmail.com &nbsp; Descripci\u00f3n: Los trabajos de inter\u00e9s en esta sesi\u00f3n est\u00e1n relacionados con el desarrollo y\/o an\u00e1lisis de t\u00e9cnicas num\u00e9ricas aplicables a la resoluci\u00f3n de problemas de valores de borde, de valor inicial, o mixtos; incluyendo las basadas en los [&hellip;]<\/p>\n","protected":false},"author":20,"featured_media":0,"parent":112,"menu_order":0,"comment_status":"closed","ping_status":"closed","template":"","meta":[],"_links":{"self":[{"href":"https:\/\/www.facet.unt.edu.ar\/mecom2018\/wp-json\/wp\/v2\/pages\/749"}],"collection":[{"href":"https:\/\/www.facet.unt.edu.ar\/mecom2018\/wp-json\/wp\/v2\/pages"}],"about":[{"href":"https:\/\/www.facet.unt.edu.ar\/mecom2018\/wp-json\/wp\/v2\/types\/page"}],"author":[{"embeddable":true,"href":"https:\/\/www.facet.unt.edu.ar\/mecom2018\/wp-json\/wp\/v2\/users\/20"}],"replies":[{"embeddable":true,"href":"https:\/\/www.facet.unt.edu.ar\/mecom2018\/wp-json\/wp\/v2\/comments?post=749"}],"version-history":[{"count":7,"href":"https:\/\/www.facet.unt.edu.ar\/mecom2018\/wp-json\/wp\/v2\/pages\/749\/revisions"}],"predecessor-version":[{"id":1007,"href":"https:\/\/www.facet.unt.edu.ar\/mecom2018\/wp-json\/wp\/v2\/pages\/749\/revisions\/1007"}],"up":[{"embeddable":true,"href":"https:\/\/www.facet.unt.edu.ar\/mecom2018\/wp-json\/wp\/v2\/pages\/112"}],"wp:attachment":[{"href":"https:\/\/www.facet.unt.edu.ar\/mecom2018\/wp-json\/wp\/v2\/media?parent=749"}],"curies":[{"name":"wp","href":"https:\/\/api.w.org\/{rel}","templated":true}]}}