{"id":123,"date":"2023-02-14T10:00:20","date_gmt":"2023-02-14T13:00:20","guid":{"rendered":"https:\/\/www.facet.unt.edu.ar\/mig\/?page_id=123"},"modified":"2023-07-11T09:41:22","modified_gmt":"2023-07-11T12:41:22","slug":"cursos-y-docentes","status":"publish","type":"page","link":"https:\/\/www.facet.unt.edu.ar\/mig\/cursos-y-docentes\/","title":{"rendered":"ASIGNATURAS"},"content":{"rendered":"<p style=\"background: #FCFCFC; vertical-align: baseline; margin: 12.0pt 0cm 12.0pt 0cm;\"><span style=\"font-family: 'Arial',sans-serif; color: #333333;\">Las tem\u00e1ticas de cada asignatura tendr\u00e1n una fuerte interrelaci\u00f3n entre los aspectos te\u00f3ricos y pr\u00e1cticos. Los d\u00edas y horarios de cursado se acordar\u00e1n con cada responsable de las asignaturas. El estudiante deber\u00e1 cumplimentar el 80% de asistencia al conjunto de las clases te\u00f3ricas y pr\u00e1cticas de cada asignatura.<\/span><\/p>\n<p style=\"background: #FCFCFC; vertical-align: baseline; margin: 12.0pt 0cm 12.0pt 0cm;\"><span style=\"font-family: 'Arial',sans-serif; color: #333333;\">Los cursos correspondientes a las distintas asignaturas estar\u00e1n abiertos a profesionales interesados que deseen realizarlos. Los estudiantes externos a la Carrera que aprueben una asignatura tendr\u00e1n derecho a una certificaci\u00f3n que acredite esta situaci\u00f3n. En caso de no aprobar la asignatura el estudiante tendr\u00e1 derecho a una certificaci\u00f3n que acredite su asistencia.<\/span><\/p>\n<p><strong>Listado de asignaturas &#8211; sede UNT.<\/strong><\/p>\n<p><a href=\"https:\/\/www.facet.unt.edu.ar\/mig\/wp-content\/uploads\/sites\/84\/2023\/02\/Asignaturas-UNT.png\"><img decoding=\"async\" loading=\"lazy\" class=\"size-full wp-image-129 aligncenter\" src=\"https:\/\/www.facet.unt.edu.ar\/mig\/wp-content\/uploads\/sites\/84\/2023\/02\/Asignaturas-UNT.png\" alt=\"\" width=\"592\" height=\"704\" \/><\/a><\/p>\n<p><strong>Listado de asignaturas &#8211; sede TUM.<\/strong><\/p>\n<p><a href=\"https:\/\/www.facet.unt.edu.ar\/mig\/wp-content\/uploads\/sites\/84\/2023\/02\/Asignaturas-TUM.png\"><img decoding=\"async\" loading=\"lazy\" class=\"size-full wp-image-128 aligncenter\" src=\"https:\/\/www.facet.unt.edu.ar\/mig\/wp-content\/uploads\/sites\/84\/2023\/02\/Asignaturas-TUM.png\" alt=\"\" width=\"594\" height=\"625\" \/><\/a><\/p>\n<p style=\"text-align: center;\"><a href=\"https:\/\/www.facet.unt.edu.ar\/mig\/wp-content\/uploads\/sites\/84\/2023\/02\/TUNNELBAU-1.png\"><img decoding=\"async\" loading=\"lazy\" class=\"alignnone size-full wp-image-191\" src=\"https:\/\/www.facet.unt.edu.ar\/mig\/wp-content\/uploads\/sites\/84\/2023\/02\/TUNNELBAU-1.png\" alt=\"\" width=\"593\" height=\"413\" \/><\/a><\/p>\n","protected":false},"excerpt":{"rendered":"<p>Las tem\u00e1ticas de cada asignatura tendr\u00e1n una fuerte interrelaci\u00f3n entre los aspectos te\u00f3ricos y pr\u00e1cticos. Los d\u00edas y horarios de cursado se acordar\u00e1n con cada responsable de las asignaturas. El estudiante deber\u00e1 cumplimentar el 80% de asistencia al conjunto de las clases te\u00f3ricas y pr\u00e1cticas de cada asignatura. Los cursos correspondientes a las distintas asignaturas [&hellip;]<\/p>\n","protected":false},"author":123482,"featured_media":0,"parent":0,"menu_order":4,"comment_status":"closed","ping_status":"closed","template":"","meta":[],"_links":{"self":[{"href":"https:\/\/www.facet.unt.edu.ar\/mig\/wp-json\/wp\/v2\/pages\/123"}],"collection":[{"href":"https:\/\/www.facet.unt.edu.ar\/mig\/wp-json\/wp\/v2\/pages"}],"about":[{"href":"https:\/\/www.facet.unt.edu.ar\/mig\/wp-json\/wp\/v2\/types\/page"}],"author":[{"embeddable":true,"href":"https:\/\/www.facet.unt.edu.ar\/mig\/wp-json\/wp\/v2\/users\/123482"}],"replies":[{"embeddable":true,"href":"https:\/\/www.facet.unt.edu.ar\/mig\/wp-json\/wp\/v2\/comments?post=123"}],"version-history":[{"count":16,"href":"https:\/\/www.facet.unt.edu.ar\/mig\/wp-json\/wp\/v2\/pages\/123\/revisions"}],"predecessor-version":[{"id":189,"href":"https:\/\/www.facet.unt.edu.ar\/mig\/wp-json\/wp\/v2\/pages\/123\/revisions\/189"}],"wp:attachment":[{"href":"https:\/\/www.facet.unt.edu.ar\/mig\/wp-json\/wp\/v2\/media?parent=123"}],"curies":[{"name":"wp","href":"https:\/\/api.w.org\/{rel}","templated":true}]}}