{"id":204,"date":"2023-02-25T16:46:44","date_gmt":"2023-02-25T19:46:44","guid":{"rendered":"https:\/\/www.facet.unt.edu.ar\/mig\/?page_id=204"},"modified":"2025-04-29T18:53:06","modified_gmt":"2025-04-29T21:53:06","slug":"destinatarios","status":"publish","type":"page","link":"https:\/\/www.facet.unt.edu.ar\/mig\/destinatarios\/","title":{"rendered":"DESTINATARIOS"},"content":{"rendered":"<p>Esta carrera de posgrado formar\u00e1 al estudiante a trav\u00e9s de cursos que comprenden disciplinas t\u00edpicas del \u00e1rea y mediante la elaboraci\u00f3n de un trabajo de tesis que le permitir\u00e1 profundizar en temas afines aplicando metodolog\u00edas de investigaci\u00f3n y generaci\u00f3n del conocimiento.<\/p>\n<p>La Maestr\u00eda en Ingenier\u00eda Geot\u00e9cnica avanzar\u00e1 en la profundizaci\u00f3n y fundamentaci\u00f3n de aquellos conocimientos b\u00e1sicos impartidos a los profesionales en la carrera de grado, as\u00ed como en la presentaci\u00f3n de nuevas tecnolog\u00edas y metodolog\u00edas aplicables a problemas de la pr\u00e1ctica.<\/p>\n<p>La Carrera est\u00e1 destinada a graduados universitarios en carreras de grado acreditadas por la CONEAU (o equivalente) y con reconocimiento oficial por parte del Ministerio de Educaci\u00f3n con un plan de estudios no menor a 4 a\u00f1os, de algunas de las siguientes titulaciones, preferentemente: Ingenier\u00eda Civil, Ingenier\u00eda Hidr\u00e1ulica, Ingenier\u00eda en V\u00edas de Comunicaci\u00f3n, Ingenier\u00eda de Minas, Ingenier\u00eda en Construcciones y carreras afines.<\/p>\n","protected":false},"excerpt":{"rendered":"<p>Esta carrera de posgrado formar\u00e1 al estudiante a trav\u00e9s de cursos que comprenden disciplinas t\u00edpicas del \u00e1rea y mediante la elaboraci\u00f3n de un trabajo de tesis que le permitir\u00e1 profundizar en temas afines aplicando metodolog\u00edas de investigaci\u00f3n y generaci\u00f3n del conocimiento. La Maestr\u00eda en Ingenier\u00eda Geot\u00e9cnica avanzar\u00e1 en la profundizaci\u00f3n y fundamentaci\u00f3n de aquellos conocimientos [&hellip;]<\/p>\n","protected":false},"author":123482,"featured_media":0,"parent":0,"menu_order":2,"comment_status":"closed","ping_status":"closed","template":"","meta":[],"_links":{"self":[{"href":"https:\/\/www.facet.unt.edu.ar\/mig\/wp-json\/wp\/v2\/pages\/204"}],"collection":[{"href":"https:\/\/www.facet.unt.edu.ar\/mig\/wp-json\/wp\/v2\/pages"}],"about":[{"href":"https:\/\/www.facet.unt.edu.ar\/mig\/wp-json\/wp\/v2\/types\/page"}],"author":[{"embeddable":true,"href":"https:\/\/www.facet.unt.edu.ar\/mig\/wp-json\/wp\/v2\/users\/123482"}],"replies":[{"embeddable":true,"href":"https:\/\/www.facet.unt.edu.ar\/mig\/wp-json\/wp\/v2\/comments?post=204"}],"version-history":[{"count":12,"href":"https:\/\/www.facet.unt.edu.ar\/mig\/wp-json\/wp\/v2\/pages\/204\/revisions"}],"predecessor-version":[{"id":363,"href":"https:\/\/www.facet.unt.edu.ar\/mig\/wp-json\/wp\/v2\/pages\/204\/revisions\/363"}],"wp:attachment":[{"href":"https:\/\/www.facet.unt.edu.ar\/mig\/wp-json\/wp\/v2\/media?parent=204"}],"curies":[{"name":"wp","href":"https:\/\/api.w.org\/{rel}","templated":true}]}}