{"id":218,"date":"2023-03-01T10:37:30","date_gmt":"2023-03-01T13:37:30","guid":{"rendered":"https:\/\/www.facet.unt.edu.ar\/mig\/?page_id=218"},"modified":"2023-07-11T09:43:38","modified_gmt":"2023-07-11T12:43:38","slug":"idiomas","status":"publish","type":"page","link":"https:\/\/www.facet.unt.edu.ar\/mig\/idiomas\/","title":{"rendered":"IDIOMAS"},"content":{"rendered":"<p>Los estudiantes de UNT que participan del Programa de Doble Titulaci\u00f3n deben acreditar un nivel de idioma alem\u00e1n equivalente a B2. Se admitir\u00e1 un nivel de idioma equivalente a B1 siempre que el alumno se comprometa a alcanzar el nivel requerido antes del comienzo del cursado en TUM.<\/p>\n<p>Se recomienda un nivel de idioma ingl\u00e9s equivalente a B1 o superior.<\/p>\n","protected":false},"excerpt":{"rendered":"<p>Los estudiantes de UNT que participan del Programa de Doble Titulaci\u00f3n deben acreditar un nivel de idioma alem\u00e1n equivalente a B2. Se admitir\u00e1 un nivel de idioma equivalente a B1 siempre que el alumno se comprometa a alcanzar el nivel requerido antes del comienzo del cursado en TUM. Se recomienda un nivel de idioma ingl\u00e9s [&hellip;]<\/p>\n","protected":false},"author":123482,"featured_media":0,"parent":0,"menu_order":5,"comment_status":"closed","ping_status":"closed","template":"","meta":[],"_links":{"self":[{"href":"https:\/\/www.facet.unt.edu.ar\/mig\/wp-json\/wp\/v2\/pages\/218"}],"collection":[{"href":"https:\/\/www.facet.unt.edu.ar\/mig\/wp-json\/wp\/v2\/pages"}],"about":[{"href":"https:\/\/www.facet.unt.edu.ar\/mig\/wp-json\/wp\/v2\/types\/page"}],"author":[{"embeddable":true,"href":"https:\/\/www.facet.unt.edu.ar\/mig\/wp-json\/wp\/v2\/users\/123482"}],"replies":[{"embeddable":true,"href":"https:\/\/www.facet.unt.edu.ar\/mig\/wp-json\/wp\/v2\/comments?post=218"}],"version-history":[{"count":5,"href":"https:\/\/www.facet.unt.edu.ar\/mig\/wp-json\/wp\/v2\/pages\/218\/revisions"}],"predecessor-version":[{"id":277,"href":"https:\/\/www.facet.unt.edu.ar\/mig\/wp-json\/wp\/v2\/pages\/218\/revisions\/277"}],"wp:attachment":[{"href":"https:\/\/www.facet.unt.edu.ar\/mig\/wp-json\/wp\/v2\/media?parent=218"}],"curies":[{"name":"wp","href":"https:\/\/api.w.org\/{rel}","templated":true}]}}