{"id":108,"date":"2017-05-21T23:07:19","date_gmt":"2017-05-22T02:07:19","guid":{"rendered":"https:\/\/www.facet.unt.edu.ar\/nanoproject\/?page_id=108"},"modified":"2023-02-03T16:53:06","modified_gmt":"2023-02-03T19:53:06","slug":"people","status":"publish","type":"page","link":"https:\/\/www.facet.unt.edu.ar\/nanoproject\/people\/","title":{"rendered":"People"},"content":{"rendered":"<p><a href=\"https:\/\/www.facet.unt.edu.ar\/nanoproject\/wp-content\/uploads\/sites\/49\/2023\/02\/people-1.jpg\"><img decoding=\"async\" loading=\"lazy\" src=\"https:\/\/www.facet.unt.edu.ar\/nanoproject\/wp-content\/uploads\/sites\/49\/2023\/02\/people-1.jpg\" alt=\"\" width=\"720\" height=\"796\" class=\"aligncenter size-full wp-image-288\" \/><\/a><\/p>\n<h1 class=\"Estilo1\" style=\"text-align: center\"><strong><span style=\"color: #3366ff\">Collaborators<\/span><\/strong><\/h1>\n<p><span class=\"Estilo13\"><span class=\"Estilo12\"><span class=\"Estilo14\"><span class=\"Estilo15\"><strong>Dr. Silvia P\u00e9rez and the Solid State Physics Laboratory Staff (<a href=\"https:\/\/www.facet.unt.edu.ar\/lafiso\/\" target=\"_blank\" rel=\"noopener noreferrer\">LAFISO<\/a>)<\/strong><\/span><\/span><\/span><\/span><\/p>\n<p class=\"Estilo16\"><strong>Dr. Constantino Grosse and the Nanomaterials and Dielectric Properties of Matter Laboratory (LNPD)<\/strong><\/p>\n<p class=\"Estilo9\"><strong>Dra. M\u00f3nica Gramajo y Laboratorio de Investigaciones Fisicoqu\u00edmicas Te\u00f3ricas y Aplicadas (Dpto. de F\u00edsica, FACET, UNT)<\/strong><\/p>\n<p class=\"Estilo9\"><strong>Dr. N\u00e9stor Eduardo Katz e Instituto de Qu\u00edmica del Noroeste Argentino (<a href=\"http:\/\/www.tucuman-conicet.gov.ar\/Secciones.php?IdSeccion=16\" target=\"_blank\" rel=\"noopener noreferrer\">INQUINOA<\/a>)<\/strong><\/p>\n<p class=\"Estilo16\"><strong>Dr. Roberto Koropecki and Dr. Roberto Arce, (INTEC, Santa fe, Argentina)<\/strong><br \/>\n<a href=\"http:\/\/www.intec.ceride.gov.ar\/~psg\/integrantes.html\" target=\"_blank\" rel=\"noopener noreferrer\">http:\/\/www.intec.ceride.gov.ar\/~psg\/integrantes.html<\/a><\/p>\n<p class=\"Estilo16\"><strong>Dra. Rossana Madrid and Dra. Andrea Rodriguez (Laboratorio de Medios e Interfases, Departamento de Bioingenier\u00eda de la Facultad de Ciencias Exactas y Tecnolog\u00eda, UNT)<\/strong><br \/>\n<a href=\"http:\/\/www.herrera.unt.edu.ar\/bioingenieria\" target=\"_blank&lt;strong\" rel=\"noopener noreferrer\">http:\/\/www.herrera.unt.edu.ar\/bioingenieria<\/a><\/p>\n<p class=\"Estilo9\"><strong>Dra. Eder Romero y Dra. Ana Paula P\u00e9rez,<\/strong> <a href=\"http:\/\/www.nanomedicinas.unq.edu.ar\/nosotros.html\" target=\"_blank\" rel=\"noopener noreferrer\">Programa de Nanomedicinas, Universidad Nacional de Quilmes, Buenos Aires<\/a>.<\/p>\n<p class=\"Estilo16\"><strong>Dra. Gabriela Capeluto and Dra. Andrea Bragas (<a href=\"http:\/\/lec2.df.uba.ar\/\" target=\"_blank\" rel=\"noopener noreferrer\">Laboratorio de Electronica Cuantica<\/a>, FCEyN-UBA)<\/strong><\/p>\n<p class=\"Estilo16\"><strong>Dra. Liliana Fraigi (Instituto Nacional de Tecnologia Industrial)<\/strong><br \/>\n<a href=\"http:\/\/www.inti.gov.ar\/electronicaeinformatica\/utm\/plantel.htm\" target=\"_blank\" rel=\"noopener noreferrer\">http:\/\/www.inti.gov.ar\/electronicaeinformatica\/utm\/plantel.htm<\/a><\/p>\n<p class=\"Estilo16\"><strong>Dr. Ray LaPierre (CEDT, McMaster University, Canada)<\/strong><br \/>\n<a href=\"http:\/\/engphys.mcmaster.ca\/faculty_staff\/faculty\/lapierre\/\" target=\"_blank\" rel=\"noopener noreferrer\">http:\/\/engphys.mcmaster.ca\/faculty_staff\/faculty\/lapierre\/<\/a><\/p>\n<p class=\"Estilo16\"><strong>Dr. Yuri Pusep and Dr Luis Borrero Gonzalez(IFSC, USP, Brazil)<\/strong><br \/>\n<a href=\"http:\/\/www.ifsc.usp.br\/deptos\/grupo.php?rowid=19\" target=\"_blank\" rel=\"noopener noreferrer\">http:\/\/www.ifsc.usp.br\/deptos\/grupo.php?rowid=19<\/a><\/p>\n<p class=\"Estilo16\"><strong>Prof. Peter Mascher (CEDT, McMaster University, Canada)<\/strong><br \/>\n<a href=\"http:\/\/engphys.mcmaster.ca\/faculty_staff\/faculty\/mascher\/\" target=\"_blank\" rel=\"noopener noreferrer\">http:\/\/engphys.mcmaster.ca\/faculty_staff\/faculty\/mascher\/<\/a><\/p>\n<p class=\"Estilo16\"><strong>Dr. Pablo Esquinazi (Division of Superconductivity and Magnetism, University of Leipzig)<\/strong><br \/>\n<a href=\"http:\/\/www.uni-leipzig.de\/~sum\/wp\/personnel\/pesquinazi\" target=\"_blank\" rel=\"noopener noreferrer\">http:\/\/www.uni-leipzig.de\/~sum\/wp\/personnel\/pesquinazi<\/a><\/p>\n<p class=\"Estilo16\"><strong>Dr Fernando Audebert (Grupo de Materiales Avanzados &#8211; FIUBA, CIDIDI, Oxford University)<\/strong><br \/>\n<a href=\"http:\/\/laboratorios.fi.uba.ar\/gma\/\" target=\"_blank\" rel=\"noopener noreferrer\">http:\/\/laboratorios.fi.uba.ar\/gma\/<\/a><\/p>\n","protected":false},"excerpt":{"rendered":"<p>Collaborators Dr. Silvia P\u00e9rez and the Solid State Physics Laboratory Staff (LAFISO) Dr. Constantino Grosse and the Nanomaterials and Dielectric Properties of Matter Laboratory (LNPD) Dra. M\u00f3nica Gramajo y Laboratorio de Investigaciones Fisicoqu\u00edmicas Te\u00f3ricas y Aplicadas (Dpto. de F\u00edsica, FACET, UNT) Dr. N\u00e9stor Eduardo Katz e Instituto de Qu\u00edmica del Noroeste Argentino (INQUINOA) Dr. Roberto [&hellip;]<\/p>\n","protected":false},"author":101028,"featured_media":0,"parent":0,"menu_order":2,"comment_status":"closed","ping_status":"closed","template":"","meta":[],"_links":{"self":[{"href":"https:\/\/www.facet.unt.edu.ar\/nanoproject\/wp-json\/wp\/v2\/pages\/108"}],"collection":[{"href":"https:\/\/www.facet.unt.edu.ar\/nanoproject\/wp-json\/wp\/v2\/pages"}],"about":[{"href":"https:\/\/www.facet.unt.edu.ar\/nanoproject\/wp-json\/wp\/v2\/types\/page"}],"author":[{"embeddable":true,"href":"https:\/\/www.facet.unt.edu.ar\/nanoproject\/wp-json\/wp\/v2\/users\/101028"}],"replies":[{"embeddable":true,"href":"https:\/\/www.facet.unt.edu.ar\/nanoproject\/wp-json\/wp\/v2\/comments?post=108"}],"version-history":[{"count":27,"href":"https:\/\/www.facet.unt.edu.ar\/nanoproject\/wp-json\/wp\/v2\/pages\/108\/revisions"}],"predecessor-version":[{"id":335,"href":"https:\/\/www.facet.unt.edu.ar\/nanoproject\/wp-json\/wp\/v2\/pages\/108\/revisions\/335"}],"wp:attachment":[{"href":"https:\/\/www.facet.unt.edu.ar\/nanoproject\/wp-json\/wp\/v2\/media?parent=108"}],"curies":[{"name":"wp","href":"https:\/\/api.w.org\/{rel}","templated":true}]}}