{"id":175,"date":"2023-05-13T16:32:58","date_gmt":"2023-05-13T19:32:58","guid":{"rendered":"https:\/\/www.facet.unt.edu.ar\/peritajeinformatico\/?page_id=175"},"modified":"2023-05-23T08:22:14","modified_gmt":"2023-05-23T11:22:14","slug":"plan-de-estudio","status":"publish","type":"page","link":"https:\/\/www.facet.unt.edu.ar\/peritajeinformatico\/plan-de-estudio\/","title":{"rendered":"Plan de Estudio"},"content":{"rendered":"<div id=\"pl-175\"  class=\"panel-layout\" ><div id=\"pg-175-0\"  class=\"panel-grid panel-no-style\" ><div id=\"pgc-175-0-0\"  class=\"panel-grid-cell\" ><div id=\"panel-175-0-0-0\" class=\"so-panel widget widget_sow-editor panel-first-child panel-last-child\" data-index=\"0\" ><div\n\t\t\t\n\t\t\tclass=\"so-widget-sow-editor so-widget-sow-editor-base\"\n\t\t\t\n\t\t>\n<div class=\"siteorigin-widget-tinymce textwidget\">\n\t<table>\n<tbody>\n<tr>\n<td><b>Mod\/Lab<\/b><\/td>\n<td><b>Tem\u00e1tica<\/b><\/td>\n<td><b>Docente<\/b><\/td>\n<\/tr>\n<tr>\n<td><\/td>\n<td><span style=\"font-weight: 400;\">Clase Inaugural -Presentaci\u00f3n del plan de estudio.\u00a0<\/span><\/td>\n<td><\/td>\n<\/tr>\n<tr>\n<td><span style=\"font-weight: 400;\">Mod 1\u00a0<\/span><\/td>\n<td><span style=\"font-weight: 400;\">Introducci\u00f3n al ambiente Jur\u00eddico y Transformaci\u00f3n digital.\u00a0<\/span><\/td>\n<td><span style=\"font-weight: 400;\">Dr. Jesus Abel Lafuente -Dra. Maria Alejandra Silva\u00a0<\/span><\/td>\n<\/tr>\n<tr>\n<td><span style=\"font-weight: 400;\">Mod.2<\/span><\/td>\n<td><span style=\"font-weight: 400;\">Marco Legal para el ambiente pericial Judicial. Entrenamiento tecnol\u00f3gico en el proceso penal para el perito<\/span><\/td>\n<td><span style=\"font-weight: 400;\">Dra.Maria Alejandra Silva<\/span><\/td>\n<\/tr>\n<tr>\n<td><span style=\"font-weight: 400;\">Mod.3<\/span><\/td>\n<td><span style=\"font-weight: 400;\">Delitos Inform\u00e1ticos en la Argentina<\/span><\/td>\n<td><span style=\"font-weight: 400;\">Dr. Victor Portillo\u00a0<\/span><\/td>\n<\/tr>\n<tr>\n<td><span style=\"font-weight: 400;\">MasterClass<\/span><\/td>\n<td><span style=\"font-weight: 400;\">\u201cDebido proceso e implicancias legales de la prueba pericial de base digital\u201d.<\/span><\/td>\n<td><span style=\"font-weight: 400;\">Dr. Marco Rossi\u00a0<\/span><\/td>\n<\/tr>\n<tr>\n<td><span style=\"font-weight: 400;\">Mod 4<\/span><\/td>\n<td><span style=\"font-weight: 400;\">Introducci\u00f3n a las ciencias forenses. Evidencia Digital.<\/span><\/td>\n<td><span style=\"font-weight: 400;\">Ing. Patricia Moyata\u00a0<\/span><\/td>\n<\/tr>\n<tr>\n<td><span style=\"font-weight: 400;\">Mod 5<\/span><\/td>\n<td><span style=\"font-weight: 400;\">Etapas del proceso pericial: Identificaci\u00f3n, Recolecci\u00f3n, Adquisici\u00f3n, An\u00e1lisis y Presentaci\u00f3n del informe pericial Cadena de Custodia<\/span><\/td>\n<td><span style=\"font-weight: 400;\">Ing. Patricia Moyata\u00a0<\/span><\/td>\n<\/tr>\n<tr>\n<td><span style=\"font-weight: 400;\">Labor.1<\/span><\/td>\n<td><span style=\"font-weight: 400;\">Adquisici\u00f3n y An\u00e1lisis Forense<\/span><\/td>\n<td><span style=\"font-weight: 400;\">Lic. Marcelo Romero\u00a0<\/span><\/td>\n<\/tr>\n<tr>\n<td><span style=\"font-weight: 400;\">Mod. 6<\/span><\/td>\n<td><span style=\"font-weight: 400;\">Fiscal\u00eda Penal especializada en Ciberdelincuencia de Salta - Legislaci\u00f3n y Ley de creaci\u00f3n de la Fiscal\u00eda en Salta<\/span><\/td>\n<td><span style=\"font-weight: 400;\">Fiscal Abog. Sof\u00eda Cornejo y Gustavo Cadenas<\/span><\/td>\n<\/tr>\n<tr>\n<td><span style=\"font-weight: 400;\">Mod 7\u00a0<\/span><\/td>\n<td><span style=\"font-weight: 400;\">Incidentes en el \u00e1mbito privado - incidentes inform\u00e1ticos Informe T\u00e9cnico<\/span><\/td>\n<td><span style=\"font-weight: 400;\">Abg. Temperini \u00a0 y\u00a0<\/span><\/p>\n<p><span style=\"font-weight: 400;\">AUS Macedo<\/span><\/p>\n<\/td>\n<\/tr>\n<tr>\n<td><span style=\"font-weight: 400;\">Labor.2<\/span><\/td>\n<td><span style=\"font-weight: 400;\">OSINT: fuentes abiertas<\/span><\/td>\n<td><span style=\"font-weight: 400;\">Lic. Carlos Maldonado Lujan Ram\u00edrez<\/span><\/td>\n<\/tr>\n<tr>\n<td><span style=\"font-weight: 400;\">Labor.3<\/span><\/td>\n<td><span style=\"font-weight: 400;\">An\u00e1lisis de Whatsapp<\/span><\/td>\n<td><span style=\"font-weight: 400;\">Lic. Carlos Maldonado Lujan Ram\u00edrez<\/span><\/td>\n<\/tr>\n<tr>\n<td><span style=\"font-weight: 400;\"> Labor. 4<\/span><\/td>\n<td><span style=\"font-weight: 400;\">An\u00e1lisis forense en dispositivos m\u00f3viles<\/span><\/td>\n<td><span style=\"font-weight: 400;\">Lic. Cesar Ag\u00fcero<\/span><\/td>\n<\/tr>\n<tr>\n<td><span style=\"font-weight: 400;\">MasterClass<\/span><\/td>\n<td><span style=\"font-weight: 400;\">Medidas de Investigaci\u00f3n Tecnol\u00f3gicas: Los allanamientos remotos y el uso de drones o robots. Test de proporcionalidad en el acceso a celulares\u201d<\/span><\/td>\n<td><span style=\"font-weight: 400;\">Dr. Diego Stratiotis<\/span><\/td>\n<\/tr>\n<tr>\n<td><span style=\"font-weight: 400;\"> Labor 5<\/span><\/td>\n<td><span style=\"font-weight: 400;\"> \u00a0 \u00a0 \u00a0 \u00a0 \u00a0 \u00a0 \u00a0 \u00a0 \u00a0 \u00a0 \u00a0 \u00a0 \u00a0 \u00a0 Trabajo sobre casos - y uso de las herramientas forenses y sus distintas utilidades. (presencial)\u00a0<\/span><\/td>\n<td><span style=\"font-weight: 400;\">Mag. Ing. Gustavo Presma<\/span><\/td>\n<\/tr>\n<tr>\n<td><span style=\"font-weight: 400;\"> Labor 6<\/span><\/td>\n<td><span style=\"font-weight: 400;\"> An\u00e1lisis forense\u00a0 de Correo electr\u00f3nico<\/span><\/td>\n<td><span style=\"font-weight: 400;\">Dra. Ing. Beatriz Gallo<\/span><\/td>\n<\/tr>\n<tr>\n<td><span style=\"font-weight: 400;\">Labor 7<\/span><\/td>\n<td><span style=\"font-weight: 400;\">An\u00e1lisis\u00a0 de Redes e infraestructura<\/span><\/td>\n<td><span style=\"font-weight: 400;\">Lic. Cesar Ag\u00fcero y Mag. Ing. Hugo Ortega<\/span><\/td>\n<\/tr>\n<\/tbody>\n<\/table>\n<p>&nbsp;<\/p>\n<\/div>\n<\/div><\/div><\/div><\/div><\/div>","protected":false},"excerpt":{"rendered":"<p>Mod\/Lab Tem\u00e1tica Docente Clase Inaugural -Presentaci\u00f3n del plan de estudio.\u00a0 Mod 1\u00a0 Introducci\u00f3n al ambiente Jur\u00eddico y Transformaci\u00f3n digital.\u00a0 Dr. Jesus Abel Lafuente -Dra. Maria Alejandra Silva\u00a0 Mod.2 Marco Legal para el ambiente pericial Judicial. Entrenamiento tecnol\u00f3gico en el proceso penal para el perito Dra.Maria Alejandra Silva Mod.3 Delitos Inform\u00e1ticos en la Argentina Dr. Victor [&hellip;]<\/p>\n","protected":false},"author":123498,"featured_media":0,"parent":0,"menu_order":0,"comment_status":"closed","ping_status":"closed","template":"templates\/template-full-notitle.php","meta":[],"_links":{"self":[{"href":"https:\/\/www.facet.unt.edu.ar\/peritajeinformatico\/wp-json\/wp\/v2\/pages\/175"}],"collection":[{"href":"https:\/\/www.facet.unt.edu.ar\/peritajeinformatico\/wp-json\/wp\/v2\/pages"}],"about":[{"href":"https:\/\/www.facet.unt.edu.ar\/peritajeinformatico\/wp-json\/wp\/v2\/types\/page"}],"author":[{"embeddable":true,"href":"https:\/\/www.facet.unt.edu.ar\/peritajeinformatico\/wp-json\/wp\/v2\/users\/123498"}],"replies":[{"embeddable":true,"href":"https:\/\/www.facet.unt.edu.ar\/peritajeinformatico\/wp-json\/wp\/v2\/comments?post=175"}],"version-history":[{"count":8,"href":"https:\/\/www.facet.unt.edu.ar\/peritajeinformatico\/wp-json\/wp\/v2\/pages\/175\/revisions"}],"predecessor-version":[{"id":507,"href":"https:\/\/www.facet.unt.edu.ar\/peritajeinformatico\/wp-json\/wp\/v2\/pages\/175\/revisions\/507"}],"wp:attachment":[{"href":"https:\/\/www.facet.unt.edu.ar\/peritajeinformatico\/wp-json\/wp\/v2\/media?parent=175"}],"curies":[{"name":"wp","href":"https:\/\/api.w.org\/{rel}","templated":true}]}}

<div id="pl-175"  class="panel-layout" ><div id="pg-175-0"  class="panel-grid panel-no-style" ><div id="pgc-175-0-0"  class="panel-grid-cell" ><div id="panel-175-0-0-0" class="so-panel widget widget_sow-editor panel-first-child panel-last-child" data-index="0" ><div
			
			class="so-widget-sow-editor so-widget-sow-editor-base"
			
		>
<div class="siteorigin-widget-tinymce textwidget">
	<table>
<tbody>
<tr>
<td><b>Mod/Lab</b></td>
<td><b>Temática</b></td>
<td><b>Docente</b></td>
</tr>
<tr>
<td></td>
<td><span style="font-weight: 400;">Clase Inaugural -Presentación del plan de estudio. </span></td>
<td></td>
</tr>
<tr>
<td><span style="font-weight: 400;">Mod 1 </span></td>
<td><span style="font-weight: 400;">Introducción al ambiente Jurídico y Transformación digital. </span></td>
<td><span style="font-weight: 400;">Dr. Jesus Abel Lafuente -Dra. Maria Alejandra Silva </span></td>
</tr>
<tr>
<td><span style="font-weight: 400;">Mod.2</span></td>
<td><span style="font-weight: 400;">Marco Legal para el ambiente pericial Judicial. Entrenamiento tecnológico en el proceso penal para el perito</span></td>
<td><span style="font-weight: 400;">Dra.Maria Alejandra Silva</span></td>
</tr>
<tr>
<td><span style="font-weight: 400;">Mod.3</span></td>
<td><span style="font-weight: 400;">Delitos Informáticos en la Argentina</span></td>
<td><span style="font-weight: 400;">Dr. Victor Portillo </span></td>
</tr>
<tr>
<td><span style="font-weight: 400;">MasterClass</span></td>
<td><span style="font-weight: 400;">“Debido proceso e implicancias legales de la prueba pericial de base digital”.</span></td>
<td><span style="font-weight: 400;">Dr. Marco Rossi </span></td>
</tr>
<tr>
<td><span style="font-weight: 400;">Mod 4</span></td>
<td><span style="font-weight: 400;">Introducción a las ciencias forenses. Evidencia Digital.</span></td>
<td><span style="font-weight: 400;">Ing. Patricia Moyata </span></td>
</tr>
<tr>
<td><span style="font-weight: 400;">Mod 5</span></td>
<td><span style="font-weight: 400;">Etapas del proceso pericial: Identificación, Recolección, Adquisición, Análisis y Presentación del informe pericial Cadena de Custodia</span></td>
<td><span style="font-weight: 400;">Ing. Patricia Moyata </span></td>
</tr>
<tr>
<td><span style="font-weight: 400;">Labor.1</span></td>
<td><span style="font-weight: 400;">Adquisición y Análisis Forense</span></td>
<td><span style="font-weight: 400;">Lic. Marcelo Romero </span></td>
</tr>
<tr>
<td><span style="font-weight: 400;">Mod. 6</span></td>
<td><span style="font-weight: 400;">Fiscalía Penal especializada en Ciberdelincuencia de Salta - Legislación y Ley de creación de la Fiscalía en Salta</span></td>
<td><span style="font-weight: 400;">Fiscal Abog. Sofía Cornejo y Gustavo Cadenas</span></td>
</tr>
<tr>
<td><span style="font-weight: 400;">Mod 7 </span></td>
<td><span style="font-weight: 400;">Incidentes en el ámbito privado - incidentes informáticos Informe Técnico</span></td>
<td><span style="font-weight: 400;">Abg. Temperini   y </span></p>
<p><span style="font-weight: 400;">AUS Macedo</span></p>
</td>
</tr>
<tr>
<td><span style="font-weight: 400;">Labor.2</span></td>
<td><span style="font-weight: 400;">OSINT: fuentes abiertas</span></td>
<td><span style="font-weight: 400;">Lic. Carlos Maldonado Lujan Ramírez</span></td>
</tr>
<tr>
<td><span style="font-weight: 400;">Labor.3</span></td>
<td><span style="font-weight: 400;">Análisis de Whatsapp</span></td>
<td><span style="font-weight: 400;">Lic. Carlos Maldonado Lujan Ramírez</span></td>
</tr>
<tr>
<td><span style="font-weight: 400;"> Labor. 4</span></td>
<td><span style="font-weight: 400;">Análisis forense en dispositivos móviles</span></td>
<td><span style="font-weight: 400;">Lic. Cesar Agüero</span></td>
</tr>
<tr>
<td><span style="font-weight: 400;">MasterClass</span></td>
<td><span style="font-weight: 400;">Medidas de Investigación Tecnológicas: Los allanamientos remotos y el uso de drones o robots. Test de proporcionalidad en el acceso a celulares”</span></td>
<td><span style="font-weight: 400;">Dr. Diego Stratiotis</span></td>
</tr>
<tr>
<td><span style="font-weight: 400;"> Labor 5</span></td>
<td><span style="font-weight: 400;">                             Trabajo sobre casos - y uso de las herramientas forenses y sus distintas utilidades. (presencial) </span></td>
<td><span style="font-weight: 400;">Mag. Ing. Gustavo Presma</span></td>
</tr>
<tr>
<td><span style="font-weight: 400;"> Labor 6</span></td>
<td><span style="font-weight: 400;"> Análisis forense  de Correo electrónico</span></td>
<td><span style="font-weight: 400;">Dra. Ing. Beatriz Gallo</span></td>
</tr>
<tr>
<td><span style="font-weight: 400;">Labor 7</span></td>
<td><span style="font-weight: 400;">Análisis  de Redes e infraestructura</span></td>
<td><span style="font-weight: 400;">Lic. Cesar Agüero y Mag. Ing. Hugo Ortega</span></td>
</tr>
</tbody>
</table>
<p>&nbsp;</p>
</div>
</div></div></div></div></div>

<p>Mod/Lab Temática Docente Clase Inaugural -Presentación del plan de estudio.  Mod 1  Introducción al ambiente Jurídico y Transformación digital.  Dr. Jesus Abel Lafuente -Dra. Maria Alejandra Silva  Mod.2 Marco Legal para el ambiente pericial Judicial. Entrenamiento tecnológico en el proceso penal para el perito Dra.Maria Alejandra Silva Mod.3 Delitos Informáticos en la Argentina Dr. Victor [&hellip;]</p>
