{"id":167,"date":"2017-11-12T18:34:08","date_gmt":"2017-11-12T21:34:08","guid":{"rendered":"https:\/\/www.facet.unt.edu.ar\/posgrado\/?page_id=167"},"modified":"2023-12-15T10:50:29","modified_gmt":"2023-12-15T13:50:29","slug":"maestria-en-luminotecnia","status":"publish","type":"page","link":"https:\/\/www.facet.unt.edu.ar\/posgrado\/maestria-en-luminotecnia\/","title":{"rendered":"Maestr\u00eda en Luminotecnia"},"content":{"rendered":"<div id=\"pl-167\"  class=\"panel-layout\" ><div id=\"pg-167-0\"  class=\"panel-grid panel-no-style\" ><div id=\"pgc-167-0-0\"  class=\"panel-grid-cell\" ><div id=\"panel-167-0-0-0\" class=\"so-panel widget widget_sow-editor panel-first-child panel-last-child\" data-index=\"0\" ><div\n\t\t\t\n\t\t\tclass=\"so-widget-sow-editor so-widget-sow-editor-base\"\n\t\t\t\n\t\t>\n<div class=\"siteorigin-widget-tinymce textwidget\">\n\t<p align=\"justify\">La carrera est\u00e1 destinada principalmente a ingenieros, arquitectos, f\u00edsicos, dise\u00f1adores de interiores o industriales, psic\u00f3logos, y en general profesionales interesados en el estudio y la capacitaci\u00f3n en Iluminaci\u00f3n, efectos de la luz en el ser humano, tecnolog\u00eda de iluminaci\u00f3n, etc. Al ser interdisciplinaria la oferta de la carrera, las exigencias abarcan un mayor espectro exigiendo para la admisi\u00f3n T\u00edtulo Universitario de grado, otorgado por una Universidad Argentina o extranjera.<\/p>\n<p align=\"justify\">Las principales metas acad\u00e9micas y\/o profesionales de la carrera son proporcionar una formaci\u00f3n superior en un \u00e1rea interdisciplinaria, encarando un desarrollo con esp\u00edritu cr\u00edtico y de investigaci\u00f3n, experimentaci\u00f3n e innovaci\u00f3n, a fin de elaborar modelos y tecnolog\u00edas para sustituir, completar, perfeccionar o adecuar lo desarrollado en otros pa\u00edses, as\u00ed como generar nuevos aportes a la ciencia y a la t\u00e9cnica. De esta manera, se tiende a formar profesionales en Am\u00e9rica Latina que sean competentes en el manejo de las herramientas propias de este conocimiento, tanto en el m\u00e1ximo nivel acad\u00e9mico como en la formaci\u00f3n del profesional para su desempe\u00f1o en la actividad acad\u00e9mica, industria, empresas privadas y en instituciones gubernamentales.<\/p>\n<p align=\"justify\">Carrera creada por el Honorable Consejo Superior de la UNT en Expte. N\u00ba 61.427\/1987, mediante Res. N\u00ba 1614-1989; de fecha 05\/10\/1989, modificada por Res. N\u00ba 0439\/99 y reformulada por Res. N\u00ba 1337\/06, Res. N\u00ba 0345-009, Res. N\u00ba 1483-2010, Res. N\u00ba 0647\/2011 del HCS-UNT.<\/p>\n<p align=\"justify\">Acreditada por la Comisi\u00f3n Nacional de Evaluaci\u00f3n y Acreditaci\u00f3n Universitaria (CONEAU) como Carrera N\u00ba 30.032\/10, Res. N\u00ba 590\/12, de fecha 25\/06\/2012 y Res. N\u00b0 161\/22 de fecha 17\/05\/2022, y categoriza como B. Reconocimiento Oficial y Validez Nacional del T\u00edtulo: tramit\u00e1ndose mediante Expediente Nro. 61.664\/2010.<\/p>\n<p align=\"justify\"><strong>Director de la Carrera<\/strong>: Dr. Eduardo Roberto Manzano. Designado por el Honorable Consejo Superior de la UNT, mediante Res. N\u00ba 1015\/23.<\/p>\n<p align=\"justify\"><strong>Co-Director de la Carrera<\/strong>: Dra. Graciela Tonello. Designado por el Honorable Consejo Superior de la UNT, mediante Res. N\u00ba 1015\/23.<\/p>\n<p align=\"justify\"><strong>Comisi\u00f3n Acad\u00e9mica<\/strong>: Dr. Eduardo Roberto Manzano, Dra. Graciela Luc\u00eda Tonello, Mag. Jos\u00e9 Cabello, Mag. Mario Roberto Raitelli, Dr. Jos\u00e9 Fernando Barraza, Dr. Oscar Ulises Preciado Olvera.<\/p>\n<h3>Resoluciones<\/h3>\n<ul>\n<li><a href=\"https:\/\/www.facet.unt.edu.ar\/posgrado\/wp-content\/uploads\/sites\/54\/2019\/04\/Creaci\u00f3n-Maestria-en-Luminotecnia.pdf\">HCS 1337\/2006<\/a><\/li>\n<li><a href=\"https:\/\/www.facet.unt.edu.ar\/posgrado\/wp-content\/uploads\/sites\/54\/2022\/06\/Maestria-en-Luminotecnia-FACET-22.pdf\" target=\"_blank\" rel=\"noopener\">Resoluci\u00f3n CONEAU RESFC-2022-161<\/a><\/li>\n<li><a href=\"https:\/\/www.facet.unt.edu.ar\/posgrado\/wp-content\/uploads\/sites\/54\/2022\/12\/Maestria-en-Luminotecnia-modificatoria-FACET-22.pdf\" target=\"_blank\" rel=\"noopener\">Resoluci\u00f3n CONEAU N\u00ba 491\/22 - Modificaci\u00f3n de Categor\u00eda<\/a><\/li>\n<li><a href=\"https:\/\/www.facet.unt.edu.ar\/posgrado\/wp-content\/uploads\/sites\/54\/2023\/12\/Resolucion-Ministerial-RSPU-266-23-MAGISTER-EN-LUMINOTECNIA.pdf\">Resoluci\u00f3n Ministerial RSPU 266-23 MAGISTER EN LUMINOTECNIA<\/a><\/li>\n<\/ul>\n<h3>Sitio web<\/h3>\n<blockquote class=\"wp-embedded-content\" data-secret=\"VB7sRlcXP6\"><p><a href=\"https:\/\/www.facet.unt.edu.ar\/luminotecnia\/maestria-en-luminotecnia\/\">Maestr\u00eda en Luminotecnia<\/a><\/p><\/blockquote>\n<p><iframe class=\"wp-embedded-content\" sandbox=\"allow-scripts\" security=\"restricted\" style=\"position: absolute; clip: rect(1px, 1px, 1px, 1px);\" title=\"\u00abMaestr\u00eda en Luminotecnia\u00bb \u2014 Departamento de Luminotecnia, Luz y Visi\u00f3n (UNT) - Instituto de Investigaci\u00f3n en Luz, Ambiente y Visi\u00f3n (CONICET)\" src=\"https:\/\/www.facet.unt.edu.ar\/luminotecnia\/maestria-en-luminotecnia\/embed\/#?secret=J7WkqcPTyr#?secret=VB7sRlcXP6\" data-secret=\"VB7sRlcXP6\" width=\"600\" height=\"338\" frameborder=\"0\" marginwidth=\"0\" marginheight=\"0\" scrolling=\"no\"><\/iframe><\/p>\n<\/div>\n<\/div><\/div><\/div><div id=\"pgc-167-0-1\"  class=\"panel-grid-cell\" ><div id=\"panel-167-0-1-0\" class=\"so-panel widget widget_rss panel-first-child panel-last-child\" data-index=\"1\" ><h3 class=\"widget-title\"><a class=\"rsswidget rss-widget-feed\" href=\"https:\/\/www.facet.unt.edu.ar\/facetinforma\/category\/cursosdeposgrado\/feed\"><img class=\"rss-widget-icon\" style=\"border:0\" width=\"14\" height=\"14\" src=\"https:\/\/www.facet.unt.edu.ar\/posgrado\/wp-includes\/images\/rss.png\" alt=\"RSS\" loading=\"lazy\" \/><\/a> <a class=\"rsswidget rss-widget-title\" href=\"https:\/\/www.facet.unt.edu.ar\/facetinforma\">Cursos de Posgrado<\/a><\/h3><ul><li><a class='rsswidget' href='https:\/\/www.facet.unt.edu.ar\/facetinforma\/2024\/10\/04\/curso-de-posgrado-y-actualizacion-gestion-de-riesgo-de-inundaciones\/'>Curso de Posgrado y Actualizaci\u00f3n: Gesti\u00f3n de Riesgo de Inundaciones<\/a><div class=\"rssSummary\">La Facultad de Ciencias\u00a0 Exactas y\u00a0 Tecnolog\u00eda (FACET-UNT) invita a participar del Curso de Posgrado y Actualizaci\u00f3n: Gesti\u00f3n de Riesgo de Inundaciones, a cargo de Prof. Dr. Ing. Gerhard Haimerl, Decano y Coordinador de Asuntos Internacionales de la Facultad de Ingenier\u00eda Civil y Gerenciamiento de Proyectos de la Universidad de Ciencias Aplicadas de Biberach (HBC-Alemania), [&hellip;]<\/div><\/li><li><a class='rsswidget' href='https:\/\/www.facet.unt.edu.ar\/facetinforma\/2024\/09\/19\/acto-inaugural-del-encuentro-internacional-dialogos-sobre-el-agua\/'>Acto Inaugural del Encuentro Internacional: Di\u00e1logos sobre el agua<\/a><div class=\"rssSummary\">En la ma\u00f1ana de hoy en el Anfiteatro de Luminotecnia de la Facultad de Ciencias Exactas y Tecnolog\u00eda de la UNT, se llev\u00f3 a cabo el acto inaugural del Encuentro Internacional\u00a0 Di\u00e1logos sobre el agua: buena gobernanza, alianzas y cooperaci\u00f3n.\u00a0 Presenciaron la mesa de honor\u00a0 el Rector de la UNT, Ing. Sergio Pagani, la Vicerrectora, [&hellip;]<\/div><\/li><li><a class='rsswidget' href='https:\/\/www.facet.unt.edu.ar\/facetinforma\/2024\/09\/04\/curso-de-posgrado-herramientas-avanzadas-para-aulas-virtuales-2\/'>Curso de posgrado \u201cHerramientas Avanzadas para Aulas Virtuales\u201d<\/a><div class=\"rssSummary\">El Centro de Educaci\u00f3n a Distancia e Investigaci\u00f3n en Tecnolog\u00edas Educativas (CEDITE) de la Facultad de Ciencias Exactas y Tecnolog\u00eda, invita a participar en el curso de posgrado &quot;Herramientas Avanzadas para Aulas Virtuales&quot;.\u00a0 Durante 5 semanas, aprender\u00e1s a dominar las herramientas m\u00e1s eficaces de Moodle, desde la creaci\u00f3n de grupos y r\u00fabricas hasta la coevaluaci\u00f3n [&hellip;]<\/div><\/li><li><a class='rsswidget' href='https:\/\/www.facet.unt.edu.ar\/facetinforma\/2024\/09\/03\/curso-de-posgrado-taller-de-diseno-de-propuestas-de-ensenanza-innovadoras-para-el-ciclo-basico-en-facet\/'>Curso de Posgrado \u201cTaller de dise\u00f1o de propuestas de ense\u00f1anza innovadoras para el ciclo b\u00e1sico en FACET\u201d<\/a><div class=\"rssSummary\">El \u00c1rea de Formaci\u00f3n Docente de la FACET,informa: Invitamos a docentes que dictan asignaturas del ciclo b\u00e1sico de la FACET a participar del Curso de Posgrado \u201cTaller de dise\u00f1o de propuestas de ense\u00f1anza innovadoras para el ciclo b\u00e1sico en FACET\u201d, dictado por la Dra. D\u00e9borah Saientz. Temas que se abordar\u00e1n:\u00a0 La ense\u00f1anza y la innovaci\u00f3n [&hellip;]<\/div><\/li><li><a class='rsswidget' href='https:\/\/www.facet.unt.edu.ar\/facetinforma\/2024\/08\/26\/en-la-facet-se-dictara-la-maestria-en-electronica\/'>En la FACET se dictar\u00e1 la Maestr\u00eda en Electr\u00f3nica<\/a><div class=\"rssSummary\">La Secretar\u00eda de Educaci\u00f3n del Ministerio del Capital Humano, decidi\u00f3 otorgar reconocimiento oficial provisorio y la consecuente validez nacional seg\u00fan el Dictamen considerado por la Comisi\u00f3n Nacional de Evaluaci\u00f3n Y Acreditaci\u00f3n Universitaria al t\u00edtulo de posgrado de Mag\u00edster en Electr\u00f3nica, que expide la Universidad Nacional de Tucum\u00e1n, Facultad de Ciencias Exactas y Tecnolog\u00eda, perteneciente a [&hellip;]<\/div><\/li><\/ul><\/div><\/div><\/div><\/div>","protected":false},"excerpt":{"rendered":"<p>La carrera est\u00e1 destinada principalmente a ingenieros, arquitectos, f\u00edsicos, dise\u00f1adores de interiores o industriales, psic\u00f3logos, y en general profesionales interesados en el estudio y la capacitaci\u00f3n en Iluminaci\u00f3n, efectos de la luz en el ser humano, tecnolog\u00eda de iluminaci\u00f3n, etc. Al ser interdisciplinaria la oferta de la carrera, las exigencias abarcan un mayor espectro exigiendo [&hellip;]<\/p>\n","protected":false},"author":1,"featured_media":0,"parent":0,"menu_order":0,"comment_status":"closed","ping_status":"closed","template":"","meta":[],"_links":{"self":[{"href":"https:\/\/www.facet.unt.edu.ar\/posgrado\/wp-json\/wp\/v2\/pages\/167"}],"collection":[{"href":"https:\/\/www.facet.unt.edu.ar\/posgrado\/wp-json\/wp\/v2\/pages"}],"about":[{"href":"https:\/\/www.facet.unt.edu.ar\/posgrado\/wp-json\/wp\/v2\/types\/page"}],"author":[{"embeddable":true,"href":"https:\/\/www.facet.unt.edu.ar\/posgrado\/wp-json\/wp\/v2\/users\/1"}],"replies":[{"embeddable":true,"href":"https:\/\/www.facet.unt.edu.ar\/posgrado\/wp-json\/wp\/v2\/comments?post=167"}],"version-history":[{"count":28,"href":"https:\/\/www.facet.unt.edu.ar\/posgrado\/wp-json\/wp\/v2\/pages\/167\/revisions"}],"predecessor-version":[{"id":1380,"href":"https:\/\/www.facet.unt.edu.ar\/posgrado\/wp-json\/wp\/v2\/pages\/167\/revisions\/1380"}],"wp:attachment":[{"href":"https:\/\/www.facet.unt.edu.ar\/posgrado\/wp-json\/wp\/v2\/media?parent=167"}],"curies":[{"name":"wp","href":"https:\/\/api.w.org\/{rel}","templated":true}]}}

Maestría en Luminotecnia

<div id="pl-167"  class="panel-layout" ><div id="pg-167-0"  class="panel-grid panel-no-style" ><div id="pgc-167-0-0"  class="panel-grid-cell" ><div id="panel-167-0-0-0" class="so-panel widget widget_sow-editor panel-first-child panel-last-child" data-index="0" ><div
			
			class="so-widget-sow-editor so-widget-sow-editor-base"
			
		>
<div class="siteorigin-widget-tinymce textwidget">
	<p align="justify">La carrera está destinada principalmente a ingenieros, arquitectos, físicos, diseñadores de interiores o industriales, psicólogos, y en general profesionales interesados en el estudio y la capacitación en Iluminación, efectos de la luz en el ser humano, tecnología de iluminación, etc. Al ser interdisciplinaria la oferta de la carrera, las exigencias abarcan un mayor espectro exigiendo para la admisión Título Universitario de grado, otorgado por una Universidad Argentina o extranjera.</p>
<p align="justify">Las principales metas académicas y/o profesionales de la carrera son proporcionar una formación superior en un área interdisciplinaria, encarando un desarrollo con espíritu crítico y de investigación, experimentación e innovación, a fin de elaborar modelos y tecnologías para sustituir, completar, perfeccionar o adecuar lo desarrollado en otros países, así como generar nuevos aportes a la ciencia y a la técnica. De esta manera, se tiende a formar profesionales en América Latina que sean competentes en el manejo de las herramientas propias de este conocimiento, tanto en el máximo nivel académico como en la formación del profesional para su desempeño en la actividad académica, industria, empresas privadas y en instituciones gubernamentales.</p>
<p align="justify">Carrera creada por el Honorable Consejo Superior de la UNT en Expte. Nº 61.427/1987, mediante Res. Nº 1614-1989; de fecha 05/10/1989, modificada por Res. Nº 0439/99 y reformulada por Res. Nº 1337/06, Res. Nº 0345-009, Res. Nº 1483-2010, Res. Nº 0647/2011 del HCS-UNT.</p>
<p align="justify">Acreditada por la Comisión Nacional de Evaluación y Acreditación Universitaria (CONEAU) como Carrera Nº 30.032/10, Res. Nº 590/12, de fecha 25/06/2012 y Res. N° 161/22 de fecha 17/05/2022, y categoriza como B. Reconocimiento Oficial y Validez Nacional del Título: tramitándose mediante Expediente Nro. 61.664/2010.</p>
<p align="justify"><strong>Director de la Carrera</strong>: Dr. Eduardo Roberto Manzano. Designado por el Honorable Consejo Superior de la UNT, mediante Res. Nº 1015/23.</p>
<p align="justify"><strong>Co-Director de la Carrera</strong>: Dra. Graciela Tonello. Designado por el Honorable Consejo Superior de la UNT, mediante Res. Nº 1015/23.</p>
<p align="justify"><strong>Comisión Académica</strong>: Dr. Eduardo Roberto Manzano, Dra. Graciela Lucía Tonello, Mag. José Cabello, Mag. Mario Roberto Raitelli, Dr. José Fernando Barraza, Dr. Oscar Ulises Preciado Olvera.</p>
<h3>Resoluciones</h3>
<ul>
<li><a href="https://www.facet.unt.edu.ar/posgrado/wp-content/uploads/sites/54/2019/04/Creación-Maestria-en-Luminotecnia.pdf">HCS 1337/2006</a></li>
<li><a href="https://www.facet.unt.edu.ar/posgrado/wp-content/uploads/sites/54/2022/06/Maestria-en-Luminotecnia-FACET-22.pdf" target="_blank" rel="noopener">Resolución CONEAU RESFC-2022-161</a></li>
<li><a href="https://www.facet.unt.edu.ar/posgrado/wp-content/uploads/sites/54/2022/12/Maestria-en-Luminotecnia-modificatoria-FACET-22.pdf" target="_blank" rel="noopener">Resolución CONEAU Nº 491/22 - Modificación de Categoría</a></li>
<li><a href="https://www.facet.unt.edu.ar/posgrado/wp-content/uploads/sites/54/2023/12/Resolucion-Ministerial-RSPU-266-23-MAGISTER-EN-LUMINOTECNIA.pdf">Resolución Ministerial RSPU 266-23 MAGISTER EN LUMINOTECNIA</a></li>
</ul>
<h3>Sitio web</h3>
<blockquote class="wp-embedded-content" data-secret="VB7sRlcXP6"><p><a href="https://www.facet.unt.edu.ar/luminotecnia/maestria-en-luminotecnia/">Maestría en Luminotecnia</a></p></blockquote>
<p><iframe class="wp-embedded-content" sandbox="allow-scripts" security="restricted" style="position: absolute; clip: rect(1px, 1px, 1px, 1px);" title="«Maestría en Luminotecnia» — Departamento de Luminotecnia, Luz y Visión (UNT) - Instituto de Investigación en Luz, Ambiente y Visión (CONICET)" src="https://www.facet.unt.edu.ar/luminotecnia/maestria-en-luminotecnia/embed/#?secret=J7WkqcPTyr#?secret=VB7sRlcXP6" data-secret="VB7sRlcXP6" width="600" height="338" frameborder="0" marginwidth="0" marginheight="0" scrolling="no"></iframe></p>
</div>
</div></div></div><div id="pgc-167-0-1"  class="panel-grid-cell" ><div id="panel-167-0-1-0" class="so-panel widget widget_rss panel-first-child panel-last-child" data-index="1" ><h3 class="widget-title"><a class="rsswidget rss-widget-feed" href="https://www.facet.unt.edu.ar/facetinforma/category/cursosdeposgrado/feed"><img class="rss-widget-icon" style="border:0" width="14" height="14" src="https://www.facet.unt.edu.ar/posgrado/wp-includes/images/rss.png" alt="RSS" loading="lazy" /></a> <a class="rsswidget rss-widget-title" href="https://www.facet.unt.edu.ar/facetinforma">Cursos de Posgrado</a></h3><ul><li><a class='rsswidget' href='https://www.facet.unt.edu.ar/facetinforma/2024/10/04/curso-de-posgrado-y-actualizacion-gestion-de-riesgo-de-inundaciones/'>Curso de Posgrado y Actualización: Gestión de Riesgo de Inundaciones</a><div class="rssSummary">La Facultad de Ciencias  Exactas y  Tecnología (FACET-UNT) invita a participar del Curso de Posgrado y Actualización: Gestión de Riesgo de Inundaciones, a cargo de Prof. Dr. Ing. Gerhard Haimerl, Decano y Coordinador de Asuntos Internacionales de la Facultad de Ingeniería Civil y Gerenciamiento de Proyectos de la Universidad de Ciencias Aplicadas de Biberach (HBC-Alemania), [&hellip;]</div></li><li><a class='rsswidget' href='https://www.facet.unt.edu.ar/facetinforma/2024/09/19/acto-inaugural-del-encuentro-internacional-dialogos-sobre-el-agua/'>Acto Inaugural del Encuentro Internacional: Diálogos sobre el agua</a><div class="rssSummary">En la mañana de hoy en el Anfiteatro de Luminotecnia de la Facultad de Ciencias Exactas y Tecnología de la UNT, se llevó a cabo el acto inaugural del Encuentro Internacional  Diálogos sobre el agua: buena gobernanza, alianzas y cooperación.  Presenciaron la mesa de honor  el Rector de la UNT, Ing. Sergio Pagani, la Vicerrectora, [&hellip;]</div></li><li><a class='rsswidget' href='https://www.facet.unt.edu.ar/facetinforma/2024/09/04/curso-de-posgrado-herramientas-avanzadas-para-aulas-virtuales-2/'>Curso de posgrado “Herramientas Avanzadas para Aulas Virtuales”</a><div class="rssSummary">El Centro de Educación a Distancia e Investigación en Tecnologías Educativas (CEDITE) de la Facultad de Ciencias Exactas y Tecnología, invita a participar en el curso de posgrado &quot;Herramientas Avanzadas para Aulas Virtuales&quot;.  Durante 5 semanas, aprenderás a dominar las herramientas más eficaces de Moodle, desde la creación de grupos y rúbricas hasta la coevaluación [&hellip;]</div></li><li><a class='rsswidget' href='https://www.facet.unt.edu.ar/facetinforma/2024/09/03/curso-de-posgrado-taller-de-diseno-de-propuestas-de-ensenanza-innovadoras-para-el-ciclo-basico-en-facet/'>Curso de Posgrado “Taller de diseño de propuestas de enseñanza innovadoras para el ciclo básico en FACET”</a><div class="rssSummary">El Área de Formación Docente de la FACET,informa: Invitamos a docentes que dictan asignaturas del ciclo básico de la FACET a participar del Curso de Posgrado “Taller de diseño de propuestas de enseñanza innovadoras para el ciclo básico en FACET”, dictado por la Dra. Déborah Saientz. Temas que se abordarán:  La enseñanza y la innovación [&hellip;]</div></li><li><a class='rsswidget' href='https://www.facet.unt.edu.ar/facetinforma/2024/08/26/en-la-facet-se-dictara-la-maestria-en-electronica/'>En la FACET se dictará la Maestría en Electrónica</a><div class="rssSummary">La Secretaría de Educación del Ministerio del Capital Humano, decidió otorgar reconocimiento oficial provisorio y la consecuente validez nacional según el Dictamen considerado por la Comisión Nacional de Evaluación Y Acreditación Universitaria al título de posgrado de Magíster en Electrónica, que expide la Universidad Nacional de Tucumán, Facultad de Ciencias Exactas y Tecnología, perteneciente a [&hellip;]</div></li></ul></div></div></div></div>

<p>La carrera está destinada principalmente a ingenieros, arquitectos, físicos, diseñadores de interiores o industriales, psicólogos, y en general profesionales interesados en el estudio y la capacitación en Iluminación, efectos de la luz en el ser humano, tecnología de iluminación, etc. Al ser interdisciplinaria la oferta de la carrera, las exigencias abarcan un mayor espectro exigiendo [&hellip;]</p>
