{"id":371,"date":"2019-04-14T15:46:16","date_gmt":"2019-04-14T18:46:16","guid":{"rendered":"https:\/\/www.facet.unt.edu.ar\/posgrado\/?page_id=371"},"modified":"2023-12-15T11:12:36","modified_gmt":"2023-12-15T14:12:36","slug":"esp-en-medio-ambiente-visual-e-iluminacion-eficiente","status":"publish","type":"page","link":"https:\/\/www.facet.unt.edu.ar\/posgrado\/esp-en-medio-ambiente-visual-e-iluminacion-eficiente\/","title":{"rendered":"Esp. en Medio Ambiente Visual e Iluminaci\u00f3n  Eficiente"},"content":{"rendered":"<div id=\"pl-371\"  class=\"panel-layout\" ><div id=\"pg-371-0\"  class=\"panel-grid panel-no-style\" ><div id=\"pgc-371-0-0\"  class=\"panel-grid-cell\" ><div id=\"panel-371-0-0-0\" class=\"so-panel widget widget_sow-editor panel-first-child panel-last-child\" data-index=\"0\" ><div\n\t\t\t\n\t\t\tclass=\"so-widget-sow-editor so-widget-sow-editor-base\"\n\t\t\t\n\t\t>\n<div class=\"siteorigin-widget-tinymce textwidget\">\n\t<p>La demanda de egresados MAVILE se profundiza en el campo de aplicaci\u00f3n de varias profesiones. Esta especializaci\u00f3n brinda incumbencias laborales relacionadas con la realizaci\u00f3n de proyectos de iluminaci\u00f3n en diferentes \u00e1reas:<\/p>\n<ul>\n<li>Dise\u00f1o de sistemas de iluminaci\u00f3n: Brinda formaci\u00f3n b\u00e1sica y aplicada para proyectar, integrar o modificar sistemas de alumbrado en interiores o exteriores, considerando al proceso integralmente.<\/li>\n<li>Producci\u00f3n, Dise\u00f1o Industrial, Consultor\u00eda: Los profesionales que pueden insertarse en industrias y empresas con capacidades para encarar tareas de control de calidad, desarrollo de productos, metodolog\u00edas de c\u00e1lculo y evaluaci\u00f3n de sistemas de alumbrado.<\/li>\n<li>Docencia e Investigaci\u00f3n: Los egresados adquieren capacitaci\u00f3n para desempe\u00f1arse como docentes de universidades, institutos terciarios, colegios secundarios; para abordar la carrera de investigador, o continuar los estudios de posgrado.<\/li>\n<\/ul>\n<h3>Resoluciones<\/h3>\n<ul>\n<li><a href=\"https:\/\/www.facet.unt.edu.ar\/posgrado\/wp-content\/uploads\/sites\/54\/2019\/04\/Creaci\u00f3n-Especializaci\u00f3n-en-Medio-Ambiente-Visual-e-Iluminaci\u00f3n-eficiente.pdf\">HCS 2266\/001<\/a><\/li>\n<li><a href=\"https:\/\/www.facet.unt.edu.ar\/posgrado\/wp-content\/uploads\/sites\/54\/2019\/04\/ResCONEAU770-12C20552.pdf\">CONEAU 770\/12<\/a><\/li>\n<li><a href=\"https:\/\/www.facet.unt.edu.ar\/posgrado\/wp-content\/uploads\/sites\/54\/2022\/06\/Esp-en-Medio-Ambiente-Visual-e-Iluminacion-Eficiente-FACET-22.pdf\" target=\"_blank\" rel=\"noopener\">Resoluci\u00f3n CONEAU RESFC-2022-162<\/a><\/li>\n<li><a href=\"https:\/\/www.facet.unt.edu.ar\/posgrado\/wp-content\/uploads\/sites\/54\/2023\/12\/Resolucion-Ministerial-RSPU-378-23-ESPECIALISTA-EN-MEDIO-AMBIENTE-VISUAL-E-ILUMINACION-EFICIENTE.pdf\">Resoluci\u00f3n Ministerial RSPU 378-23 ESPECIALISTA EN MEDIO AMBIENTE VISUAL E ILUMINACI\u00d3N EFICIENTE<\/a><\/li>\n<\/ul>\n<h3>Sitio web<\/h3>\n<blockquote class=\"wp-embedded-content\" data-secret=\"nk6xnb3A0B\"><p><a href=\"https:\/\/www.facet.unt.edu.ar\/luminotecnia\/mavile\/\">Especializaci\u00f3n MAVILE<\/a><\/p><\/blockquote>\n<p><iframe class=\"wp-embedded-content\" sandbox=\"allow-scripts\" security=\"restricted\" style=\"position: absolute; clip: rect(1px, 1px, 1px, 1px);\" title=\"\u00abEspecializaci\u00f3n MAVILE\u00bb \u2014 Departamento de Luminotecnia, Luz y Visi\u00f3n (UNT) - Instituto de Investigaci\u00f3n en Luz, Ambiente y Visi\u00f3n (CONICET)\" src=\"https:\/\/www.facet.unt.edu.ar\/luminotecnia\/mavile\/embed\/#?secret=Do7jC4Np8H#?secret=nk6xnb3A0B\" data-secret=\"nk6xnb3A0B\" width=\"600\" height=\"338\" frameborder=\"0\" marginwidth=\"0\" marginheight=\"0\" scrolling=\"no\"><\/iframe><\/p>\n<\/div>\n<\/div><\/div><\/div><div id=\"pgc-371-0-1\"  class=\"panel-grid-cell\" ><div id=\"panel-371-0-1-0\" class=\"so-panel widget widget_rss panel-first-child panel-last-child\" data-index=\"1\" ><h3 class=\"widget-title\"><a class=\"rsswidget rss-widget-feed\" href=\"https:\/\/www.facet.unt.edu.ar\/facetinforma\/category\/cursosdeposgrado\/feed\"><img class=\"rss-widget-icon\" style=\"border:0\" width=\"14\" height=\"14\" src=\"https:\/\/www.facet.unt.edu.ar\/posgrado\/wp-includes\/images\/rss.png\" alt=\"RSS\" loading=\"lazy\" \/><\/a> <a class=\"rsswidget rss-widget-title\" href=\"https:\/\/www.facet.unt.edu.ar\/facetinforma\">Cursos de Posgrado<\/a><\/h3><ul><li><a class='rsswidget' href='https:\/\/www.facet.unt.edu.ar\/facetinforma\/2024\/10\/04\/curso-de-posgrado-y-actualizacion-gestion-de-riesgo-de-inundaciones\/'>Curso de Posgrado y Actualizaci\u00f3n: Gesti\u00f3n de Riesgo de Inundaciones<\/a><div class=\"rssSummary\">La Facultad de Ciencias\u00a0 Exactas y\u00a0 Tecnolog\u00eda (FACET-UNT) invita a participar del Curso de Posgrado y Actualizaci\u00f3n: Gesti\u00f3n de Riesgo de Inundaciones, a cargo de Prof. Dr. Ing. Gerhard Haimerl, Decano y Coordinador de Asuntos Internacionales de la Facultad de Ingenier\u00eda Civil y Gerenciamiento de Proyectos de la Universidad de Ciencias Aplicadas de Biberach (HBC-Alemania), [&hellip;]<\/div><\/li><li><a class='rsswidget' href='https:\/\/www.facet.unt.edu.ar\/facetinforma\/2024\/09\/19\/acto-inaugural-del-encuentro-internacional-dialogos-sobre-el-agua\/'>Acto Inaugural del Encuentro Internacional: Di\u00e1logos sobre el agua<\/a><div class=\"rssSummary\">En la ma\u00f1ana de hoy en el Anfiteatro de Luminotecnia de la Facultad de Ciencias Exactas y Tecnolog\u00eda de la UNT, se llev\u00f3 a cabo el acto inaugural del Encuentro Internacional\u00a0 Di\u00e1logos sobre el agua: buena gobernanza, alianzas y cooperaci\u00f3n.\u00a0 Presenciaron la mesa de honor\u00a0 el Rector de la UNT, Ing. Sergio Pagani, la Vicerrectora, [&hellip;]<\/div><\/li><li><a class='rsswidget' href='https:\/\/www.facet.unt.edu.ar\/facetinforma\/2024\/09\/04\/curso-de-posgrado-herramientas-avanzadas-para-aulas-virtuales-2\/'>Curso de posgrado \u201cHerramientas Avanzadas para Aulas Virtuales\u201d<\/a><div class=\"rssSummary\">El Centro de Educaci\u00f3n a Distancia e Investigaci\u00f3n en Tecnolog\u00edas Educativas (CEDITE) de la Facultad de Ciencias Exactas y Tecnolog\u00eda, invita a participar en el curso de posgrado &quot;Herramientas Avanzadas para Aulas Virtuales&quot;.\u00a0 Durante 5 semanas, aprender\u00e1s a dominar las herramientas m\u00e1s eficaces de Moodle, desde la creaci\u00f3n de grupos y r\u00fabricas hasta la coevaluaci\u00f3n [&hellip;]<\/div><\/li><li><a class='rsswidget' href='https:\/\/www.facet.unt.edu.ar\/facetinforma\/2024\/09\/03\/curso-de-posgrado-taller-de-diseno-de-propuestas-de-ensenanza-innovadoras-para-el-ciclo-basico-en-facet\/'>Curso de Posgrado \u201cTaller de dise\u00f1o de propuestas de ense\u00f1anza innovadoras para el ciclo b\u00e1sico en FACET\u201d<\/a><div class=\"rssSummary\">El \u00c1rea de Formaci\u00f3n Docente de la FACET,informa: Invitamos a docentes que dictan asignaturas del ciclo b\u00e1sico de la FACET a participar del Curso de Posgrado \u201cTaller de dise\u00f1o de propuestas de ense\u00f1anza innovadoras para el ciclo b\u00e1sico en FACET\u201d, dictado por la Dra. D\u00e9borah Saientz. Temas que se abordar\u00e1n:\u00a0 La ense\u00f1anza y la innovaci\u00f3n [&hellip;]<\/div><\/li><li><a class='rsswidget' href='https:\/\/www.facet.unt.edu.ar\/facetinforma\/2024\/08\/26\/en-la-facet-se-dictara-la-maestria-en-electronica\/'>En la FACET se dictar\u00e1 la Maestr\u00eda en Electr\u00f3nica<\/a><div class=\"rssSummary\">La Secretar\u00eda de Educaci\u00f3n del Ministerio del Capital Humano, decidi\u00f3 otorgar reconocimiento oficial provisorio y la consecuente validez nacional seg\u00fan el Dictamen considerado por la Comisi\u00f3n Nacional de Evaluaci\u00f3n Y Acreditaci\u00f3n Universitaria al t\u00edtulo de posgrado de Mag\u00edster en Electr\u00f3nica, que expide la Universidad Nacional de Tucum\u00e1n, Facultad de Ciencias Exactas y Tecnolog\u00eda, perteneciente a [&hellip;]<\/div><\/li><\/ul><\/div><\/div><\/div><\/div>","protected":false},"excerpt":{"rendered":"<p>La demanda de egresados MAVILE se profundiza en el campo de aplicaci\u00f3n de varias profesiones. Esta especializaci\u00f3n brinda incumbencias laborales relacionadas con la realizaci\u00f3n de proyectos de iluminaci\u00f3n en diferentes \u00e1reas: Dise\u00f1o de sistemas de iluminaci\u00f3n: Brinda formaci\u00f3n b\u00e1sica y aplicada para proyectar, integrar o modificar sistemas de alumbrado en interiores o exteriores, considerando al [&hellip;]<\/p>\n","protected":false},"author":1,"featured_media":0,"parent":0,"menu_order":0,"comment_status":"closed","ping_status":"closed","template":"","meta":[],"_links":{"self":[{"href":"https:\/\/www.facet.unt.edu.ar\/posgrado\/wp-json\/wp\/v2\/pages\/371"}],"collection":[{"href":"https:\/\/www.facet.unt.edu.ar\/posgrado\/wp-json\/wp\/v2\/pages"}],"about":[{"href":"https:\/\/www.facet.unt.edu.ar\/posgrado\/wp-json\/wp\/v2\/types\/page"}],"author":[{"embeddable":true,"href":"https:\/\/www.facet.unt.edu.ar\/posgrado\/wp-json\/wp\/v2\/users\/1"}],"replies":[{"embeddable":true,"href":"https:\/\/www.facet.unt.edu.ar\/posgrado\/wp-json\/wp\/v2\/comments?post=371"}],"version-history":[{"count":15,"href":"https:\/\/www.facet.unt.edu.ar\/posgrado\/wp-json\/wp\/v2\/pages\/371\/revisions"}],"predecessor-version":[{"id":1394,"href":"https:\/\/www.facet.unt.edu.ar\/posgrado\/wp-json\/wp\/v2\/pages\/371\/revisions\/1394"}],"wp:attachment":[{"href":"https:\/\/www.facet.unt.edu.ar\/posgrado\/wp-json\/wp\/v2\/media?parent=371"}],"curies":[{"name":"wp","href":"https:\/\/api.w.org\/{rel}","templated":true}]}}