{"id":377,"date":"2019-04-14T15:54:43","date_gmt":"2019-04-14T18:54:43","guid":{"rendered":"https:\/\/www.facet.unt.edu.ar\/posgrado\/?page_id=377"},"modified":"2023-02-15T17:02:17","modified_gmt":"2023-02-15T20:02:17","slug":"especializacion-en-gestion-industrial","status":"publish","type":"page","link":"https:\/\/www.facet.unt.edu.ar\/posgrado\/especializacion-en-gestion-industrial\/","title":{"rendered":"Especializaci\u00f3n en Gesti\u00f3n Industrial"},"content":{"rendered":"<div id=\"pl-377\"  class=\"panel-layout\" ><div id=\"pg-377-0\"  class=\"panel-grid panel-no-style\" ><div id=\"pgc-377-0-0\"  class=\"panel-grid-cell\" ><div id=\"panel-377-0-0-0\" class=\"so-panel widget widget_sow-editor panel-first-child panel-last-child\" data-index=\"0\" ><div\n\t\t\t\n\t\t\tclass=\"so-widget-sow-editor so-widget-sow-editor-base\"\n\t\t\t\n\t\t>\n<div class=\"siteorigin-widget-tinymce textwidget\">\n\t<div style=\"text-align: justify;\">\n<div style=\"text-align: justify;\">El equipo de la Facultad de Ciencias Exactas y Tecnolog\u00eda ofrece esta carrera de posgrado de especializaci\u00f3n acreditada por CONEAU, buscando formar profesionales con competencias en manejo de las TICs aplicadas a la gesti\u00f3n y, gesti\u00f3n de proyectos tecnol\u00f3gicos, dos ejes transversales que les permitir\u00e1n adaptarse al nuevo entorno cambiante alcanzando puestos de liderazgo en las organizaciones. Cuenta con cinco m\u00f3dulos acad\u00e9micos a desarrollarse en doce meses con docentes especialistas.<\/div>\n<\/div>\n<div><\/div>\n<div style=\"text-align: justify;\">\n<div style=\"text-align: left;\"><a href=\"https:\/\/www.facet.unt.edu.ar\/posgrado\/wp-content\/uploads\/sites\/54\/2023\/02\/gestion-industrial.jpg\"><img decoding=\"async\" loading=\"lazy\" class=\" wp-image-1137 alignleft\" src=\"https:\/\/www.facet.unt.edu.ar\/posgrado\/wp-content\/uploads\/sites\/54\/2023\/02\/gestion-industrial.jpg\" alt=\"\" width=\"238\" height=\"213\" \/><\/a><\/div>\n<p><b>T\u00edtulo: <\/b>Especialista en Gesti\u00f3n Industrial<\/p>\n<p><b>Duraci\u00f3n: <\/b>Cursado 12 meses\u00a0+\u00a0Proyecto integrador 6 meses<\/p>\n<p><b>Modalidad: h\u00edbrida<\/b><\/p>\n<p><b>Director acad\u00e9mico: Santana S\u00e1nchez, Juan Carlos<\/b><\/p>\n<div style=\"text-align: justify;\"><b>Acreditaci\u00f3n CONEAU: <\/b>Categor\u00eda C - N\u00ba RESFC-2021-558 - APN-CONEAU#ME, con fecha 20\/12\/2021.<\/div>\n<div><\/div>\n<div><\/div>\n<div style=\"text-align: justify;\"><strong>Resoluci\u00f3n Ministerial<\/strong>: Resoluci\u00f3n N\u00b0 2022-303-APN-SEC#ME<\/div>\n<p style=\"text-align: left;\"><strong>Destinatarios<\/strong>:<\/p>\n<p>Egresados de las siguientes carreras:<\/p>\n<ol>\n<li>Carreras de ingenier\u00eda<\/li>\n<li>Licenciaturas en \u00e1reas tecnol\u00f3gicas de al menos 4 a\u00f1os de duraci\u00f3n<\/li>\n<li>Carreras relacionadas con las ciencias de la administraci\u00f3n de al menos 4 a\u00f1os de duraci\u00f3n<\/li>\n<li>Contador p\u00fablico Nacional<\/li>\n<li>Maestr\u00eda o especializaciones acreditadas en administraci\u00f3n de empresas<\/li>\n<li>Maestr\u00eda o especializaciones acreditadas en administraci\u00f3n de recursos humanos<\/li>\n<li>Maestr\u00eda o especializaciones acreditadas en \u00e1reas tecnol\u00f3gicas<\/li>\n<\/ol>\n<p><strong>Contacto<\/strong>:\u00a0<a href=\"mailto:jcsantanas@herrera.unt.edu.ar\" target=\"_blank\" rel=\"noopener\">jcsantanas@herrera.unt.edu.ar<\/a>\u00a0\/\u00a0<a href=\"mailto:lepastorino@herrera.unt.edu.ar\" target=\"_blank\" rel=\"noopener\">lepastorino@herrera.unt.edu.ar<\/a><\/p>\n<p><strong>Sitio web<\/strong>:<\/p>\n<p><a href=\"https:\/\/www.facet.unt.edu.ar\/egi\/\" target=\"_blank\" rel=\"noopener\">Especializaci\u00f3n en Gesti\u00f3n Industrial<\/a><\/p>\n<\/div>\n<\/div>\n<\/div><\/div><\/div><div id=\"pgc-377-0-1\"  class=\"panel-grid-cell\" ><div id=\"panel-377-0-1-0\" class=\"so-panel widget widget_rss panel-first-child panel-last-child\" data-index=\"1\" ><h3 class=\"widget-title\"><a class=\"rsswidget rss-widget-feed\" href=\"https:\/\/www.facet.unt.edu.ar\/facetinforma\/category\/cursosdeposgrado\/feed\"><img class=\"rss-widget-icon\" style=\"border:0\" width=\"14\" height=\"14\" src=\"https:\/\/www.facet.unt.edu.ar\/posgrado\/wp-includes\/images\/rss.png\" alt=\"RSS\" loading=\"lazy\" \/><\/a> <a class=\"rsswidget rss-widget-title\" href=\"https:\/\/www.facet.unt.edu.ar\/facetinforma\">Cursos de Posgrado<\/a><\/h3><ul><li><a class='rsswidget' href='https:\/\/www.facet.unt.edu.ar\/facetinforma\/2024\/10\/04\/curso-de-posgrado-y-actualizacion-gestion-de-riesgo-de-inundaciones\/'>Curso de Posgrado y Actualizaci\u00f3n: Gesti\u00f3n de Riesgo de Inundaciones<\/a><div class=\"rssSummary\">La Facultad de Ciencias\u00a0 Exactas y\u00a0 Tecnolog\u00eda (FACET-UNT) invita a participar del Curso de Posgrado y Actualizaci\u00f3n: Gesti\u00f3n de Riesgo de Inundaciones, a cargo de Prof. Dr. Ing. Gerhard Haimerl, Decano y Coordinador de Asuntos Internacionales de la Facultad de Ingenier\u00eda Civil y Gerenciamiento de Proyectos de la Universidad de Ciencias Aplicadas de Biberach (HBC-Alemania), [&hellip;]<\/div><\/li><li><a class='rsswidget' href='https:\/\/www.facet.unt.edu.ar\/facetinforma\/2024\/09\/19\/acto-inaugural-del-encuentro-internacional-dialogos-sobre-el-agua\/'>Acto Inaugural del Encuentro Internacional: Di\u00e1logos sobre el agua<\/a><div class=\"rssSummary\">En la ma\u00f1ana de hoy en el Anfiteatro de Luminotecnia de la Facultad de Ciencias Exactas y Tecnolog\u00eda de la UNT, se llev\u00f3 a cabo el acto inaugural del Encuentro Internacional\u00a0 Di\u00e1logos sobre el agua: buena gobernanza, alianzas y cooperaci\u00f3n.\u00a0 Presenciaron la mesa de honor\u00a0 el Rector de la UNT, Ing. Sergio Pagani, la Vicerrectora, [&hellip;]<\/div><\/li><li><a class='rsswidget' href='https:\/\/www.facet.unt.edu.ar\/facetinforma\/2024\/09\/04\/curso-de-posgrado-herramientas-avanzadas-para-aulas-virtuales-2\/'>Curso de posgrado \u201cHerramientas Avanzadas para Aulas Virtuales\u201d<\/a><div class=\"rssSummary\">El Centro de Educaci\u00f3n a Distancia e Investigaci\u00f3n en Tecnolog\u00edas Educativas (CEDITE) de la Facultad de Ciencias Exactas y Tecnolog\u00eda, invita a participar en el curso de posgrado &quot;Herramientas Avanzadas para Aulas Virtuales&quot;.\u00a0 Durante 5 semanas, aprender\u00e1s a dominar las herramientas m\u00e1s eficaces de Moodle, desde la creaci\u00f3n de grupos y r\u00fabricas hasta la coevaluaci\u00f3n [&hellip;]<\/div><\/li><li><a class='rsswidget' href='https:\/\/www.facet.unt.edu.ar\/facetinforma\/2024\/09\/03\/curso-de-posgrado-taller-de-diseno-de-propuestas-de-ensenanza-innovadoras-para-el-ciclo-basico-en-facet\/'>Curso de Posgrado \u201cTaller de dise\u00f1o de propuestas de ense\u00f1anza innovadoras para el ciclo b\u00e1sico en FACET\u201d<\/a><div class=\"rssSummary\">El \u00c1rea de Formaci\u00f3n Docente de la FACET,informa: Invitamos a docentes que dictan asignaturas del ciclo b\u00e1sico de la FACET a participar del Curso de Posgrado \u201cTaller de dise\u00f1o de propuestas de ense\u00f1anza innovadoras para el ciclo b\u00e1sico en FACET\u201d, dictado por la Dra. D\u00e9borah Saientz. Temas que se abordar\u00e1n:\u00a0 La ense\u00f1anza y la innovaci\u00f3n [&hellip;]<\/div><\/li><li><a class='rsswidget' href='https:\/\/www.facet.unt.edu.ar\/facetinforma\/2024\/08\/26\/en-la-facet-se-dictara-la-maestria-en-electronica\/'>En la FACET se dictar\u00e1 la Maestr\u00eda en Electr\u00f3nica<\/a><div class=\"rssSummary\">La Secretar\u00eda de Educaci\u00f3n del Ministerio del Capital Humano, decidi\u00f3 otorgar reconocimiento oficial provisorio y la consecuente validez nacional seg\u00fan el Dictamen considerado por la Comisi\u00f3n Nacional de Evaluaci\u00f3n Y Acreditaci\u00f3n Universitaria al t\u00edtulo de posgrado de Mag\u00edster en Electr\u00f3nica, que expide la Universidad Nacional de Tucum\u00e1n, Facultad de Ciencias Exactas y Tecnolog\u00eda, perteneciente a [&hellip;]<\/div><\/li><\/ul><\/div><\/div><\/div><\/div>","protected":false},"excerpt":{"rendered":"<p>El equipo de la Facultad de Ciencias Exactas y Tecnolog\u00eda ofrece esta carrera de posgrado de especializaci\u00f3n acreditada por CONEAU, buscando formar profesionales con competencias en manejo de las TICs aplicadas a la gesti\u00f3n y, gesti\u00f3n de proyectos tecnol\u00f3gicos, dos ejes transversales que les permitir\u00e1n adaptarse al nuevo entorno cambiante alcanzando puestos de liderazgo en [&hellip;]<\/p>\n","protected":false},"author":1,"featured_media":0,"parent":0,"menu_order":0,"comment_status":"closed","ping_status":"closed","template":"","meta":[],"_links":{"self":[{"href":"https:\/\/www.facet.unt.edu.ar\/posgrado\/wp-json\/wp\/v2\/pages\/377"}],"collection":[{"href":"https:\/\/www.facet.unt.edu.ar\/posgrado\/wp-json\/wp\/v2\/pages"}],"about":[{"href":"https:\/\/www.facet.unt.edu.ar\/posgrado\/wp-json\/wp\/v2\/types\/page"}],"author":[{"embeddable":true,"href":"https:\/\/www.facet.unt.edu.ar\/posgrado\/wp-json\/wp\/v2\/users\/1"}],"replies":[{"embeddable":true,"href":"https:\/\/www.facet.unt.edu.ar\/posgrado\/wp-json\/wp\/v2\/comments?post=377"}],"version-history":[{"count":61,"href":"https:\/\/www.facet.unt.edu.ar\/posgrado\/wp-json\/wp\/v2\/pages\/377\/revisions"}],"predecessor-version":[{"id":1189,"href":"https:\/\/www.facet.unt.edu.ar\/posgrado\/wp-json\/wp\/v2\/pages\/377\/revisions\/1189"}],"wp:attachment":[{"href":"https:\/\/www.facet.unt.edu.ar\/posgrado\/wp-json\/wp\/v2\/media?parent=377"}],"curies":[{"name":"wp","href":"https:\/\/api.w.org\/{rel}","templated":true}]}}