{"id":108,"date":"2015-04-09T09:41:30","date_gmt":"2015-04-09T12:41:30","guid":{"rendered":"https:\/\/www.facet.unt.edu.ar\/revistacet\/?page_id=108"},"modified":"2025-10-07T16:22:41","modified_gmt":"2025-10-07T19:22:41","slug":"instrucciones-para-autores","status":"publish","type":"page","link":"https:\/\/www.facet.unt.edu.ar\/revistacet\/instrucciones-para-autores\/","title":{"rendered":"Instrucciones para Publicar en la Revista CET"},"content":{"rendered":"<ol>\n<li>\n<p>Categor\u00edas de trabajos: \u201cInvestigaci\u00f3n, Desarrollo e Innovaci\u00f3n\u201d (hasta 16 p\u00e1ginas). \u201cDocencia\u201d, \u201cExtensi\u00f3n\u201d, \u201cInforme T\u00e9cnico\u201d, \u201cNotas, Arte y Opini\u00f3n\u201d (hasta 12 p\u00e1ginas), \u201cHomenajes\u201d (hasta 6 p\u00e1ginas). \u201cComunicaciones Cortas\u201d (m\u00e1ximo 1000 palabras, 1 tabla\/gr\u00e1fico y 1 foto)<\/p>\n<\/li>\n<li>Formato del documento. Configuraci\u00f3n b\u00e1sica: Archivo: Word o compatible. Hoja: DIN A4 (210 x 297 mm). M\u00e1rgenes: 2,5 cm en todos los lados. Interlineado: simple. Tipograf\u00eda: Arial 10 pt. Columnas: 2. P\u00e1rrafos: sin sangr\u00eda.<\/li>\n<li>\n<p>Uso de inteligencia artificial. El uso de texto generado por inteligencia artificial (IA) en un art\u00edculo debe ser declarado en la secci\u00f3n de agradecimientos. Las secciones del art\u00edculo que utilicen texto generado por IA deben incluir una cita al sistema de IA utilizado para generar el texto.<\/p>\n<\/li>\n<li>Env\u00edo del Trabajo. Enviar por E-mail a: <a href=\"mailto:revista@herrera.unt.edu.ar\">revista@herrera.unt.edu.ar<\/a>. Asunto: &#8220;Apellido del primer autor \u2013 Categor\u00eda&#8221;. Ejemplo: &#8220;P\u00e9rez \u2013 Investigaci\u00f3n, Desarrollo e Innovaci\u00f3n&#8221;. Adjuntar documento Word o compatible del art\u00edculo completo y un archivo en PDF del mismo.<\/li>\n<li>\n<p>Estructura del art\u00edculo: a) T\u00edtulo, m\u00e1ximo 100 caracteres (con espacios). Sin abreviaturas. claro e informativo. En espa\u00f1ol e ingl\u00e9s (para las categor\u00edas \u201cInvestigaci\u00f3n, Desarrollo e Innovaci\u00f3n\u201d, \u201cDocencia\u201d, \u201cExtensi\u00f3n\u201d e \u201cInforme T\u00e9cnico\u201d). b) Autores y filiaci\u00f3n. Incluir para cada autor: nombre completo, instituci\u00f3n completa (sin siglas ni abreviaturas), domicilio y c\u00f3digo postal, E-mail institucional, C\u00f3digo ORCID.<br \/>\nRequisito obligatorio para el autor que env\u00eda el trabajo: El autor que env\u00eda el trabajo debe tener un ID de ORCID asociado a su cuenta. El perfil de ORCID debe ser p\u00fablicamente visible y estar completo. El autor designado como autor correspondiente en el sistema de env\u00edo ser\u00e1 el contacto principal para el art\u00edculo y ser\u00e1 responsable de aprobar las pruebas de imprenta si el art\u00edculo es aceptado para publicaci\u00f3n.<\/p>\n<p><strong>Ejemplo:<\/strong> Lopez, Juan\u00b9<\/p>\n<p>\u00b9 Universidad Nacional de Tucum\u00e1n. Facultad de Ciencias Exactas y Tecnolog\u00eda. Departamento de F\u00edsica. Av. Independencia 1800, San Miguel de Tucum\u00e1n, Tucum\u00e1n (4000). R. Argentina. lopezj@herrera.unt.edu.ar. ORCID: 0000-0000-0000-0000<\/li>\n<li>Los art\u00edculos de las categor\u00edas \u201cInvestigaci\u00f3n, Desarrollo e Innovaci\u00f3n\u201d, \u201cDocencia\u201d, \u201cExtensi\u00f3n\u201d e \u201cInforme T\u00e9cnico\u201d deben tener Resumen y Palabras Clave, en castellano y en ingl\u00e9s. Resumen en espa\u00f1ol: m\u00e1ximo 200 palabras. <em>Abstract<\/em> en ingl\u00e9s: m\u00e1ximo 200 palabras. El resumen debe ser informativo, no descriptivo, Sin figuras, ecuaciones ni detalles experimentales triviales. Tres palabras clave en cada idioma.<\/li>\n<li>\n<p>Cuerpo del Art\u00edculo. Secciones principales sugeridas para las mismas categor\u00edas del p\u00e1rrafo anterior. Introducci\u00f3n: motivaciones, objetivos y revisi\u00f3n de literatura actualizada. Desarrollo o Material y M\u00e9todos: experimentos, t\u00e9cnicas, procedimientos (con detalle suficiente para ser reproducible). Resultados: presentaci\u00f3n de datos. Discusi\u00f3n: interpretaci\u00f3n de resultados. Conclusiones: s\u00edntesis final. Agradecimientos: reconocimientos institucionales y financieros. Referencias y Bibliograf\u00eda.<\/p>\n<\/li>\n<li>Referencias y Bibliograf\u00eda. En el texto del art\u00edculo (sistema Harvard): un autor: Jones (1999). Dos autores: Fisher y Hollemberg (1963). Tres o m\u00e1s: Fisher et al. (1980). Al final del documento:\n<p>Art\u00edculo de revista: Hibbs, R. G., Burch, G. E., Phillips, J. H. (1958). &#8220;The fine structure of the small blood vessels of normal dermis and subcutis&#8221;, Am Heart J., Vol. 56, pp. 662-670.<\/p>\n<p>Libro: Happel, J. and Brenner, H. (eds.) (1985) Low Reynolds Number Hydrodynamics with Special Applications to Particulate Media. Prentice-Hall, Englewood-Cliffs, New Jersey, E.E.U.U.<\/p>\n<p>Cap\u00edtulo de libro: Green, K.P., Smith, P. and Martin, K. (1993) Exitotary amino acids, En: Glutamate Receptors, (Jones, T., ed.), J. Wiley Press, New York, E.E.U.U., pp. 24-59.<\/p>\n<p>Tesis: Ram\u00edrez, M. (2004) &#8220;Violencia en relaciones de pareja y conductas autodestructivas en mujeres&#8221;. Tesis. Maestr\u00eda en Psicolog\u00eda Cl\u00ednica y Psicoterapia. Universidad Iberoamericana de Puebla.<\/li>\n<li>Informaci\u00f3n biogr\u00e1fica de los autores. M\u00e1ximo 160 palabras por autor. Incluir E-mail e instituci\u00f3n donde se realiz\u00f3 el trabajo. Agregar fechas.<\/li>\n<\/ol>\n<p>&nbsp;<\/p>\n<h5><strong>Elementos visuales<\/strong><\/h5>\n<p><strong>Figuras y fotograf\u00edas<\/strong><\/p>\n<ul>\n<li>Numeradas progresivamente<\/li>\n<li>Presentarlas fuera del texto y con referencia de ubicaci\u00f3n en el texto<\/li>\n<li>Citar en el cuerpo del texto<\/li>\n<li>Originales o con permiso del editor<\/li>\n<li>Ancho: 8 cm (una columna) o 17 cm (dos columnas)<\/li>\n<li>Resoluci\u00f3n adecuada para publicaci\u00f3n digital<\/li>\n<li>R\u00f3tulos legibles (m\u00ednimo 10 pt)<\/li>\n<li>Ep\u00edgrafes en hoja aparte<\/li>\n<\/ul>\n<p><strong>Tablas<\/strong><\/p>\n<ul>\n<li>Crear con procesador de texto<\/li>\n<li>Numeradas progresivamente<\/li>\n<li>Presentarlas fuera del texto y con referencia de ubicaci\u00f3n en el texto<\/li>\n<li>Citar en el cuerpo del texto<\/li>\n<li>Ep\u00edgrafes en hoja aparte<\/li>\n<\/ul>\n<p><strong>Detalles Importantes<\/strong><\/p>\n<ul>\n<li>No numerar t\u00edtulos ni subt\u00edtulos<\/li>\n<li>Unidades de magnitud sin punto<\/li>\n<li>F\u00f3rmulas numeradas progresivamente entre par\u00e9ntesis a la derecha<\/li>\n<li>Las abreviaturas de revistas deben consultarse en: http:\/\/library.caltech.edu\/reference\/abbreviations\/<\/li>\n<\/ul>\n<p>&nbsp;<\/p>\n<p><strong>Nota Final<\/strong><\/p>\n<p>Los editores pueden sugerir correcciones de idioma, modificar la categor\u00eda del trabajo o introducir correcciones menores cuando sea necesario.<\/p>\n","protected":false},"excerpt":{"rendered":"<p>Categor\u00edas de trabajos: \u201cInvestigaci\u00f3n, Desarrollo e Innovaci\u00f3n\u201d (hasta 16 p\u00e1ginas). \u201cDocencia\u201d, \u201cExtensi\u00f3n\u201d, \u201cInforme T\u00e9cnico\u201d, \u201cNotas, Arte y Opini\u00f3n\u201d (hasta 12 p\u00e1ginas), \u201cHomenajes\u201d (hasta 6 p\u00e1ginas). \u201cComunicaciones Cortas\u201d (m\u00e1ximo 1000 palabras, 1 tabla\/gr\u00e1fico y 1 foto) Formato del documento. Configuraci\u00f3n b\u00e1sica: Archivo: Word o compatible. Hoja: DIN A4 (210 x 297 mm). M\u00e1rgenes: 2,5 cm en [&hellip;]<\/p>\n","protected":false},"author":6,"featured_media":0,"parent":0,"menu_order":0,"comment_status":"closed","ping_status":"closed","template":"","meta":[],"_links":{"self":[{"href":"https:\/\/www.facet.unt.edu.ar\/revistacet\/wp-json\/wp\/v2\/pages\/108"}],"collection":[{"href":"https:\/\/www.facet.unt.edu.ar\/revistacet\/wp-json\/wp\/v2\/pages"}],"about":[{"href":"https:\/\/www.facet.unt.edu.ar\/revistacet\/wp-json\/wp\/v2\/types\/page"}],"author":[{"embeddable":true,"href":"https:\/\/www.facet.unt.edu.ar\/revistacet\/wp-json\/wp\/v2\/users\/6"}],"replies":[{"embeddable":true,"href":"https:\/\/www.facet.unt.edu.ar\/revistacet\/wp-json\/wp\/v2\/comments?post=108"}],"version-history":[{"count":24,"href":"https:\/\/www.facet.unt.edu.ar\/revistacet\/wp-json\/wp\/v2\/pages\/108\/revisions"}],"predecessor-version":[{"id":952,"href":"https:\/\/www.facet.unt.edu.ar\/revistacet\/wp-json\/wp\/v2\/pages\/108\/revisions\/952"}],"wp:attachment":[{"href":"https:\/\/www.facet.unt.edu.ar\/revistacet\/wp-json\/wp\/v2\/media?parent=108"}],"curies":[{"name":"wp","href":"https:\/\/api.w.org\/{rel}","templated":true}]}}