{"id":304,"date":"2016-10-19T18:19:03","date_gmt":"2016-10-19T21:19:03","guid":{"rendered":"https:\/\/www.facet.unt.edu.ar\/revistacet\/?page_id=304"},"modified":"2023-04-04T22:40:52","modified_gmt":"2023-04-05T01:40:52","slug":"revista-cet-38","status":"publish","type":"page","link":"https:\/\/www.facet.unt.edu.ar\/revistacet\/revista-cet-38\/","title":{"rendered":"Revista cet 38"},"content":{"rendered":"<p style=\"text-align: left;\">A\u00f1o 24 N\u00ba 38 \/ 2015 &#8211; 2016<br \/>\nRevista de propiedad de la<br \/>\nFacultad de Ciencias Exactas y Tecnolog\u00eda<br \/>\nUniversidad Nacional de Tucum\u00e1n<br \/>\nTucum\u00e1n \u2013 Argentina<\/p>\n<p style=\"text-align: center;\"><strong>CONTENIDO<\/strong><\/p>\n<p><strong><u>Editorial<br \/>\n<\/u><\/strong>&#8211; <a href=\"https:\/\/www.facet.unt.edu.ar\/revistacet\/wp-content\/uploads\/sites\/28\/2023\/04\/CET-38-EDITORIAL.pdf\" target=\"_blank\" rel=\"noopener\">Aires de nostalgia<\/a> &#8211; 2<\/p>\n<p><strong><u>Investigaci\u00f3n y Desarrollo<\/u><\/strong><br \/>\n&#8211; <a href=\"https:\/\/www.facet.unt.edu.ar\/revistacet\/wp-content\/uploads\/sites\/28\/2023\/04\/CET-38-INV-Y-DES-01.pdf\" target=\"_blank\" rel=\"noopener noreferrer\">An\u00e1lisis de periodicidades de TEC en latitudes ecuatoriales durante 2008<\/a> -3<br \/>\nEscrito por\u00a0<strong>Gilda de L. Gonz\u00e1lez y Hern\u00e1n J. Esquivel<\/strong><\/p>\n<p>&#8211; <a href=\"https:\/\/www.facet.unt.edu.ar\/revistacet\/wp-content\/uploads\/sites\/28\/2023\/04\/CET-38-INV-Y-DES-02.pdf\" target=\"_blank\" rel=\"noopener noreferrer\">Caracterizaci\u00f3n reol\u00f3gica de ceras derivadas de la ca\u00f1a de az\u00facar<\/a> &#8211; 12<br \/>\nEscrito por\u00a0<strong>Anal\u00eda Cabal\u00edn, Azucena del R. G\u00f3mez L\u00f3pez y Magdalena Mechetti<\/strong><\/p>\n<p>&#8211; <a href=\"https:\/\/www.facet.unt.edu.ar\/revistacet\/wp-content\/uploads\/sites\/28\/2023\/04\/CET-38-INV-Y-DES-03.pdf\" target=\"_blank\" rel=\"noopener noreferrer\">Problem\u00e1tica de pymes industriales del Noroeste Argentino (NOA): Un diagn\u00f3stico desde la perspectiva relacional<\/a> &#8211; 21<br \/>\nEscrito por\u00a0<strong>Julio Rodr\u00edguez Rey<\/strong><\/p>\n<p><strong><u>Extensi\u00f3n<\/u><\/strong><br \/>\n&#8211; <a href=\"https:\/\/www.facet.unt.edu.ar\/revistacet\/wp-content\/uploads\/sites\/28\/2023\/04\/CET-38-EXT-01.pdf\" target=\"_blank\" rel=\"noopener noreferrer\">Efectos de las caracter\u00edsticas y calidad de los combustibles en los motores ciclo diesel<\/a> &#8211; 33<br \/>\nEscrito por\u00a0<strong>Ricardo A. Marchese, Jorge E. Bustos y Jorge L. L\u00f3pez<\/strong><\/p>\n<p>&#8211; <a href=\"https:\/\/www.facet.unt.edu.ar\/revistacet\/wp-content\/uploads\/sites\/28\/2023\/04\/CET-38-EXT-02.pdf\" target=\"_blank\" rel=\"noopener noreferrer\">Experiencia del post\u00edtulo en Aritm\u00e9tica<\/a> &#8211; 43<br \/>\nEscrito por <strong>Juana Ester Vizchi, Mar\u00eda de las Mercedes Ganim, Ana Cecilia Larr\u00e1n y Mar\u00eda Eugenia Roig<\/strong><\/p>\n<p><strong>\u00a0<\/strong><strong><u>Docencia<\/u><\/strong><br \/>\n&#8211; <a href=\"https:\/\/www.facet.unt.edu.ar\/revistacet\/wp-content\/uploads\/sites\/28\/2023\/04\/CET-38-DOCENCIA-01.pdf\" target=\"_blank\" rel=\"noopener noreferrer\">Fl\u00faor y agua. Un mito ya antiguo o pasado<\/a> &#8211; 48<br \/>\nEscrito por\u00a0<strong>Alberto Castro<\/strong><\/p>\n<p>&#8211; <a href=\"https:\/\/www.facet.unt.edu.ar\/revistacet\/wp-content\/uploads\/sites\/28\/2023\/04\/CET-38-DOCENCIA-02.pdf\" target=\"_blank\" rel=\"noopener noreferrer\">Espacio virtual para el aprendizaje de la expresi\u00f3n gr\u00e1fica en ingenier\u00eda mec\u00e1nica<\/a>\u00a0&#8211; 53<br \/>\nEscrito por\u00a0<strong>Silvana E. Guti\u00e9rrez, Amalia R. Sagula y Ricardo G\u00f3mez<\/strong><\/p>\n<p>&#8211; <a href=\"https:\/\/www.facet.unt.edu.ar\/revistacet\/wp-content\/uploads\/sites\/28\/2023\/04\/CET-38-DOCENCIA-03.pdf\" target=\"_blank\" rel=\"noopener noreferrer\">De la presencialidad a la virtualidad. Dictado de un curso de posgrado<\/a> &#8211; 64<br \/>\nEscrito por\u00a0<strong>Luis Marcelo Abdala, Mar\u00eda Beatriz Ju\u00e1rez Torres, M\u00f3nica Beatriz Gramajo y Sergio Antonio Guardia<\/strong><\/p>\n<p>&#8211; <a href=\"https:\/\/www.facet.unt.edu.ar\/revistacet\/wp-content\/uploads\/sites\/28\/2023\/04\/CET-38-DOCENCIA-04.pdf\" target=\"_blank\" rel=\"noopener noreferrer\">Modelos de una aplicaci\u00f3n web y su relaci\u00f3n con el concepto de usabilidad<\/a> &#8211; 73<br \/>\nEscrito por <strong>Carlos Albaca Parav\u00e1n<\/strong><\/p>\n<p><strong><u>Informe T\u00e9cnico<\/u><\/strong><br \/>\n&#8211; <a href=\"https:\/\/www.facet.unt.edu.ar\/revistacet\/wp-content\/uploads\/sites\/28\/2023\/04\/CET-38-INF-TECNICO-01.pdf\" target=\"_blank\" rel=\"noopener noreferrer\">Calidad microbiol\u00f3gica de verduras de San Miguel de Tucum\u00e1n<\/a> &#8211; 80<br \/>\nEscrito por <strong>Mariana E. Rubio Molina y Liliana del V. Di Marco<\/strong><\/p>\n<p><strong><u>Homenaje<\/u><\/strong><br \/>\n&#8211; <a href=\"https:\/\/www.facet.unt.edu.ar\/revistacet\/wp-content\/uploads\/sites\/28\/2023\/04\/CET-38-HOMENAJE.pdf\" target=\"_blank\" rel=\"noopener noreferrer\">Ingeniero Carlos Rodolfo Hamakers<\/a> &#8211; 89<br \/>\nEscrito por\u00a0<strong>Mar\u00eda In\u00e9s Colombres de Wilde y Federico Aiquel<\/strong><\/p>\n<p><span style=\"text-decoration: underline;\"><strong>Notas<\/strong><\/span><br \/>\n&#8211; <a href=\"https:\/\/www.facet.unt.edu.ar\/revistacet\/wp-content\/uploads\/sites\/28\/2023\/04\/CET-38-NOTA-01.pdf\" target=\"_blank\" rel=\"noopener\">La FACET es pionera en generaci\u00f3n distribuida en la provincia<\/a> &#8211; 90<br \/>\n&#8211; <a href=\"https:\/\/www.facet.unt.edu.ar\/revistacet\/wp-content\/uploads\/sites\/28\/2023\/04\/CET-38-NOTA-02.pdf\" target=\"_blank\" rel=\"noopener\">Usar la tecnolog\u00eda para mejorar la educaci\u00f3n<\/a> &#8211; 92<\/p>\n<hr \/>\n<div>Esta publicaci\u00f3n figura en el Directorio de Latindex<br \/>\nClasificaci\u00f3n Decimal Universal (CDU): 501- 62<br \/>\nDirector: TEL. +54-381-4364093 \u2013 Int. 7719.<br \/>\nCooperadora: TEL. +54-381-4364093 Int. 7803.<br \/>\nFAX: +54-381-4363004<br \/>\nE-mail: <a href=\"mailto:revista@herrera.unt.edu.ar\" target=\"_blank\" rel=\"noopener noreferrer\">revista@herrera.unt.edu.ar<\/a><br \/>\nEl contenido de los trabajos firmados no representa necesariamente la opini\u00f3n del editor, siendo de exclusiva responsabilidad de los autores.<br \/>\nRegistro de Propiedad Intelectual: N\u00ba 303943 \u2013 ISSN 1668-9178.<br \/>\nEste n\u00famero cerr\u00f3 el 30\/09\/2015 \u2013 Suscripci\u00f3n anual: $ 60.<\/div>\n","protected":false},"excerpt":{"rendered":"<p>A\u00f1o 24 N\u00ba 38 \/ 2015 &#8211; 2016 Revista de propiedad de la Facultad de Ciencias Exactas y Tecnolog\u00eda Universidad Nacional de Tucum\u00e1n Tucum\u00e1n \u2013 Argentina CONTENIDO Editorial &#8211; Aires de nostalgia &#8211; 2 Investigaci\u00f3n y Desarrollo &#8211; An\u00e1lisis de periodicidades de TEC en latitudes ecuatoriales durante 2008 -3 Escrito por\u00a0Gilda de L. Gonz\u00e1lez y [&hellip;]<\/p>\n","protected":false},"author":6,"featured_media":0,"parent":0,"menu_order":0,"comment_status":"closed","ping_status":"closed","template":"","meta":[],"_links":{"self":[{"href":"https:\/\/www.facet.unt.edu.ar\/revistacet\/wp-json\/wp\/v2\/pages\/304"}],"collection":[{"href":"https:\/\/www.facet.unt.edu.ar\/revistacet\/wp-json\/wp\/v2\/pages"}],"about":[{"href":"https:\/\/www.facet.unt.edu.ar\/revistacet\/wp-json\/wp\/v2\/types\/page"}],"author":[{"embeddable":true,"href":"https:\/\/www.facet.unt.edu.ar\/revistacet\/wp-json\/wp\/v2\/users\/6"}],"replies":[{"embeddable":true,"href":"https:\/\/www.facet.unt.edu.ar\/revistacet\/wp-json\/wp\/v2\/comments?post=304"}],"version-history":[{"count":16,"href":"https:\/\/www.facet.unt.edu.ar\/revistacet\/wp-json\/wp\/v2\/pages\/304\/revisions"}],"predecessor-version":[{"id":612,"href":"https:\/\/www.facet.unt.edu.ar\/revistacet\/wp-json\/wp\/v2\/pages\/304\/revisions\/612"}],"wp:attachment":[{"href":"https:\/\/www.facet.unt.edu.ar\/revistacet\/wp-json\/wp\/v2\/media?parent=304"}],"curies":[{"name":"wp","href":"https:\/\/api.w.org\/{rel}","templated":true}]}}