{"id":517,"date":"2023-03-16T17:30:21","date_gmt":"2023-03-16T20:30:21","guid":{"rendered":"https:\/\/www.facet.unt.edu.ar\/revistacet\/?page_id=517"},"modified":"2023-03-28T02:43:18","modified_gmt":"2023-03-28T05:43:18","slug":"revista-cet-34","status":"publish","type":"page","link":"https:\/\/www.facet.unt.edu.ar\/revistacet\/revista-cet-34\/","title":{"rendered":"Revista cet 34"},"content":{"rendered":"<p>A\u00f1o 21 N\u00ba 34 de Marzo de 2012<br \/>\nRevista de Propiedad de la Facultad de<br \/>\nCiencias Exactas y Tecnolog\u00eda<br \/>\nUniversidad Nacional de Tucum\u00e1n<\/p>\n<p style=\"text-align: center;\"><strong><span style=\"text-decoration: underline;\">CONTENIDO<\/span><\/strong><\/p>\n<p style=\"text-align: justify;\"><span style=\"text-decoration: underline;\"><strong>Editorial<\/strong><\/span><br \/>\n&#8211; <a href=\"https:\/\/www.facet.unt.edu.ar\/revistacet\/wp-content\/uploads\/sites\/28\/2023\/03\/editorial.pdf\" target=\"_blank\" rel=\"noopener\">20 a\u00f1os de la revista cet<\/a> &#8211; 3<br \/>\nEscrito por<strong> Juan Carlos Reimund\u00edn<\/strong><\/p>\n<p style=\"text-align: justify;\"><span style=\"text-decoration: underline;\"><strong>Revista cet &#8211; Vig\u00e9simo aniversario<\/strong><\/span><br \/>\n&#8211; <a href=\"https:\/\/www.facet.unt.edu.ar\/revistacet\/wp-content\/uploads\/sites\/28\/2023\/03\/n34anivcet01.pdf\" target=\"_blank\" rel=\"noopener\">A\u00f1o I y A\u00f1o XX &#8211; Veinte a\u00f1os de excelencia<\/a> &#8211; 4<br \/>\nEscrito por <strong>Sergio Jos\u00e9 Pagani<\/strong><\/p>\n<p style=\"text-align: justify;\">&#8211; <a href=\"https:\/\/www.facet.unt.edu.ar\/revistacet\/wp-content\/uploads\/sites\/28\/2023\/03\/n34anivcet02.pdf\" target=\"_blank\" rel=\"noopener\">cet + 20 a\u00f1os<\/a> &#8211; 5<br \/>\nEscrito por <strong>Juan Manuel Yalour y Mar\u00eda Eugenia Marquetti<\/strong><\/p>\n<p style=\"text-align: justify;\"><strong><u>Investigaci\u00f3n y Desarrollo<\/u><\/strong><br \/>\n&#8211; <a href=\"https:\/\/www.facet.unt.edu.ar\/revistacet\/wp-content\/uploads\/sites\/28\/2023\/03\/n34inv01.pdf\" target=\"_blank\" rel=\"noopener\">Sistemas de comunicaci\u00f3n inal\u00e1mbricos con tecnolog\u00eda MIMO<\/a> &#8211; 7<br \/>\nEscrito por <strong>Silvina A. Grupalli, Miguel A. Cabrera, Jorge D. Bilbao y Mart\u00edn G. Ferreyra<\/strong><\/p>\n<p style=\"text-align: justify;\">&#8211; <a href=\"https:\/\/www.facet.unt.edu.ar\/revistacet\/wp-content\/uploads\/sites\/28\/2023\/03\/n34inv02.pdf\" target=\"_blank\" rel=\"noopener\">El yac\u00f3n y sus curvas de secado<\/a> &#8211; 14<br \/>\nEscrito por <strong>Rodolfo O. Guzm\u00e1n, Alfredo Grau y Carlos Correa<\/strong><\/p>\n<p style=\"text-align: justify;\"><strong><u>Extensi\u00f3n<\/u><\/strong><br \/>\n&#8211; <a href=\"https:\/\/www.facet.unt.edu.ar\/revistacet\/wp-content\/uploads\/sites\/28\/2023\/03\/n34ext.pdf\" target=\"_blank\" rel=\"noopener\">Laboratorio de Instrumentaci\u00f3n Industrial<\/a> -22<br \/>\nEscrito por <strong>Rodolfo Antonio Hurtado<\/strong><\/p>\n<p style=\"text-align: justify;\"><strong><u>Informes T\u00e9cnicos<\/u><\/strong><br \/>\n&#8211; <a href=\"https:\/\/www.facet.unt.edu.ar\/revistacet\/wp-content\/uploads\/sites\/28\/2023\/03\/n34inftec.pdf\" target=\"_blank\" rel=\"noopener\">Mec\u00e1nica de deformaci\u00f3n de gaviones: F355 R1: Ensayos no destructivos de gaviones de malla romboidal y hexagonal de tipo caja y saco (Parte II)<\/a> &#8211; 25<br \/>\nEscrito por <strong>Domingo A. Bravo<\/strong><\/p>\n<p style=\"text-align: justify;\"><strong><u>Notas<\/u><\/strong><br \/>\n&#8211; <a href=\"https:\/\/www.facet.unt.edu.ar\/revistacet\/wp-content\/uploads\/sites\/28\/2023\/03\/n34not01.pdf\" target=\"_blank\" rel=\"noopener\">Acci\u00f3n Social para Estudiantes (ASPE) inaugur\u00f3 una delegaci\u00f3n en el Centro Herrera<\/a> &#8211; 39<\/p>\n<p style=\"text-align: justify;\">&#8211; <a href=\"https:\/\/www.facet.unt.edu.ar\/revistacet\/wp-content\/uploads\/sites\/28\/2023\/03\/n34not02.pdf\" target=\"_blank\" rel=\"noopener\">Nuevo libro \u201cCuestiones de Econom\u00eda\u201d de Franco Eugenio Nanni<\/a> &#8211; 40<br \/>\nEscrito por <strong>Ricardo Nassif<\/strong><\/p>\n<p>&#8211; <a href=\"https:\/\/www.facet.unt.edu.ar\/revistacet\/wp-content\/uploads\/sites\/28\/2023\/03\/n34not03.pdf\" target=\"_blank\" rel=\"noopener\">A los egresados<\/a> &#8211; 42<br \/>\nEscrito por Elisa M. Colombo<\/p>\n<p><strong><u>Homenajes<\/u><\/strong><br \/>\n&#8211; <a href=\"https:\/\/www.facet.unt.edu.ar\/revistacet\/wp-content\/uploads\/sites\/28\/2023\/03\/n34hom.pdf\" target=\"_blank\" rel=\"noopener\">Doctora Susi Lippi Marques<\/a> &#8211; 44<br \/>\nEscrito por Javier Santill\u00e1n<\/p>\n<p><strong><u>Para los autores<\/u><\/strong><br \/>\n&#8211; <a href=\"https:\/\/www.facet.unt.edu.ar\/revistacet\/wp-content\/uploads\/sites\/28\/2023\/03\/n34autores.pdf\" target=\"_blank\" rel=\"noopener\">Informaci\u00f3n e Instrucciones para Autores<\/a> &#8211; 45<\/p>\n<p><iframe loading=\"lazy\" src=\"https:\/\/www.yumpu.com\/es\/embed\/view\/ben8ChH7cU2gS9fQ\" width=\"620px\" height=\"600px\" frameborder=\"0\" allowfullscreen=\"allowfullscreen\"><\/iframe><br \/>\n<a title=\"Revista cet 34\" href=\"https:\/\/www.yumpu.com\/es\/document\/view\/67687998\/revista-cet-34\" target=\"_blank\" rel=\"noopener\">Revista cet 34<\/a><\/p>\n<p>&nbsp;<\/p>\n<hr \/>\n<p>Esta publicaci\u00f3n figura en el Directorio de Latindex<br \/>\nPeriodicidad de la revista: Semestral<br \/>\nClasificaci\u00f3n decimal universal (CDU): 501- 62<br \/>\nDirector TE. +54-381-4364093 &#8211; Int. 7719 &#8211; Cooperadora TE. +54-381-4364093 &#8211; Int. 7803<br \/>\nFAX: +54-381-4363004<br \/>\nEl contenido de los trabajos firmados no representa necesariamente la opini\u00f3n del editor, siendo de exclusiva<br \/>\nresponsabilidad de los autores.<br \/>\nRegistro de Propiedad Intelectual: N\u00ba 303943 &#8211; ISSN 1668-9178<br \/>\nEste n\u00famero cerr\u00f3 el 31\/03\/2012.<\/p>\n","protected":false},"excerpt":{"rendered":"<p>A\u00f1o 21 N\u00ba 34 de Marzo de 2012 Revista de Propiedad de la Facultad de Ciencias Exactas y Tecnolog\u00eda Universidad Nacional de Tucum\u00e1n CONTENIDO Editorial &#8211; 20 a\u00f1os de la revista cet &#8211; 3 Escrito por Juan Carlos Reimund\u00edn Revista cet &#8211; Vig\u00e9simo aniversario &#8211; A\u00f1o I y A\u00f1o XX &#8211; Veinte a\u00f1os de excelencia [&hellip;]<\/p>\n","protected":false},"author":6,"featured_media":0,"parent":0,"menu_order":0,"comment_status":"closed","ping_status":"closed","template":"","meta":[],"_links":{"self":[{"href":"https:\/\/www.facet.unt.edu.ar\/revistacet\/wp-json\/wp\/v2\/pages\/517"}],"collection":[{"href":"https:\/\/www.facet.unt.edu.ar\/revistacet\/wp-json\/wp\/v2\/pages"}],"about":[{"href":"https:\/\/www.facet.unt.edu.ar\/revistacet\/wp-json\/wp\/v2\/types\/page"}],"author":[{"embeddable":true,"href":"https:\/\/www.facet.unt.edu.ar\/revistacet\/wp-json\/wp\/v2\/users\/6"}],"replies":[{"embeddable":true,"href":"https:\/\/www.facet.unt.edu.ar\/revistacet\/wp-json\/wp\/v2\/comments?post=517"}],"version-history":[{"count":12,"href":"https:\/\/www.facet.unt.edu.ar\/revistacet\/wp-json\/wp\/v2\/pages\/517\/revisions"}],"predecessor-version":[{"id":520,"href":"https:\/\/www.facet.unt.edu.ar\/revistacet\/wp-json\/wp\/v2\/pages\/517\/revisions\/520"}],"wp:attachment":[{"href":"https:\/\/www.facet.unt.edu.ar\/revistacet\/wp-json\/wp\/v2\/media?parent=517"}],"curies":[{"name":"wp","href":"https:\/\/api.w.org\/{rel}","templated":true}]}}