{"id":4928,"date":"2025-12-22T10:51:05","date_gmt":"2025-12-22T13:51:05","guid":{"rendered":"https:\/\/www.facet.unt.edu.ar\/sbe\/?page_id=4928"},"modified":"2026-03-09T20:28:38","modified_gmt":"2026-03-09T23:28:38","slug":"preinscripciones-2026-facet","status":"publish","type":"page","link":"https:\/\/www.facet.unt.edu.ar\/sbe\/preinscripciones-2026-facet\/","title":{"rendered":"Preinscripciones 2026 FACET"},"content":{"rendered":"<p style=\"text-align: justify;\">Para formalizar la inscripci\u00f3n a la carrera de la\u00a0<strong>Facultad de Ciencias Exactas y Tecnolog\u00eda de la Universidad Nacional de Tucum\u00e1n (FACET \u2013 UNT)<\/strong>\u00a0que has elegido, deber\u00e1s completar los siguientes pasos:<\/p>\n<div style=\"text-align: justify;\">\n<hr \/>\n<\/div>\n<h3 style=\"text-align: justify;\">1. Preinscripci\u00f3n en SIU Guaran\u00ed<\/h3>\n<p style=\"text-align: justify;\"><strong>Per\u00edodo:<\/strong>\u00a0desde el\u00a0<strong>04\/12\/2025<\/strong>\u00a0hasta el\u00a0<strong>15\/03\/2026<\/strong><br \/>\n<strong>Enlace: <\/strong><a href=\"https:\/\/guarani.unt.edu.ar\/preinscripciones\/facet\/\" target=\"_blank\" rel=\"noopener\">https:\/\/guarani.unt.edu.ar\/<wbr \/>preinscripciones\/facet\/<\/a>\u00a0(*)<\/p>\n<div style=\"text-align: justify;\">\n<hr \/>\n<\/div>\n<h3 style=\"text-align: justify;\">2. Presentaci\u00f3n de la documentaci\u00f3n (modalidad virtual)<\/h3>\n<p style=\"text-align: justify;\"><strong>Per\u00edodo:<\/strong>\u00a0del\u00a0<strong>04\/12\/2025<\/strong>\u00a0al\u00a0<strong>15\/03\/2026<\/strong><br \/>\n<strong>Formulario: <\/strong><a href=\"https:\/\/forms.gle\/EEZ583DJH9BDnqGN9\" target=\"_blank\" rel=\"noopener\">https:\/\/forms.gle\/<wbr \/>EEZ583DJH9BDnqGN9<\/a><\/p>\n<p style=\"text-align: justify;\"><strong>Documentaci\u00f3n requerida:<\/strong><br \/>\na) Ficha de preinscripci\u00f3n (*).<br \/>\nb) Documento Nacional de Identidad (escaneado color, ambos lados).<br \/>\nc) Acta de nacimiento legalizada y actualizada (con una antig\u00fcedad no mayor a tres meses), escaneada color (ambos lados).<br \/>\nd) Certificado anal\u00edtico de estudios secundarios o constancia de t\u00edtulo en tr\u00e1mite que acredite no adeudar materias (escaneado).<br \/>\ne) Fotograf\u00eda color tipo carnet 4&#215;4 (fondo claro, de frente).<\/p>\n<div style=\"text-align: justify;\">\n<hr \/>\n<\/div>\n<p style=\"text-align: justify;\">Se informa que las\u00a0<strong>clases iniciar\u00e1n en modalidad presencial el lunes 16\/03\/2026<\/strong>.<br \/>\nLa inscripci\u00f3n a materias y\/o comisiones podr\u00e1 realizarse\u00a0<strong>entre el 9 y el 29 de marzo de 2026<\/strong>.<\/p>\n<p style=\"text-align: justify;\">Ante cualquier consulta relacionada con la preinscripci\u00f3n, podr\u00e1s comunicarte con el\u00a0<strong>Departamento Despacho de Direcci\u00f3n Alumnos<\/strong>\u00a0a trav\u00e9s del correo electr\u00f3nico:\u00a0<a href=\"mailto:despachoalumnos_facet@herrera.unt.edu.ar\" target=\"_blank\" rel=\"noopener\"><strong>despachoalumnos_<wbr \/>facet@herrera.unt.edu.ar<\/strong><\/a><\/p>\n","protected":false},"excerpt":{"rendered":"<p>Para formalizar la inscripci\u00f3n a la carrera de la\u00a0Facultad de Ciencias Exactas y Tecnolog\u00eda de la Universidad Nacional de Tucum\u00e1n (FACET \u2013 UNT)\u00a0que has elegido, deber\u00e1s completar los siguientes pasos: 1. Preinscripci\u00f3n en SIU Guaran\u00ed Per\u00edodo:\u00a0desde el\u00a004\/12\/2025\u00a0hasta el\u00a015\/03\/2026 Enlace: https:\/\/guarani.unt.edu.ar\/preinscripciones\/facet\/\u00a0(*) 2. Presentaci\u00f3n de la documentaci\u00f3n (modalidad virtual) Per\u00edodo:\u00a0del\u00a004\/12\/2025\u00a0al\u00a015\/03\/2026 Formulario: https:\/\/forms.gle\/EEZ583DJH9BDnqGN9 Documentaci\u00f3n requerida: a) Ficha de [&hellip;]<\/p>\n","protected":false},"author":6,"featured_media":0,"parent":0,"menu_order":0,"comment_status":"closed","ping_status":"closed","template":"","meta":[],"_links":{"self":[{"href":"https:\/\/www.facet.unt.edu.ar\/sbe\/wp-json\/wp\/v2\/pages\/4928"}],"collection":[{"href":"https:\/\/www.facet.unt.edu.ar\/sbe\/wp-json\/wp\/v2\/pages"}],"about":[{"href":"https:\/\/www.facet.unt.edu.ar\/sbe\/wp-json\/wp\/v2\/types\/page"}],"author":[{"embeddable":true,"href":"https:\/\/www.facet.unt.edu.ar\/sbe\/wp-json\/wp\/v2\/users\/6"}],"replies":[{"embeddable":true,"href":"https:\/\/www.facet.unt.edu.ar\/sbe\/wp-json\/wp\/v2\/comments?post=4928"}],"version-history":[{"count":2,"href":"https:\/\/www.facet.unt.edu.ar\/sbe\/wp-json\/wp\/v2\/pages\/4928\/revisions"}],"predecessor-version":[{"id":5003,"href":"https:\/\/www.facet.unt.edu.ar\/sbe\/wp-json\/wp\/v2\/pages\/4928\/revisions\/5003"}],"wp:attachment":[{"href":"https:\/\/www.facet.unt.edu.ar\/sbe\/wp-json\/wp\/v2\/media?parent=4928"}],"curies":[{"name":"wp","href":"https:\/\/api.w.org\/{rel}","templated":true}]}}