{"id":158,"date":"2015-03-16T22:18:44","date_gmt":"2015-03-17T01:18:44","guid":{"rendered":"https:\/\/www.facet.unt.edu.ar\/secgestion\/?page_id=158"},"modified":"2015-03-16T22:18:44","modified_gmt":"2015-03-17T01:18:44","slug":"olimpiada-informatica-argentina","status":"publish","type":"page","link":"https:\/\/www.facet.unt.edu.ar\/secgestion\/olimpiada-informatica-argentina\/","title":{"rendered":"Olimp\u00edada Inform\u00e1tica Argentina"},"content":{"rendered":"<div class=\"post-bodycopy clearfix\">\n<p>La instancia nacional tendr\u00e1 lugar el d\u00eda 27 de Agosto de 2013, en el Laboratorio A del Dpto. de Ciencias de la Computaci\u00f3n, sito en el Block 3 de la\u00a0Facultad de Ciencias Exactas y Tecnolog\u00eda, UNT, Av. Independencia 1800.<\/p>\n<p>La Coodinaci\u00f3n Provincial del programa OIA est\u00e1 a cargo de la Agrim. Mar\u00eda Eugenia Marquetti, docente de esta Facultad.<\/p>\n<p>Cabe destacar que doce equipos tucumanos llegaron a la instancia nacional de la Olimp\u00edada de Inform\u00e1tica.<\/p>\n<p><b>Informes en:<\/b><br \/>\nSecretar\u00eda O.I.A.<br \/>\nUniversidad Nacional de San Mart\u00edn<br \/>\nSan Lorenzo 3391 \u2013 B1650BJC \u2013 San Mart\u00edn \u2013 Prov. de Bs. As.<br \/>\nTel.: (011) 4512-5152 \/ 5153 \/ 5155 int. 274<br \/>\nE-mail: oia@unsam.edu.ar<br \/>\nWeb: <a href=\"http:\/\/www.oia.org.ar\" target=\"_blank\">www.oia.org.ar<\/a><\/p>\n<\/div>\n","protected":false},"excerpt":{"rendered":"<p>La instancia nacional tendr\u00e1 lugar el d\u00eda 27 de Agosto de 2013, en el Laboratorio A del Dpto. de Ciencias de la Computaci\u00f3n, sito en el Block 3 de la\u00a0Facultad de Ciencias Exactas y Tecnolog\u00eda, UNT, Av. Independencia 1800. La Coodinaci\u00f3n Provincial del programa OIA est\u00e1 a cargo de la Agrim. Mar\u00eda Eugenia Marquetti, docente [&hellip;]<\/p>\n","protected":false},"author":6,"featured_media":0,"parent":0,"menu_order":0,"comment_status":"closed","ping_status":"closed","template":"","meta":[],"_links":{"self":[{"href":"https:\/\/www.facet.unt.edu.ar\/secgestion\/wp-json\/wp\/v2\/pages\/158"}],"collection":[{"href":"https:\/\/www.facet.unt.edu.ar\/secgestion\/wp-json\/wp\/v2\/pages"}],"about":[{"href":"https:\/\/www.facet.unt.edu.ar\/secgestion\/wp-json\/wp\/v2\/types\/page"}],"author":[{"embeddable":true,"href":"https:\/\/www.facet.unt.edu.ar\/secgestion\/wp-json\/wp\/v2\/users\/6"}],"replies":[{"embeddable":true,"href":"https:\/\/www.facet.unt.edu.ar\/secgestion\/wp-json\/wp\/v2\/comments?post=158"}],"version-history":[{"count":2,"href":"https:\/\/www.facet.unt.edu.ar\/secgestion\/wp-json\/wp\/v2\/pages\/158\/revisions"}],"predecessor-version":[{"id":160,"href":"https:\/\/www.facet.unt.edu.ar\/secgestion\/wp-json\/wp\/v2\/pages\/158\/revisions\/160"}],"wp:attachment":[{"href":"https:\/\/www.facet.unt.edu.ar\/secgestion\/wp-json\/wp\/v2\/media?parent=158"}],"curies":[{"name":"wp","href":"https:\/\/api.w.org\/{rel}","templated":true}]}}