{"id":168,"date":"2015-03-16T22:23:13","date_gmt":"2015-03-17T01:23:13","guid":{"rendered":"https:\/\/www.facet.unt.edu.ar\/secgestion\/?page_id=168"},"modified":"2015-03-16T22:23:13","modified_gmt":"2015-03-17T01:23:13","slug":"semana-nacional-del-emprendedor-tecnologico","status":"publish","type":"page","link":"https:\/\/www.facet.unt.edu.ar\/secgestion\/semana-nacional-del-emprendedor-tecnologico\/","title":{"rendered":"Semana Nacional del Emprendedor Tecnol\u00f3gico"},"content":{"rendered":"<div class=\"post-bodycopy clearfix\">\n<p>Durante los d\u00edas 4 y 5 de Septiembre del corriente a\u00f1o, se llevar\u00e1 a cabo la Semana Nacional del Emprendedor Tecnol\u00f3gico en el Anfiteatro Dpto. de Luminotecnia, Luz y Visi\u00f3n de la Facultad de Ciencias Exactas y Tecnolog\u00eda de la UNT.<\/p>\n<p>Objetivos:<br \/>\n\u2013 Promover y difundir la cultura emprendedora;<br \/>\n\u2013 Generar capacidades de gesti\u00f3n para la creaci\u00f3n, el desarrollo y la consolidaci\u00f3n de empresas que hagan un uso intensivo del conocimiento cient\u00edfico y tecnol\u00f3gico y que produzcan innovaciones.<\/p>\n<p>El evento est\u00e1 destinado a organizaciones p\u00fablicas o privadas que promuevan el emprendedorismo, estudiantes universitarios de grado y posgrado, cient\u00edficos y tecn\u00f3logos, emprendedores y p\u00fablico en general.<\/p>\n<p><a href=\"http:\/\/www1.herrera.unt.edu.ar\/faceyt\/secgestion\/files\/afiche-emprendedor-2-1-.jpg\"><img decoding=\"async\" loading=\"lazy\" class=\"aligncenter size-medium wp-image-161\" src=\"http:\/\/www1.herrera.unt.edu.ar\/faceyt\/secgestion\/files\/afiche-emprendedor-2-1--212x300.jpg\" alt=\"Afiche Emprendedorismo Tecnol\u00f3gico \" width=\"212\" height=\"300\" \/><\/a><\/p>\n<\/div>\n","protected":false},"excerpt":{"rendered":"<p>Durante los d\u00edas 4 y 5 de Septiembre del corriente a\u00f1o, se llevar\u00e1 a cabo la Semana Nacional del Emprendedor Tecnol\u00f3gico en el Anfiteatro Dpto. de Luminotecnia, Luz y Visi\u00f3n de la Facultad de Ciencias Exactas y Tecnolog\u00eda de la UNT. Objetivos: \u2013 Promover y difundir la cultura emprendedora; \u2013 Generar capacidades de gesti\u00f3n para [&hellip;]<\/p>\n","protected":false},"author":6,"featured_media":0,"parent":0,"menu_order":0,"comment_status":"closed","ping_status":"closed","template":"","meta":[],"_links":{"self":[{"href":"https:\/\/www.facet.unt.edu.ar\/secgestion\/wp-json\/wp\/v2\/pages\/168"}],"collection":[{"href":"https:\/\/www.facet.unt.edu.ar\/secgestion\/wp-json\/wp\/v2\/pages"}],"about":[{"href":"https:\/\/www.facet.unt.edu.ar\/secgestion\/wp-json\/wp\/v2\/types\/page"}],"author":[{"embeddable":true,"href":"https:\/\/www.facet.unt.edu.ar\/secgestion\/wp-json\/wp\/v2\/users\/6"}],"replies":[{"embeddable":true,"href":"https:\/\/www.facet.unt.edu.ar\/secgestion\/wp-json\/wp\/v2\/comments?post=168"}],"version-history":[{"count":2,"href":"https:\/\/www.facet.unt.edu.ar\/secgestion\/wp-json\/wp\/v2\/pages\/168\/revisions"}],"predecessor-version":[{"id":170,"href":"https:\/\/www.facet.unt.edu.ar\/secgestion\/wp-json\/wp\/v2\/pages\/168\/revisions\/170"}],"wp:attachment":[{"href":"https:\/\/www.facet.unt.edu.ar\/secgestion\/wp-json\/wp\/v2\/media?parent=168"}],"curies":[{"name":"wp","href":"https:\/\/api.w.org\/{rel}","templated":true}]}}