{"id":184,"date":"2015-03-16T22:31:07","date_gmt":"2015-03-17T01:31:07","guid":{"rendered":"https:\/\/www.facet.unt.edu.ar\/secgestion\/?page_id=184"},"modified":"2015-03-16T22:31:07","modified_gmt":"2015-03-17T01:31:07","slug":"ciclo-democracia-y-participacion-2014-facet","status":"publish","type":"page","link":"https:\/\/www.facet.unt.edu.ar\/secgestion\/ciclo-democracia-y-participacion-2014-facet\/","title":{"rendered":"Ciclo Democracia y Participaci\u00f3n 2014 FACET"},"content":{"rendered":"<p>El d\u00eda Viernes 21 pr\u00f3ximo pasado, se dio por culminado en nuestra unidad acad\u00e9mica, el ciclo intitulado Democracia y Participaci\u00f3n 2014, en d\u00f3nde la totalidad de candidatos a Rector de la Universidad Nacional de Tucum\u00e1n, expusieron ante una importante concurrencia de estudiantes, docentes, personal de apoyo y egresados, los principales lineamientos de su plataforma electoral.<\/p>\n<p>En tal sentido, la Facultad de Ciencias Exactas y Tecnolog\u00eda, desea agradecer muy especialmente, la valiosa participaci\u00f3n de su comunidad a largo de los cuatro cap\u00edtulos que conformaron este ciclo y anhela que este haya sido de utilidad a fin de fortalecer los principios de la democracia universitaria.<\/p>\n<p><a href=\"http:\/\/www1.herrera.unt.edu.ar\/faceyt\/secgestion\/files\/Candidatos-a-rectores.jpg\"><img decoding=\"async\" loading=\"lazy\" class=\"aligncenter size-full wp-image-250\" src=\"http:\/\/www1.herrera.unt.edu.ar\/faceyt\/secgestion\/files\/Candidatos-a-rectores.jpg\" alt=\"Candidatos a Rectores UNT\" width=\"700\" height=\"393\" \/><\/a><\/p>\n","protected":false},"excerpt":{"rendered":"<p>El d\u00eda Viernes 21 pr\u00f3ximo pasado, se dio por culminado en nuestra unidad acad\u00e9mica, el ciclo intitulado Democracia y Participaci\u00f3n 2014, en d\u00f3nde la totalidad de candidatos a Rector de la Universidad Nacional de Tucum\u00e1n, expusieron ante una importante concurrencia de estudiantes, docentes, personal de apoyo y egresados, los principales lineamientos de su plataforma electoral. [&hellip;]<\/p>\n","protected":false},"author":6,"featured_media":0,"parent":0,"menu_order":0,"comment_status":"closed","ping_status":"closed","template":"","meta":[],"_links":{"self":[{"href":"https:\/\/www.facet.unt.edu.ar\/secgestion\/wp-json\/wp\/v2\/pages\/184"}],"collection":[{"href":"https:\/\/www.facet.unt.edu.ar\/secgestion\/wp-json\/wp\/v2\/pages"}],"about":[{"href":"https:\/\/www.facet.unt.edu.ar\/secgestion\/wp-json\/wp\/v2\/types\/page"}],"author":[{"embeddable":true,"href":"https:\/\/www.facet.unt.edu.ar\/secgestion\/wp-json\/wp\/v2\/users\/6"}],"replies":[{"embeddable":true,"href":"https:\/\/www.facet.unt.edu.ar\/secgestion\/wp-json\/wp\/v2\/comments?post=184"}],"version-history":[{"count":1,"href":"https:\/\/www.facet.unt.edu.ar\/secgestion\/wp-json\/wp\/v2\/pages\/184\/revisions"}],"predecessor-version":[{"id":185,"href":"https:\/\/www.facet.unt.edu.ar\/secgestion\/wp-json\/wp\/v2\/pages\/184\/revisions\/185"}],"wp:attachment":[{"href":"https:\/\/www.facet.unt.edu.ar\/secgestion\/wp-json\/wp\/v2\/media?parent=184"}],"curies":[{"name":"wp","href":"https:\/\/api.w.org\/{rel}","templated":true}]}}