{"id":318,"date":"2015-11-13T21:44:26","date_gmt":"2015-11-14T00:44:26","guid":{"rendered":"https:\/\/www.facet.unt.edu.ar\/secgestion\/?page_id=318"},"modified":"2015-11-13T23:11:17","modified_gmt":"2015-11-14T02:11:17","slug":"ideas-transformadoras-en-el-primer-tedx-de-la-unt","status":"publish","type":"page","link":"https:\/\/www.facet.unt.edu.ar\/secgestion\/ideas-transformadoras-en-el-primer-tedx-de-la-unt\/","title":{"rendered":"Ideas transformadoras en el primer TEDx de la UNT"},"content":{"rendered":"<p>Hoy se llev\u00f3 a cabo en el Auditorium del Dpto. de Luminotecnia, Luz y Visi\u00f3n de la FACET el 1er. TEDx de la UNT, un ciclo de conferencias de proyecci\u00f3n internacional que cont\u00f3 con la presencia de destacados oradores de diversas disciplinas. <!--more--><\/p>\n<p>La rectora, Dra. Alicia Bard\u00f3n fue una de las oradoras junto al Ing. Carlos Rodr\u00edguez, Secretario de Gesti\u00f3n y Extensi\u00f3n de la FACET; la Dra. M\u00f3nica Tirado, integrante del grupo NanoProject de la FACET; el Ing. Daniel Plopper de la Estaci\u00f3n Experimental Agroindustrial Obispo Colombres; el vicedirector del Hospital Italiano y egresado de la UNT, Dr. Juan Carlos Tejerizo; el Dr. Alejandro Brown, ec\u00f3logo, experto en biodiversidad y desarrollo sustentable y presidente de la Fundaci\u00f3n ProYungas, y el destacado y multipremiado arquitecto C\u00e9sar Pelli, egresado de la UNT.<\/p>\n<p>TEDx UNTucum\u00e1n, bajo el lema \u201cCon los pies en la tierra y la mirada en el cielo\u201d, fue promovido y organizado por la FACET y su prop\u00f3sito fue esparcir ideas transformadoras.<\/p>\n<p>El evento sin fines de lucro, cont\u00f3 a su vez, con la participaci\u00f3n de un grupo de voluntarios de toda la Universidad quienes colaboraron en la gesti\u00f3n y organizaci\u00f3n integral del proyecto.<\/p>\n<p>Para ver el video sobre el evento, seleccione <a href=\"https:\/\/www.youtube.com\/watch?v=DRthPi9LfJQ\" target=\"_blank\">aqu\u00ed<\/a>.<\/p>\n<p style=\"text-align: center\"><span style=\"text-decoration: underline\">Oradores<\/span><\/p>\n<table>\n<tbody>\n<tr>\n<td style=\"text-align: center\"><a href=\"https:\/\/www.facet.unt.edu.ar\/facetinforma\/wp-content\/uploads\/sites\/9\/2015\/10\/12038462_10153668278325480_725197490117206322_n.jpg\"><img decoding=\"async\" loading=\"lazy\" class=\"aligncenter wp-image-9228\" src=\"https:\/\/www.facet.unt.edu.ar\/facetinforma\/wp-content\/uploads\/sites\/9\/2015\/10\/12038462_10153668278325480_725197490117206322_n.jpg\" alt=\"12038462_10153668278325480_725197490117206322_n\" width=\"212\" height=\"318\" \/><\/a>Dra. Alicia Bard\u00f3n<\/td>\n<td style=\"text-align: center\"><a href=\"https:\/\/www.facet.unt.edu.ar\/facetinforma\/wp-content\/uploads\/sites\/9\/2015\/10\/12042956_10153668275410480_8531602163704340135_n.jpg\"><img decoding=\"async\" loading=\"lazy\" class=\"aligncenter wp-image-9230\" src=\"https:\/\/www.facet.unt.edu.ar\/facetinforma\/wp-content\/uploads\/sites\/9\/2015\/10\/12042956_10153668275410480_8531602163704340135_n.jpg\" alt=\"12042956_10153668275410480_8531602163704340135_n\" width=\"216\" height=\"325\" \/><\/a>Ing. Carlos Rodr\u00edguez<\/td>\n<td style=\"text-align: center\"><a href=\"https:\/\/www.facet.unt.edu.ar\/facetinforma\/wp-content\/uploads\/sites\/9\/2015\/10\/12019921_10153668276270480_8828218390528744794_n.jpg\"><img decoding=\"async\" loading=\"lazy\" class=\"aligncenter wp-image-9226\" src=\"https:\/\/www.facet.unt.edu.ar\/facetinforma\/wp-content\/uploads\/sites\/9\/2015\/10\/12019921_10153668276270480_8828218390528744794_n.jpg\" alt=\"12019921_10153668276270480_8828218390528744794_n\" width=\"218\" height=\"327\" \/><\/a>Dr. Alejandro Brown<\/td>\n<\/tr>\n<tr>\n<td style=\"text-align: center\"><a href=\"https:\/\/www.facet.unt.edu.ar\/facetinforma\/wp-content\/uploads\/sites\/9\/2015\/10\/Dra.-Tirado.png\"><img decoding=\"async\" loading=\"lazy\" class=\"aligncenter wp-image-9236\" src=\"https:\/\/www.facet.unt.edu.ar\/facetinforma\/wp-content\/uploads\/sites\/9\/2015\/10\/Dra.-Tirado.png\" alt=\"Dra. Tirado\" width=\"232\" height=\"216\" \/><\/a>Dra. M\u00f3nica Tirado<\/td>\n<td style=\"text-align: center\"><a href=\"https:\/\/www.facet.unt.edu.ar\/facetinforma\/wp-content\/uploads\/sites\/9\/2015\/10\/IMG-20151023-WA0007.jpg\"><img decoding=\"async\" loading=\"lazy\" class=\"aligncenter wp-image-9234\" src=\"https:\/\/www.facet.unt.edu.ar\/facetinforma\/wp-content\/uploads\/sites\/9\/2015\/10\/IMG-20151023-WA0007.jpg\" alt=\"IMG-20151023-WA0007\" width=\"291\" height=\"218\" \/><\/a>Dr. Juan Carlos Tejerizo<\/td>\n<td style=\"text-align: center\"><a href=\"https:\/\/www.facet.unt.edu.ar\/facetinforma\/wp-content\/uploads\/sites\/9\/2015\/10\/Ing-Plopper.png\"><img decoding=\"async\" loading=\"lazy\" class=\"aligncenter wp-image-9235\" src=\"https:\/\/www.facet.unt.edu.ar\/facetinforma\/wp-content\/uploads\/sites\/9\/2015\/10\/Ing-Plopper.png\" alt=\"Ing Plopper\" width=\"254\" height=\"217\" \/><\/a>Ing. Daniel Plopper<\/td>\n<\/tr>\n<tr>\n<td style=\"text-align: center\" colspan=\"3\"><a href=\"https:\/\/www.facet.unt.edu.ar\/facetinforma\/wp-content\/uploads\/sites\/9\/2015\/10\/12182542_10153668278010480_951772096227222714_o.jpg\"><img decoding=\"async\" loading=\"lazy\" class=\"aligncenter wp-image-9233\" src=\"https:\/\/www.facet.unt.edu.ar\/facetinforma\/wp-content\/uploads\/sites\/9\/2015\/10\/12182542_10153668278010480_951772096227222714_o.jpg\" alt=\"12182542_10153668278010480_951772096227222714_o\" width=\"300\" height=\"200\" \/><\/a>Arq. C\u00e9sar Pelli<\/td>\n<\/tr>\n<\/tbody>\n<\/table>\n<p style=\"text-align: center\"><span style=\"text-decoration: underline\">Equipo Organizador del TEDx UNTucum\u00e1n<\/span><\/p>\n<p style=\"text-align: center\"><a style=\"text-align: center\" href=\"https:\/\/www.facet.unt.edu.ar\/facetinforma\/wp-content\/uploads\/sites\/9\/2015\/10\/TedxUNT.jpg\"><img decoding=\"async\" loading=\"lazy\" class=\"aligncenter wp-image-9219\" src=\"https:\/\/www.facet.unt.edu.ar\/facetinforma\/wp-content\/uploads\/sites\/9\/2015\/10\/TedxUNT.jpg\" alt=\"TedxUNT\" width=\"641\" height=\"465\" \/><\/a><\/p>\n","protected":false},"excerpt":{"rendered":"<p>Hoy se llev\u00f3 a cabo en el Auditorium del Dpto. de Luminotecnia, Luz y Visi\u00f3n de la FACET el 1er. TEDx de la UNT, un ciclo de conferencias de proyecci\u00f3n internacional que cont\u00f3 con la presencia de destacados oradores de diversas disciplinas.<\/p>\n","protected":false},"author":6,"featured_media":0,"parent":0,"menu_order":0,"comment_status":"closed","ping_status":"closed","template":"","meta":[],"_links":{"self":[{"href":"https:\/\/www.facet.unt.edu.ar\/secgestion\/wp-json\/wp\/v2\/pages\/318"}],"collection":[{"href":"https:\/\/www.facet.unt.edu.ar\/secgestion\/wp-json\/wp\/v2\/pages"}],"about":[{"href":"https:\/\/www.facet.unt.edu.ar\/secgestion\/wp-json\/wp\/v2\/types\/page"}],"author":[{"embeddable":true,"href":"https:\/\/www.facet.unt.edu.ar\/secgestion\/wp-json\/wp\/v2\/users\/6"}],"replies":[{"embeddable":true,"href":"https:\/\/www.facet.unt.edu.ar\/secgestion\/wp-json\/wp\/v2\/comments?post=318"}],"version-history":[{"count":3,"href":"https:\/\/www.facet.unt.edu.ar\/secgestion\/wp-json\/wp\/v2\/pages\/318\/revisions"}],"predecessor-version":[{"id":334,"href":"https:\/\/www.facet.unt.edu.ar\/secgestion\/wp-json\/wp\/v2\/pages\/318\/revisions\/334"}],"wp:attachment":[{"href":"https:\/\/www.facet.unt.edu.ar\/secgestion\/wp-json\/wp\/v2\/media?parent=318"}],"curies":[{"name":"wp","href":"https:\/\/api.w.org\/{rel}","templated":true}]}}