{"id":101,"date":"2016-03-15T19:09:17","date_gmt":"2016-03-15T22:09:17","guid":{"rendered":"https:\/\/www.facet.unt.edu.ar\/syso\/?page_id=101"},"modified":"2016-03-15T19:10:10","modified_gmt":"2016-03-15T22:10:10","slug":"vision","status":"publish","type":"page","link":"https:\/\/www.facet.unt.edu.ar\/syso\/vision\/","title":{"rendered":"VISI\u00d3N"},"content":{"rendered":"<p><a href=\"https:\/\/www.facet.unt.edu.ar\/syso\/wp-content\/uploads\/sites\/36\/2016\/03\/vision.jpg\" rel=\"attachment wp-att-102\"><img decoding=\"async\" loading=\"lazy\" class=\"size-full wp-image-102 aligncenter\" src=\"https:\/\/www.facet.unt.edu.ar\/syso\/wp-content\/uploads\/sites\/36\/2016\/03\/vision.jpg\" alt=\"Sun setting on remote highway\" width=\"476\" height=\"360\" srcset=\"https:\/\/www.facet.unt.edu.ar\/syso\/wp-content\/uploads\/sites\/36\/2016\/03\/vision.jpg 476w, https:\/\/www.facet.unt.edu.ar\/syso\/wp-content\/uploads\/sites\/36\/2016\/03\/vision-300x227.jpg 300w\" sizes=\"(max-width: 476px) 100vw, 476px\" \/><\/a><\/p>\n<p>Ser Referentes Institucionales en materia de Seguridad y Salud Ocupacional, a trav\u00e9s de la participaci\u00f3n activa y compromiso de todos aquellos que integramos la Comunidad de la Facultad de Ciencias Exactas y Tecnolog\u00eda.<\/p>\n","protected":false},"excerpt":{"rendered":"<p>Ser Referentes Institucionales en materia de Seguridad y Salud Ocupacional, a trav\u00e9s de la participaci\u00f3n activa y compromiso de todos aquellos que integramos la Comunidad de la Facultad de Ciencias Exactas y Tecnolog\u00eda.<\/p>\n","protected":false},"author":6,"featured_media":0,"parent":0,"menu_order":0,"comment_status":"closed","ping_status":"closed","template":"","meta":[],"_links":{"self":[{"href":"https:\/\/www.facet.unt.edu.ar\/syso\/wp-json\/wp\/v2\/pages\/101"}],"collection":[{"href":"https:\/\/www.facet.unt.edu.ar\/syso\/wp-json\/wp\/v2\/pages"}],"about":[{"href":"https:\/\/www.facet.unt.edu.ar\/syso\/wp-json\/wp\/v2\/types\/page"}],"author":[{"embeddable":true,"href":"https:\/\/www.facet.unt.edu.ar\/syso\/wp-json\/wp\/v2\/users\/6"}],"replies":[{"embeddable":true,"href":"https:\/\/www.facet.unt.edu.ar\/syso\/wp-json\/wp\/v2\/comments?post=101"}],"version-history":[{"count":2,"href":"https:\/\/www.facet.unt.edu.ar\/syso\/wp-json\/wp\/v2\/pages\/101\/revisions"}],"predecessor-version":[{"id":104,"href":"https:\/\/www.facet.unt.edu.ar\/syso\/wp-json\/wp\/v2\/pages\/101\/revisions\/104"}],"wp:attachment":[{"href":"https:\/\/www.facet.unt.edu.ar\/syso\/wp-json\/wp\/v2\/media?parent=101"}],"curies":[{"name":"wp","href":"https:\/\/api.w.org\/{rel}","templated":true}]}}