{"id":105,"date":"2016-03-15T19:11:06","date_gmt":"2016-03-15T22:11:06","guid":{"rendered":"https:\/\/www.facet.unt.edu.ar\/syso\/?page_id=105"},"modified":"2016-03-15T19:16:05","modified_gmt":"2016-03-15T22:16:05","slug":"proposito","status":"publish","type":"page","link":"https:\/\/www.facet.unt.edu.ar\/syso\/proposito\/","title":{"rendered":"PROP\u00d3SITO"},"content":{"rendered":"<p><a href=\"https:\/\/www.facet.unt.edu.ar\/syso\/wp-content\/uploads\/sites\/36\/2016\/03\/proposito-Seguridad-laboral.jpg\" rel=\"attachment wp-att-106\"><img decoding=\"async\" loading=\"lazy\" class=\"size-full wp-image-106 aligncenter\" src=\"https:\/\/www.facet.unt.edu.ar\/syso\/wp-content\/uploads\/sites\/36\/2016\/03\/proposito-Seguridad-laboral.jpg\" alt=\"proposito-Seguridad-laboral\" width=\"550\" height=\"409\" srcset=\"https:\/\/www.facet.unt.edu.ar\/syso\/wp-content\/uploads\/sites\/36\/2016\/03\/proposito-Seguridad-laboral.jpg 550w, https:\/\/www.facet.unt.edu.ar\/syso\/wp-content\/uploads\/sites\/36\/2016\/03\/proposito-Seguridad-laboral-300x223.jpg 300w\" sizes=\"(max-width: 550px) 100vw, 550px\" \/><\/a><\/p>\n<p>La comisi\u00f3n SySO de la Facultad de Ciencias Exactas y Tecnolog\u00eda de la Universidad Nacional de Tucum\u00e1n, tiene como prop\u00f3sito, difundir y promover la aplicaci\u00f3n de normas y buenas pr\u00e1cticas de naturaleza preventiva frente a riesgos laborales, a trav\u00e9s de acciones de mejora, capacitaci\u00f3n y participaci\u00f3n e involucramiento de todos sus docentes, alumnos y personal de apoyo.<\/p>\n","protected":false},"excerpt":{"rendered":"<p>La comisi\u00f3n SySO de la Facultad de Ciencias Exactas y Tecnolog\u00eda de la Universidad Nacional de Tucum\u00e1n, tiene como prop\u00f3sito, difundir y promover la aplicaci\u00f3n de normas y buenas pr\u00e1cticas de naturaleza preventiva frente a riesgos laborales, a trav\u00e9s de acciones de mejora, capacitaci\u00f3n y participaci\u00f3n e involucramiento de todos sus docentes, alumnos y personal [&hellip;]<\/p>\n","protected":false},"author":6,"featured_media":0,"parent":0,"menu_order":0,"comment_status":"closed","ping_status":"closed","template":"","meta":[],"_links":{"self":[{"href":"https:\/\/www.facet.unt.edu.ar\/syso\/wp-json\/wp\/v2\/pages\/105"}],"collection":[{"href":"https:\/\/www.facet.unt.edu.ar\/syso\/wp-json\/wp\/v2\/pages"}],"about":[{"href":"https:\/\/www.facet.unt.edu.ar\/syso\/wp-json\/wp\/v2\/types\/page"}],"author":[{"embeddable":true,"href":"https:\/\/www.facet.unt.edu.ar\/syso\/wp-json\/wp\/v2\/users\/6"}],"replies":[{"embeddable":true,"href":"https:\/\/www.facet.unt.edu.ar\/syso\/wp-json\/wp\/v2\/comments?post=105"}],"version-history":[{"count":1,"href":"https:\/\/www.facet.unt.edu.ar\/syso\/wp-json\/wp\/v2\/pages\/105\/revisions"}],"predecessor-version":[{"id":107,"href":"https:\/\/www.facet.unt.edu.ar\/syso\/wp-json\/wp\/v2\/pages\/105\/revisions\/107"}],"wp:attachment":[{"href":"https:\/\/www.facet.unt.edu.ar\/syso\/wp-json\/wp\/v2\/media?parent=105"}],"curies":[{"name":"wp","href":"https:\/\/api.w.org\/{rel}","templated":true}]}}