{"id":129,"date":"2016-03-15T19:37:24","date_gmt":"2016-03-15T22:37:24","guid":{"rendered":"https:\/\/www.facet.unt.edu.ar\/syso\/?page_id=129"},"modified":"2016-03-28T21:00:06","modified_gmt":"2016-03-29T00:00:06","slug":"descargas","status":"publish","type":"page","link":"https:\/\/www.facet.unt.edu.ar\/syso\/descargas\/","title":{"rendered":"DESCARGAS"},"content":{"rendered":"<table border=\"0\">\n<tbody>\n<tr>\n<td><a href=\"https:\/\/www.facet.unt.edu.ar\/syso\/wp-content\/uploads\/sites\/36\/2016\/03\/Medicamentos-DUS.pdf\" target=\"_blank\">Botiqu\u00edn DUS (Direcci\u00f3n Universitaria de Salud)<\/a><\/td>\n<\/tr>\n<tr>\n<td><a href=\"https:\/\/www.facet.unt.edu.ar\/syso\/wp-content\/uploads\/sites\/36\/2016\/03\/Ca\u00eddas-y-resbalones.pdf\" target=\"_blank\">Ca\u00eddas y Resbalones<\/a><\/td>\n<\/tr>\n<tr>\n<td><a href=\"https:\/\/www.facet.unt.edu.ar\/syso\/wp-content\/uploads\/sites\/36\/2016\/03\/Capacitaci\u00f3n-Alumnos.pdf\" target=\"_blank\">Capacitaci\u00f3n Alumnos \u2013 Pautas Generales<\/a><\/td>\n<\/tr>\n<tr>\n<td><a href=\"https:\/\/www.facet.unt.edu.ar\/syso\/wp-content\/uploads\/sites\/36\/2016\/03\/Conceptos-de-EPP.pdf\" target=\"_blank\">Conceptos de Elementos de Protecci\u00f3n Personal<\/a><\/td>\n<\/tr>\n<tr>\n<td><a href=\"https:\/\/www.facet.unt.edu.ar\/syso\/wp-content\/uploads\/sites\/36\/2016\/03\/EPP.pdf\" target=\"_blank\">Elementos de Protecci\u00f3n Personal<\/a><\/td>\n<\/tr>\n<tr>\n<td><a href=\"https:\/\/www.facet.unt.edu.ar\/syso\/wp-content\/uploads\/sites\/36\/2016\/03\/Hipoclorito-de-sodio-Lavandina.pdf\" target=\"_blank\">HIPOCLORITO DE SODIO (disoluci\u00f3n &gt;5%)<\/a><\/td>\n<\/tr>\n<tr>\n<td><a href=\"https:\/\/www.facet.unt.edu.ar\/syso\/wp-content\/uploads\/sites\/36\/2016\/03\/Manual-Bioseguridad-Lab-Microbiologia.pdf\" target=\"_blank\">Manual de Bioseguridad en Laboratorios de Microbiolog\u00eda y Biomedicina \u2013 FBQF \u2013 UNT<\/a><\/td>\n<\/tr>\n<tr>\n<td><a href=\"https:\/\/www.facet.unt.edu.ar\/syso\/wp-content\/uploads\/sites\/36\/2016\/03\/Primeros-Auxilios-Cruz-Roja.pdf\" target=\"_blank\">Manual de Primeros Auxilios \u2013 Cruz Roja<\/a><\/td>\n<\/tr>\n<tr>\n<td><a href=\"https:\/\/www.facet.unt.edu.ar\/syso\/wp-content\/uploads\/sites\/36\/2016\/03\/Normas-de-seguridad-Taller.pdf\" target=\"_blank\">Normas de Seguridad en Talleres y Laboratorios del Dpto. de Mec\u00e1nica<\/a><\/td>\n<\/tr>\n<tr>\n<td><a href=\"https:\/\/www.facet.unt.edu.ar\/syso\/wp-content\/uploads\/sites\/36\/2016\/03\/NormaOHSAS18002-2008-1.pdf\" target=\"_blank\">Norma OHSAS 18002:2008<\/a><\/td>\n<\/tr>\n<tr>\n<td><a href=\"https:\/\/www.facet.unt.edu.ar\/syso\/wp-content\/uploads\/sites\/36\/2016\/03\/Prevenci\u00f3n-de-accidente-en-Taller-y-Lab.-Dpto.-Mec\u00e1nica.pdf\" target=\"_blank\">Prevenci\u00f3n de Accidentes en Taller y Laboratorios del Dpto. de Mec\u00e1nica<\/a><\/td>\n<\/tr>\n<tr>\n<td><a href=\"https:\/\/www.facet.unt.edu.ar\/syso\/wp-content\/uploads\/sites\/36\/2016\/03\/TECNOLOGIA-DEL-FUEGO-UNT.pdf\" target=\"_blank\">Taller de Seguridad contra Incendios y Evacuaci\u00f3n UNT<\/a><\/td>\n<\/tr>\n<tr>\n<td><a href=\"https:\/\/www.facet.unt.edu.ar\/syso\/wp-content\/uploads\/sites\/36\/2016\/03\/Uso-de-productos-qu\u00edmicos-de-utilizaci\u00f3n-diaria.pdf\" target=\"_blank\">Uso de productos qu\u00edmicos de utilizaci\u00f3n diaria<\/a><\/td>\n<\/tr>\n<\/tbody>\n<\/table>\n","protected":false},"excerpt":{"rendered":"<p>Botiqu\u00edn DUS (Direcci\u00f3n Universitaria de Salud) Ca\u00eddas y Resbalones Capacitaci\u00f3n Alumnos \u2013 Pautas Generales Conceptos de Elementos de Protecci\u00f3n Personal Elementos de Protecci\u00f3n Personal HIPOCLORITO DE SODIO (disoluci\u00f3n &gt;5%) Manual de Bioseguridad en Laboratorios de Microbiolog\u00eda y Biomedicina \u2013 FBQF \u2013 UNT Manual de Primeros Auxilios \u2013 Cruz Roja Normas de Seguridad en Talleres y [&hellip;]<\/p>\n","protected":false},"author":6,"featured_media":0,"parent":0,"menu_order":0,"comment_status":"closed","ping_status":"closed","template":"","meta":[],"_links":{"self":[{"href":"https:\/\/www.facet.unt.edu.ar\/syso\/wp-json\/wp\/v2\/pages\/129"}],"collection":[{"href":"https:\/\/www.facet.unt.edu.ar\/syso\/wp-json\/wp\/v2\/pages"}],"about":[{"href":"https:\/\/www.facet.unt.edu.ar\/syso\/wp-json\/wp\/v2\/types\/page"}],"author":[{"embeddable":true,"href":"https:\/\/www.facet.unt.edu.ar\/syso\/wp-json\/wp\/v2\/users\/6"}],"replies":[{"embeddable":true,"href":"https:\/\/www.facet.unt.edu.ar\/syso\/wp-json\/wp\/v2\/comments?post=129"}],"version-history":[{"count":13,"href":"https:\/\/www.facet.unt.edu.ar\/syso\/wp-json\/wp\/v2\/pages\/129\/revisions"}],"predecessor-version":[{"id":226,"href":"https:\/\/www.facet.unt.edu.ar\/syso\/wp-json\/wp\/v2\/pages\/129\/revisions\/226"}],"wp:attachment":[{"href":"https:\/\/www.facet.unt.edu.ar\/syso\/wp-json\/wp\/v2\/media?parent=129"}],"curies":[{"name":"wp","href":"https:\/\/api.w.org\/{rel}","templated":true}]}}