{"id":159,"date":"2018-03-13T01:46:10","date_gmt":"2018-03-13T04:46:10","guid":{"rendered":"https:\/\/www.facet.unt.edu.ar\/tecfisicaambiental\/?page_id=159"},"modified":"2020-11-24T22:37:43","modified_gmt":"2020-11-25T01:37:43","slug":"contenidos-minimos","status":"publish","type":"page","link":"https:\/\/www.facet.unt.edu.ar\/tecfisicaambiental\/contenidos-minimos\/","title":{"rendered":"Contenidos M\u00ednimos"},"content":{"rendered":"<p><strong>C\u00e1lculo Nivel I\u00a0<\/strong><\/p>\n<p>N\u00fameros reales. Funciones. L\u00edmites. Derivadas de una funci\u00f3n. Derivadas de orden superior. L\u00edmites. Continuidad. Derivadas. Comportamiento de las funciones y sus graficas.<\/p>\n<p><strong>Elementos de Algebra Lineal\u00a0 y Geometr\u00eda Anal\u00edtica<\/strong><\/p>\n<p>Vectores. C\u00f3nicas. Superficie y l\u00ednea. N\u00fameros complejos. Expresiones alge-braicas enteras. Matrices. Sistemas de ecuaciones lineales. Determinantes. Espacios vectoriales.<\/p>\n<p><strong>An\u00e1lisis geoambiental<\/strong><\/p>\n<p>Sistemas Naturales y Biodiversidad: Relaciones e Interdependencias. Relaci\u00f3n Hombre-Naturaleza-Sociedad. Uso de los recursos naturales (RN). Agotamiento mundial de los RN. Pol\u00edticas y estrategias para el uso de los RN. Explosi\u00f3n demogr\u00e1fica e impacto tecnol\u00f3gico. Ecosistemas y ciclos naturales. Poluci\u00f3n de agua, aire y suelo. Definici\u00f3n y funcionamiento del Geosistema. Mineralog\u00eda y minerales formadores de rocas. Geodin\u00e1mica Externa y procesos asociados al modelado terrestre. Clima: Concepto y agentes formadores.<\/p>\n<p><strong>Qu\u00edmica general<\/strong><\/p>\n<p>Estructura at\u00f3mica. Part\u00edculas subat\u00f3micas. Estado gaseoso. Estado l\u00edquido. Soluciones. Termodin\u00e1mica y termoqu\u00edmica. Equilibrio qu\u00edmico y Equilibrio i\u00f3nico. Electroqu\u00edmica. Pilas y potenciales.<\/p>\n<p><strong>C\u00e1lculo Nivel II<\/strong><\/p>\n<p>Integral Indefinida e Integraci\u00f3n. Funciones Logar\u00edtmica y Exponencial. T\u00e9cnicas de integraci\u00f3n. Aproximaciones polinomiales. Sucesiones y series infinitas.<\/p>\n<p><strong>F\u00edsica I<\/strong><\/p>\n<p>Cinem\u00e1tica. Din\u00e1mica. Leyes de Newton. Trabajo y energ\u00eda. Elasticidad. Esfuer-zos. Hidrost\u00e1tica e hidrodin\u00e1mica. Calor y Termodin\u00e1mica. Propagaci\u00f3n del calor. Gases reales e ideales.<\/p>\n<p><strong>Qu\u00edmica inorg\u00e1nica y org\u00e1nica<\/strong><\/p>\n<p>Clasificaci\u00f3n de periodos de los elementos. Metales pesados: sus propiedades, usos e impacto ambiental. No metales: sus propiedades, usos e impacto ambiental de los \u00f3xidos de carbono y nitr\u00f3geno. Fertilizantes nitrogenados y fosforados. Compuestos org\u00e1nicos c\u00edclicos y ac\u00edclicos: hidrocarburos, alcoholes y fenoles, \u00e9teres, aminas, aldeh\u00eddos y cetonas, \u00e1cidos carbox\u00edlicos. Compuestos heteroc\u00edcli-cos. Pesticidas.<\/p>\n<p><strong>Inform\u00e1tica<\/strong><\/p>\n<p>Introducci\u00f3n a la inform\u00e1tica. Representaci\u00f3n de la informaci\u00f3n. Sistemas operati-vos. Software. Base de datos. Elementos de Programaci\u00f3n. Teleinform\u00e1tica. Multi-media.<\/p>\n<p><strong>C\u00e1lculo Nivel III<\/strong><\/p>\n<p>Calculo diferencial de funciones varias variables. Funciones continuas. Funciones diferenciables. Composici\u00f3n de funciones. Extremos relativos.<\/p>\n<p><strong>F\u00edsica II<\/strong><\/p>\n<p>Oscilaciones. Ondas. Ac\u00fastica. Sonido. Ultrasonido. Efecto Doppler. Electricidad y Magnetismo. Interacci\u00f3n el\u00e9ctrica. Campo el\u00e9ctrico Potencial. Condensadores. Circuitos el\u00e9ctricos. Campo Magn\u00e9tico. Ley Ampere y Biot\u2013Savart. Ley de Faraday. Fem. Corriente alterna.<\/p>\n<p><strong>Sistemas hidrol\u00f3gicos<\/strong><\/p>\n<p>El agua: Ciclo Hidrol\u00f3gico. Aguas superficiales y subterr\u00e1neas. Recursos h\u00eddricos, sus fuentes y cuencas h\u00eddricas. El relieve. Sistemas hidrol\u00f3gicos naturales y antr\u00f3picos. M\u00e9todos y tecnolog\u00edas convencionales y especiales para la captaci\u00f3n, conducci\u00f3n, tratamiento, acondicionamiento y almacenaje del agua seg\u00fan su uso para consumo humano e industrial. El agua y la situaci\u00f3n geopol\u00edtica de los recursos h\u00eddricos. Utilizaci\u00f3n de SIG en los recursos h\u00eddricos. Procedimientos de Gesti\u00f3n Ambiental participativa aplicados a Cuencas y microregiones. Procesos de sistematizaci\u00f3n. Legislaci\u00f3n. Resoluci\u00f3n de casos de problem\u00e1tica h\u00eddrica.<\/p>\n<p><strong>Impacto y gesti\u00f3n ambiental<\/strong><\/p>\n<p>Bases para el dise\u00f1o e implementaci\u00f3n de un plan de gesti\u00f3n medioambiental, SGMA. Diagn\u00f3stico inicial. Normas ISO 14001-14004. Diferentes tipos de indica-dores. Diagn\u00f3stico y evaluaci\u00f3n de alternativas de remediaci\u00f3n. Gesti\u00f3n de calidad, Serie ISO 9000. Sistema de Aseguramiento de la calidad. Ciclo de la mejora continua. Aspectos ambientales. Impactos ambientales. Serie ISO 14000. Sistemas de Gesti\u00f3n Ambiental. An\u00e1lisis de riesgo y puntos cr\u00edticos de control.<\/p>\n<p><strong>Contaminaci\u00f3n atmosf\u00e9rica<\/strong><\/p>\n<p>Causas, importancia y efectos de la contaminaci\u00f3n atmosf\u00e9rica. Contaminantes primarios y resultantes de reacciones qu\u00edmicas en la atm\u00f3sfera. Difusi\u00f3n de los contaminantes. Contaminantes en ambientes abiertos y cerrados. Equipos y t\u00e9cnicas de evaluaci\u00f3n. Normas legales.<\/p>\n<p><strong>Microbiolog\u00eda general y aplicada<\/strong><\/p>\n<p>La c\u00e9lula procariota, eucariota y archibacteria. Estructura y funci\u00f3n. C\u00f3digo gen\u00e9-tico y s\u00edntesis de prote\u00ednas. Variabilidad de los microorganismos. Enzimas. Se-cuencias metab\u00f3licas. Cin\u00e9tica microbiana. Procesos aer\u00f3bicos y anaer\u00f3bicos. Microbiolog\u00eda de los alimentos. Depuraci\u00f3n biol\u00f3gica de residuos industriales.<\/p>\n<p><strong>F\u00edsica III<\/strong><\/p>\n<p>Optica. Naturaleza de la luz. Reflexi\u00f3n y refracci\u00f3n. Im\u00e1genes en espejos y lentes. Sistemas de lentes. Interferencia. Difracci\u00f3n. El ojo y defectos visuales.<\/p>\n<p><strong>Introducci\u00f3n a la ac\u00fastica y psicoac\u00fastica<\/strong><\/p>\n<p>Generaci\u00f3n de sonidos: cuerdas, membranas, y columnas de aire. Ondas sonoras: propagaci\u00f3n, velocidad, intensidad, reflexi\u00f3n, difracci\u00f3n, refracci\u00f3n, absorci\u00f3n. Propiedades de los recintos. Percepci\u00f3n del sonido: anatom\u00eda del o\u00eddo, mecanismos b\u00e1sicos del o\u00eddo interno. Psicoac\u00fastica: percepci\u00f3n de sonidos simples, compuestos y superpuestos. Percepci\u00f3n de la altura, intensidad y timbre.<\/p>\n<p><strong>Mec\u00e1nica de fluidos<\/strong><\/p>\n<p>Clasificaci\u00f3n de fluidos. Est\u00e1tica de fluidos. Flujos en general. Flujos unidimen-sionales y bidimensionales. M\u00e9todos de descripci\u00f3n de un flujo: Euler, Lagrange. Teorema de transporte de Reynolds. Conservaci\u00f3n de la masa. Ecuaci\u00f3n del momento lineal. Ecuaci\u00f3n de la energ\u00eda a r\u00e9gimen permanente. Conservaci\u00f3n del Momento angular. Ecuaci\u00f3n de Navier-Stokes. Ecuaci\u00f3n diferencial del momento angular. Ecuaci\u00f3n diferencial de la energ\u00eda. An\u00e1lisis Dimensional y similaridad.<\/p>\n<p><strong>Meteorolog\u00eda y climatolog\u00eda<\/strong><\/p>\n<p>Tiempo y Clima. Aire seco y h\u00famedo. Expansi\u00f3n adiab\u00e1tica del aire saturado. Convecci\u00f3n. Formaci\u00f3n de nubes. Absorci\u00f3n, emisi\u00f3n y dispersi\u00f3n. Radiaci\u00f3n solar y t\u00e9rmica. Enfriamiento radiativo. Efecto invernadero. Ondas atmosf\u00e9ricas. Estructura del viento en la capa de fricci\u00f3n. Frentes. Perturbaciones atmosf\u00e9ricas y meteorol\u00f3gicas. Elementos del clima. Climas regionales y locales. Transferencia de masa, energ\u00eda y momento en la superficie de la tierra. La variabilidad temporal del clima y la noci\u00f3n de cambio clim\u00e1tico. Causas de los cambios clim\u00e1ticos.<\/p>\n<p><strong>Introducci\u00f3n a la teledetecci\u00f3n<\/strong><\/p>\n<p>Espectro electromagn\u00e9tico. Caracter\u00edsticas de las im\u00e1genes. Interacci\u00f3n entre la luz y materia. Caracter\u00edsticas de las fotograf\u00edas a\u00e9reas. Im\u00e1genes Landsat. Mapas e \u00edndices path y row. Mosaicos. Sat\u00e9lites para estudiar recursos terrestres y ambientales. SPOT, JERS-1, sat\u00e9lites Geoestacionarios, NOAA. Im\u00e1genes. Im\u00e1-genes infrarrojas t\u00e9rmicas. Procesos y propiedades. Tecnolog\u00eda de radar, Seasat, SIR-A, SIR-B y SIR-C. Procesamiento digital de im\u00e1genes.<\/p>\n<p><strong>Contaminaci\u00f3n electromagn\u00e9tica y medio ambiente<\/strong><\/p>\n<p>Teor\u00eda de las radiaciones electromagn\u00e9ticas. Efectos biol\u00f3gicos de las ondas electromagn\u00e9ticas. Profundidad de penetraci\u00f3n campos el\u00e9ctricos y magn\u00e9ticos naturales. Efectos biol\u00f3gicos de los campos EM: Conceptos (ionizaci\u00f3n, t\u00e9rmicos, no-t\u00e9rmicos y de interferencia). Campos Electromagn\u00e9ticos de BF y AF. Efectos de las radiaciones no-ionizantes en los seres vivos. Los efectos no t\u00e9rmicos y su impacto social. Introducci\u00f3n a los mecanismos de la interacci\u00f3n de la energ\u00eda EM con los tejidos. Visi\u00f3n comprensiva de las bases biom\u00e9dicas subyacentes en la interacci\u00f3n tejido\/materia.<\/p>\n<p><strong>Optativas Generales<\/strong><\/p>\n<p><strong>Higiene y seguridad laboral<\/strong><\/p>\n<p>El concepto de seguridad, de accidente de trabajo y de enfermedades pro-fesionales. Servicios de higiene, seguridad laboral y de medicina del trabajo. Evaluaci\u00f3n de condiciones ambientales en ambientes de trabajo. Elementos de protecci\u00f3n personal. Factores f\u00edsicos y qu\u00edmicos que inciden sobre la salud del hombre. Perfil del puesto de trabajo. Ergonom\u00eda. Normas legales.<\/p>\n<p><strong>Qu\u00edmica anal\u00edtica ambiental<\/strong><\/p>\n<p>An\u00e1lisis qu\u00edmicos cuali y cuantitativos. M\u00e9todos de an\u00e1lisis. An\u00e1lisis qu\u00edmico ins-trumental. M\u00e9todos electrom\u00e9tricos, espectrom\u00e9tricos, espectrofotom\u00e9tricos y cro-matrogr\u00e1ficos.<\/p>\n<p><strong>Residuos s\u00f3lidos urbanos<\/strong><\/p>\n<p>Concepto y clasificaci\u00f3n de los RSU. Fuentes de producci\u00f3n. Organizaci\u00f3n de la recolecci\u00f3n. Reciclaje. Normas legales. Tecnolog\u00eda para el tratamiento de resi-duos. Sistemas de tratamiento y recolecci\u00f3n de residuos s\u00f3lidos, l\u00edquidos y gaseosos. Programa de manejo y control de vectores. La gesti\u00f3n ambiental de los RSU , implementaci\u00f3n de Sistemas de Gesti\u00f3n (SGMA) y auditor\u00edas de calidad ISO 9000 y 14.001.<\/p>\n<p><strong>Toxicolog\u00eda industrial<\/strong><\/p>\n<p>Concepto de t\u00f3xico y grado de toxicidad. Acci\u00f3n de los t\u00f3xicos. V\u00edas de entrada. Absorci\u00f3n. Secreci\u00f3n. Mecanismo de Acci\u00f3n. Exposici\u00f3n admisible. Evaluaci\u00f3n de la exposici\u00f3n. Plaguicidas.<\/p>\n<p><strong>F\u00edsica nuclear<\/strong><\/p>\n<p>N\u00facleo at\u00f3mico. Radioactividad. Desintegraci\u00f3n alfa, beta y gamma. Actividad: definici\u00f3n y medici\u00f3n. Fuentes radiactivas existentes en la naturaleza y producidas por el hombre. Efectos biol\u00f3gicos producidos por las radiaciones ionizantes. Irradiaci\u00f3n. Contaminaci\u00f3n. Dosis absorbida, dosis equivalente, dosis efectiva. Blindajes. Normas de seguridad y protecci\u00f3n. Monitoreo de la contaminaci\u00f3n ambiental de otros or\u00edgenes usando t\u00e9cnicas nucleares.<\/p>\n<p><strong>Control de ruido<\/strong><\/p>\n<p>Efectos de la exposici\u00f3n a ruidos en el hombre. Legislaciones que se refieren a los niveles de ruido y comparaci\u00f3n con otros pa\u00edses. Mediciones ac\u00fasticas y su instrumental: Decibel\u00edmetros, Dos\u00edmetros, Analizadores de Bandas, Calibradores. Ac\u00fastica de recintos. Materiales Ac\u00fasticos. Principios del Control de Ruido. Estudio de Casos.<\/p>\n<p><strong>Principios de comunicaciones \u00f3pticas<\/strong><\/p>\n<p>Sistema de Comunicaci\u00f3n Digital. Principio de Reflexi\u00f3n y Refracci\u00f3n de la Luz. La Fibra Optica. Tipos de Fibras. Atenuaci\u00f3n y Distorsi\u00f3n. Capacidad de transmisi\u00f3n. Fuentes de Luz: Principios de Emisi\u00f3n Luminosa, LEDs, Lasers. Detectores de Luz. Fotodiodos PIN, Fotodiodos Avalancha; Transmisores y Receptores de Luz;<\/p>\n<p>Amplificadores y Moduladores de Luz; Sistema de Transmisi\u00f3n \u00d3ptica. Redes Locales. Sistemas de Larga Distancia.<\/p>\n<p><strong>Contaminaci\u00f3n de aguas<\/strong><\/p>\n<p>Aspectos generales. Qu\u00edmica del agua. Usos y calidad del agua. Contaminaci\u00f3n y vulnerabilidad. Contaminaci\u00f3n en zona no saturada. Manejo del agua y regulaci\u00f3n de cuencas. Saneamiento urbano y rural. Impacto ambiental. Planificaci\u00f3n y gesti\u00f3n h\u00eddrica. Caracterizaci\u00f3n de las descargas cloacales e industriales. Eva-luaci\u00f3n del impacto. Determinaci\u00f3n de niveles de tratamiento. Normas legales.<\/p>\n<p><strong>Introducci\u00f3n a los sistemas de informaci\u00f3n geogr\u00e1fica (SIG)<\/strong><\/p>\n<p>Conceptos y definiciones del SIG; la informaci\u00f3n georeferenciada: sistemas de entrada, tipo y calidad de datos; las bases de datos y los modelos espaciales; el an\u00e1lisis de datos espaciales y no espaciales; modelaci\u00f3n cartogr\u00e1fica y la salida de datos. Integraci\u00f3n con la percepci\u00f3n remota.<\/p>\n<p><strong>Exigencias adicionales:<\/strong><\/p>\n<p>Idioma: Los alumnos deber\u00e1n superar una prueba de suficiencia de idioma ingl\u00e9s de traducci\u00f3n de textos t\u00e9cnicos antes de ingresar al 4to. semestre.<\/p>\n","protected":false},"excerpt":{"rendered":"<p>C\u00e1lculo Nivel I\u00a0 N\u00fameros reales. Funciones. L\u00edmites. Derivadas de una funci\u00f3n. Derivadas de orden superior. L\u00edmites. Continuidad. Derivadas. Comportamiento de las funciones y sus graficas. Elementos de Algebra Lineal\u00a0 y Geometr\u00eda Anal\u00edtica Vectores. C\u00f3nicas. Superficie y l\u00ednea. N\u00fameros complejos. Expresiones alge-braicas enteras. Matrices. Sistemas de ecuaciones lineales. Determinantes. Espacios vectoriales. An\u00e1lisis geoambiental Sistemas Naturales y [&hellip;]<\/p>\n","protected":false},"author":101036,"featured_media":0,"parent":0,"menu_order":4,"comment_status":"closed","ping_status":"closed","template":"","meta":[],"_links":{"self":[{"href":"https:\/\/www.facet.unt.edu.ar\/tecfisicaambiental\/wp-json\/wp\/v2\/pages\/159"}],"collection":[{"href":"https:\/\/www.facet.unt.edu.ar\/tecfisicaambiental\/wp-json\/wp\/v2\/pages"}],"about":[{"href":"https:\/\/www.facet.unt.edu.ar\/tecfisicaambiental\/wp-json\/wp\/v2\/types\/page"}],"author":[{"embeddable":true,"href":"https:\/\/www.facet.unt.edu.ar\/tecfisicaambiental\/wp-json\/wp\/v2\/users\/101036"}],"replies":[{"embeddable":true,"href":"https:\/\/www.facet.unt.edu.ar\/tecfisicaambiental\/wp-json\/wp\/v2\/comments?post=159"}],"version-history":[{"count":2,"href":"https:\/\/www.facet.unt.edu.ar\/tecfisicaambiental\/wp-json\/wp\/v2\/pages\/159\/revisions"}],"predecessor-version":[{"id":229,"href":"https:\/\/www.facet.unt.edu.ar\/tecfisicaambiental\/wp-json\/wp\/v2\/pages\/159\/revisions\/229"}],"wp:attachment":[{"href":"https:\/\/www.facet.unt.edu.ar\/tecfisicaambiental\/wp-json\/wp\/v2\/media?parent=159"}],"curies":[{"name":"wp","href":"https:\/\/api.w.org\/{rel}","templated":true}]}}