{"id":546,"date":"2025-09-19T11:56:05","date_gmt":"2025-09-19T14:56:05","guid":{"rendered":"https:\/\/www.facet.unt.edu.ar\/tecfisicaambiental\/?page_id=546"},"modified":"2025-12-09T15:27:26","modified_gmt":"2025-12-09T18:27:26","slug":"egresados","status":"publish","type":"page","link":"https:\/\/www.facet.unt.edu.ar\/tecfisicaambiental\/egresados\/","title":{"rendered":"Egresados"},"content":{"rendered":"<p><a href=\"https:\/\/www.facet.unt.edu.ar\/tecfisicaambiental\/wp-content\/uploads\/sites\/56\/2025\/12\/Captura.jpg\"><img decoding=\"async\" loading=\"lazy\" class=\"alignnone wp-image-607\" src=\"https:\/\/www.facet.unt.edu.ar\/tecfisicaambiental\/wp-content\/uploads\/sites\/56\/2025\/12\/Captura.jpg\" alt=\"\" width=\"623\" height=\"341\" \/><\/a><\/p>\n<p>&nbsp;<\/p>\n<p style=\"text-align: left;\">Lazarte Oribe, Mar\u00eda Jose (2023)<\/p>\n<p style=\"text-align: left;\">16. \u00c1lvarez, Roque Sebasti\u00e1n (2024)<\/p>\n<p style=\"text-align: left;\">15. Chazarreta, Yanina Jose (2018)<\/p>\n<p style=\"text-align: left;\">14. Rojas, Fabio Mat\u00edas (2025)<\/p>\n<p style=\"text-align: left;\">13. Calderari, Luis Fernando (2024)<\/p>\n<p style=\"text-align: left;\">12. Madrigal, Facundo Ezequiel (2024)<\/p>\n<p style=\"text-align: left;\">11. Ance, Marta Ver\u00f3nica (2023)<\/p>\n<p style=\"text-align: left;\">10. Montilla, Gabriela Jacqueline (2023)<\/p>\n<p style=\"text-align: left;\">9. Defilippo, Alfredo Nicol\u00e1s (2020)<\/p>\n<p style=\"text-align: left;\">8. Campos, Silvia Mercedes (2017)<\/p>\n<p style=\"text-align: left;\">7. Robles Madrid, Lourdes (2016)<\/p>\n<p style=\"text-align: left;\">6. Misenta, Luca (2017)<\/p>\n<p style=\"text-align: left;\">5. Mansilla, Cecilia Cristina (2019)<\/p>\n<p style=\"text-align: left;\">4. Garz\u00f3n Z\u00e1rate, Juan Mario (2016)<\/p>\n<p style=\"text-align: left;\">3. Del Frari, Giovanna Florencia (2019)<\/p>\n<p style=\"text-align: left;\">2. Barba, V\u00edctor Santiago (2019)<\/p>\n<p style=\"text-align: left;\">1. Acosta, Yanina Mar\u00eda Vanessa (2018)<\/p>\n<p>153. Costas, Paula Carolina (2016)<\/p>\n","protected":false},"excerpt":{"rendered":"<p>&nbsp; Lazarte Oribe, Mar\u00eda Jose (2023) 16. \u00c1lvarez, Roque Sebasti\u00e1n (2024) 15. Chazarreta, Yanina Jose (2018) 14. Rojas, Fabio Mat\u00edas (2025) 13. Calderari, Luis Fernando (2024) 12. Madrigal, Facundo Ezequiel (2024) 11. Ance, Marta Ver\u00f3nica (2023) 10. Montilla, Gabriela Jacqueline (2023) 9. Defilippo, Alfredo Nicol\u00e1s (2020) 8. Campos, Silvia Mercedes (2017) 7. Robles Madrid, Lourdes [&hellip;]<\/p>\n","protected":false},"author":123519,"featured_media":0,"parent":0,"menu_order":8,"comment_status":"closed","ping_status":"closed","template":"","meta":[],"_links":{"self":[{"href":"https:\/\/www.facet.unt.edu.ar\/tecfisicaambiental\/wp-json\/wp\/v2\/pages\/546"}],"collection":[{"href":"https:\/\/www.facet.unt.edu.ar\/tecfisicaambiental\/wp-json\/wp\/v2\/pages"}],"about":[{"href":"https:\/\/www.facet.unt.edu.ar\/tecfisicaambiental\/wp-json\/wp\/v2\/types\/page"}],"author":[{"embeddable":true,"href":"https:\/\/www.facet.unt.edu.ar\/tecfisicaambiental\/wp-json\/wp\/v2\/users\/123519"}],"replies":[{"embeddable":true,"href":"https:\/\/www.facet.unt.edu.ar\/tecfisicaambiental\/wp-json\/wp\/v2\/comments?post=546"}],"version-history":[{"count":22,"href":"https:\/\/www.facet.unt.edu.ar\/tecfisicaambiental\/wp-json\/wp\/v2\/pages\/546\/revisions"}],"predecessor-version":[{"id":608,"href":"https:\/\/www.facet.unt.edu.ar\/tecfisicaambiental\/wp-json\/wp\/v2\/pages\/546\/revisions\/608"}],"wp:attachment":[{"href":"https:\/\/www.facet.unt.edu.ar\/tecfisicaambiental\/wp-json\/wp\/v2\/media?parent=546"}],"curies":[{"name":"wp","href":"https:\/\/api.w.org\/{rel}","templated":true}]}}