{"id":15,"date":"2021-11-26T17:01:09","date_gmt":"2021-11-26T17:01:09","guid":{"rendered":"https:\/\/www.facet.unt.edu.ar\/tecnicatura-azucarera\/?page_id=15"},"modified":"2021-11-26T17:01:09","modified_gmt":"2021-11-26T17:01:09","slug":"perfil-profesional","status":"publish","type":"page","link":"https:\/\/www.facet.unt.edu.ar\/tecnicatura-azucarera\/perfil-profesional\/","title":{"rendered":"Perfil profesional"},"content":{"rendered":"<p><strong>Perfil profesional<\/strong><\/p>\n<p>El campo de su actividad pr\u00e1cticamente cubre el espectro de todas las agroindustrias de nuestra regi\u00f3n (azucarera, alcoholera, pulpa y papel, edulcorantes de cereales, c\u00edtrica, etc.)<br \/>\nDesempe\u00f1ando funciones t\u00e9cnicas que abarcan una amplia gama de actividades, desde auxiliares hasta niveles jer\u00e1rquicos:<\/p>\n<ol>\n<li>En Ingenios Azucareros.<\/li>\n<li>En F\u00e1bricas de pulpa y papel de bagazo.<\/li>\n<li>En Industrias Citr\u00edcolas.<\/li>\n<li>En Destiler\u00edas de alcohol.<\/li>\n<li>En Industrias Alimenticias.<\/li>\n<\/ol>\n","protected":false},"excerpt":{"rendered":"<p>Perfil profesional El campo de su actividad pr\u00e1cticamente cubre el espectro de todas las agroindustrias de nuestra regi\u00f3n (azucarera, alcoholera, pulpa y papel, edulcorantes de cereales, c\u00edtrica, etc.) Desempe\u00f1ando funciones t\u00e9cnicas que abarcan una amplia gama de actividades, desde auxiliares hasta niveles jer\u00e1rquicos: En Ingenios Azucareros. En F\u00e1bricas de pulpa y papel de bagazo. En [&hellip;]<\/p>\n","protected":false},"author":123470,"featured_media":0,"parent":0,"menu_order":0,"comment_status":"closed","ping_status":"closed","template":"","meta":[],"_links":{"self":[{"href":"https:\/\/www.facet.unt.edu.ar\/tecnicatura-azucarera\/wp-json\/wp\/v2\/pages\/15"}],"collection":[{"href":"https:\/\/www.facet.unt.edu.ar\/tecnicatura-azucarera\/wp-json\/wp\/v2\/pages"}],"about":[{"href":"https:\/\/www.facet.unt.edu.ar\/tecnicatura-azucarera\/wp-json\/wp\/v2\/types\/page"}],"author":[{"embeddable":true,"href":"https:\/\/www.facet.unt.edu.ar\/tecnicatura-azucarera\/wp-json\/wp\/v2\/users\/123470"}],"replies":[{"embeddable":true,"href":"https:\/\/www.facet.unt.edu.ar\/tecnicatura-azucarera\/wp-json\/wp\/v2\/comments?post=15"}],"version-history":[{"count":1,"href":"https:\/\/www.facet.unt.edu.ar\/tecnicatura-azucarera\/wp-json\/wp\/v2\/pages\/15\/revisions"}],"predecessor-version":[{"id":16,"href":"https:\/\/www.facet.unt.edu.ar\/tecnicatura-azucarera\/wp-json\/wp\/v2\/pages\/15\/revisions\/16"}],"wp:attachment":[{"href":"https:\/\/www.facet.unt.edu.ar\/tecnicatura-azucarera\/wp-json\/wp\/v2\/media?parent=15"}],"curies":[{"name":"wp","href":"https:\/\/api.w.org\/{rel}","templated":true}]}}