{"id":104,"date":"2022-06-14T01:00:09","date_gmt":"2022-06-14T04:00:09","guid":{"rendered":"https:\/\/www.facet.unt.edu.ar\/tiitucuman\/?page_id=104"},"modified":"2024-03-13T11:28:00","modified_gmt":"2024-03-13T14:28:00","slug":"laboratorio","status":"publish","type":"page","link":"https:\/\/www.facet.unt.edu.ar\/tiitucuman\/laboratorio\/","title":{"rendered":"Laboratorio"},"content":{"rendered":"<div id=\"pl-104\"  class=\"panel-layout\" ><div id=\"pg-104-0\"  class=\"panel-grid panel-no-style\" ><div id=\"pgc-104-0-0\"  class=\"panel-grid-cell\" ><div id=\"panel-104-0-0-0\" class=\"so-panel widget widget_sow-editor panel-first-child panel-last-child\" data-index=\"0\" ><div\n\t\t\t\n\t\t\tclass=\"so-widget-sow-editor so-widget-sow-editor-base\"\n\t\t\t\n\t\t>\n<div class=\"siteorigin-widget-tinymce textwidget\">\n\t<p style=\"text-align: justify;\"><span style=\"font-family: arial, helvetica, sans-serif;\">Este proyecto prev\u00e9 instalar un Laboratorio Interdisciplinario de Biomec\u00e1nica para la Inclusi\u00f3n (LaBIOS) adaptado para personas con discapacidad motriz que participen del dise\u00f1o y desarrollo de prototipos funcionales adaptativos.<\/span><\/p>\n<p style=\"text-align: justify;\"><span style=\"font-family: arial, helvetica, sans-serif;\">La Localizaci\u00f3n de LaBIOS ser\u00e1 en Nave Sur del Taller de Mec\u00e1nica \u2013 FACET.<\/span><\/p>\n<p style=\"text-align: justify;\"><span style=\"font-family: arial, helvetica, sans-serif;\">El mismo contar\u00e1 con infraestructura inclusiva, equipos mec\u00e1nicos y sistemas mecatr\u00f3nicos para el desarrollo de tecnolog\u00edas asistivas.<\/span><\/p>\n<\/div>\n<\/div><\/div><\/div><\/div><\/div>","protected":false},"excerpt":{"rendered":"<p>Este proyecto prev\u00e9 instalar un Laboratorio Interdisciplinario de Biomec\u00e1nica para la Inclusi\u00f3n (LaBIOS) adaptado para personas con discapacidad motriz que participen del dise\u00f1o y desarrollo de prototipos funcionales adaptativos.La Localizaci\u00f3n de LaBIOS ser\u00e1 en Nave Sur del Taller de Mec\u00e1nica \u2013 FACET.El mismo contar\u00e1 con infraestructura inclusiva, equipos mec\u00e1nicos y sistemas mecatr\u00f3nicos para el desarrollo [&hellip;]<\/p>\n","protected":false},"author":123470,"featured_media":0,"parent":0,"menu_order":0,"comment_status":"closed","ping_status":"closed","template":"","meta":[],"_links":{"self":[{"href":"https:\/\/www.facet.unt.edu.ar\/tiitucuman\/wp-json\/wp\/v2\/pages\/104"}],"collection":[{"href":"https:\/\/www.facet.unt.edu.ar\/tiitucuman\/wp-json\/wp\/v2\/pages"}],"about":[{"href":"https:\/\/www.facet.unt.edu.ar\/tiitucuman\/wp-json\/wp\/v2\/types\/page"}],"author":[{"embeddable":true,"href":"https:\/\/www.facet.unt.edu.ar\/tiitucuman\/wp-json\/wp\/v2\/users\/123470"}],"replies":[{"embeddable":true,"href":"https:\/\/www.facet.unt.edu.ar\/tiitucuman\/wp-json\/wp\/v2\/comments?post=104"}],"version-history":[{"count":7,"href":"https:\/\/www.facet.unt.edu.ar\/tiitucuman\/wp-json\/wp\/v2\/pages\/104\/revisions"}],"predecessor-version":[{"id":436,"href":"https:\/\/www.facet.unt.edu.ar\/tiitucuman\/wp-json\/wp\/v2\/pages\/104\/revisions\/436"}],"wp:attachment":[{"href":"https:\/\/www.facet.unt.edu.ar\/tiitucuman\/wp-json\/wp\/v2\/media?parent=104"}],"curies":[{"name":"wp","href":"https:\/\/api.w.org\/{rel}","templated":true}]}}