{"id":99,"date":"2022-06-14T00:53:05","date_gmt":"2022-06-14T03:53:05","guid":{"rendered":"https:\/\/www.facet.unt.edu.ar\/tiitucuman\/?page_id=99"},"modified":"2024-03-13T11:47:32","modified_gmt":"2024-03-13T14:47:32","slug":"proyecto","status":"publish","type":"page","link":"https:\/\/www.facet.unt.edu.ar\/tiitucuman\/proyecto\/","title":{"rendered":"Proyecto"},"content":{"rendered":"<div id=\"pl-99\"  class=\"panel-layout\" ><div id=\"pg-99-0\"  class=\"panel-grid panel-no-style\" ><div id=\"pgc-99-0-0\"  class=\"panel-grid-cell\" ><div id=\"panel-99-0-0-0\" class=\"so-panel widget widget_sow-editor panel-first-child panel-last-child\" data-index=\"0\" ><div\n\t\t\t\n\t\t\tclass=\"so-widget-sow-editor so-widget-sow-editor-base\"\n\t\t\t\n\t\t>\n<div class=\"siteorigin-widget-tinymce textwidget\">\n\t<p style=\"text-align: justify;\"><span style=\"font-family: arial, helvetica, sans-serif;\"><a href=\"https:\/\/www.facet.unt.edu.ar\/tiitucuman\/wp-content\/uploads\/sites\/83\/2024\/03\/WhatsApp-Image-2024-03-13-at-11.37.56.jpeg\"><img decoding=\"async\" loading=\"lazy\" class=\" wp-image-439 alignleft\" src=\"https:\/\/www.facet.unt.edu.ar\/tiitucuman\/wp-content\/uploads\/sites\/83\/2024\/03\/WhatsApp-Image-2024-03-13-at-11.37.56.jpeg\" alt=\"\" width=\"429\" height=\"431\" \/><\/a>Las personas con discapacidad constituyen uno de los sectores m\u00e1s vulnerables de la sociedad, con enormes dificultades para acceder al mercado de trabajo. Es por ello que se ha dise\u00f1ado un proyecto que busca brindar competencias en tecnolog\u00eda a personas con discapacidad ofreciendo mejores herramientas para que tengan mayores oportunidades para acceder a un empleo de calidad.<\/span><\/p>\n<p style=\"text-align: justify;\"><span style=\"font-family: arial, helvetica, sans-serif;\">Con el financiamiento de la Uni\u00f3n Europea y los aportes de contraparte de la Universidad Nacional de Tucum\u00e1n y el Gobierno de la Provincia de Tucum\u00e1n se implementar\u00e1n acciones que contribuyan a fomentar la cohesi\u00f3n e inclusi\u00f3n social, promuevan el di\u00e1logo entre distintos actores e instituciones y consoliden los derechos a las personas con discapacidad.<\/span><\/p>\n<p style=\"text-align: justify;\"><span style=\"font-family: arial, helvetica, sans-serif;\">El objetivo general de este proyecto es \u201cMejorar la calidad de vida de un sector de las personas con discapacidad en la provincia de Tucum\u00e1n\u201d.<\/span><\/p>\n<p style=\"text-align: justify;\"><span style=\"font-family: arial, helvetica, sans-serif;\">Los objetivos espec\u00edficos a implementar durante tres a\u00f1os son:<\/span><br \/>\n<span style=\"font-family: arial, helvetica, sans-serif;\">1- Funcionamiento del Laboratorio Interdisciplinario de Biomec\u00e1nica para la Inclusi\u00f3n (LaBIOS) adaptado donde personas con discapacidad motriz realizan pr\u00e1cticas y formaci\u00f3n t\u00e9cnica y se generan tecnolog\u00edas asistivas para personas con discapacidad.<\/span><br \/>\n<span style=\"font-family: arial, helvetica, sans-serif;\">2- Establecimiento de un contexto institucional y legal que promueve la inclusi\u00f3n de los participantes del programa al mercado de trabajo.<\/span><\/p>\n<p style=\"text-align: justify;\"><span style=\"font-family: arial, helvetica, sans-serif;\">Los componentes del proyecto son:<\/span><br \/>\n<span style=\"font-family: arial, helvetica, sans-serif;\">1- Instalaci\u00f3n y equipamiento del laboratorio: Talleres de fabricaci\u00f3n de elementos asistivos y Talleres itinerantes en el interior de la Provincia.<\/span><br \/>\n<span style=\"font-family: arial, helvetica, sans-serif;\">2- Creaci\u00f3n de un Observatorio de la Discapacidad a nivel provincial.<\/span><br \/>\n<span style=\"font-family: arial, helvetica, sans-serif;\">3- Consejo Participativo en Pol\u00edticas P\u00fablicas.<\/span><br \/>\n<span style=\"font-family: arial, helvetica, sans-serif;\">4- Campa\u00f1as de sensibilizaci\u00f3n y difusi\u00f3n de derechos.<\/span><\/p>\n<\/div>\n<\/div><\/div><\/div><\/div><\/div>","protected":false},"excerpt":{"rendered":"<p>Las personas con discapacidad constituyen uno de los sectores m\u00e1s vulnerables de la sociedad, con enormes dificultades para acceder al mercado de trabajo. Es por ello que se ha dise\u00f1ado un proyecto que busca brindar competencias en tecnolog\u00eda a personas con discapacidad ofreciendo mejores herramientas para que tengan mayores oportunidades para acceder a un empleo [&hellip;]<\/p>\n","protected":false},"author":123470,"featured_media":0,"parent":0,"menu_order":0,"comment_status":"closed","ping_status":"closed","template":"","meta":[],"_links":{"self":[{"href":"https:\/\/www.facet.unt.edu.ar\/tiitucuman\/wp-json\/wp\/v2\/pages\/99"}],"collection":[{"href":"https:\/\/www.facet.unt.edu.ar\/tiitucuman\/wp-json\/wp\/v2\/pages"}],"about":[{"href":"https:\/\/www.facet.unt.edu.ar\/tiitucuman\/wp-json\/wp\/v2\/types\/page"}],"author":[{"embeddable":true,"href":"https:\/\/www.facet.unt.edu.ar\/tiitucuman\/wp-json\/wp\/v2\/users\/123470"}],"replies":[{"embeddable":true,"href":"https:\/\/www.facet.unt.edu.ar\/tiitucuman\/wp-json\/wp\/v2\/comments?post=99"}],"version-history":[{"count":12,"href":"https:\/\/www.facet.unt.edu.ar\/tiitucuman\/wp-json\/wp\/v2\/pages\/99\/revisions"}],"predecessor-version":[{"id":593,"href":"https:\/\/www.facet.unt.edu.ar\/tiitucuman\/wp-json\/wp\/v2\/pages\/99\/revisions\/593"}],"wp:attachment":[{"href":"https:\/\/www.facet.unt.edu.ar\/tiitucuman\/wp-json\/wp\/v2\/media?parent=99"}],"curies":[{"name":"wp","href":"https:\/\/api.w.org\/{rel}","templated":true}]}}