{"id":244,"date":"2017-10-30T15:56:51","date_gmt":"2017-10-30T18:56:51","guid":{"rendered":"https:\/\/www.facet.unt.edu.ar\/umatucuman2017\/?page_id=244"},"modified":"2018-04-13T16:26:03","modified_gmt":"2018-04-13T19:26:03","slug":"comision-organizadora-local","status":"publish","type":"page","link":"https:\/\/www.facet.unt.edu.ar\/umatucuman2017\/home\/comision-organizadora-local\/","title":{"rendered":"Comisi\u00f3n Organizadora"},"content":{"rendered":"<p>La Comisi\u00f3n Organizadora Local<\/p>\n<p><strong>Coordinadora<\/strong>: Lic. Eugenia Elizabeth Gallardo<\/p>\n<p>Mg, Mar\u00eda de las Mercedes Ganim<br \/>\nMg. Mar\u00eda Isabel Gianini<br \/>\nMg. Estela F\u00e1tima Fern\u00e1ndez<\/p>\n<p>Mg. Mar\u00eda Marcela Lazarte<br \/>\nMg. Isabel del Valle Lomas<br \/>\nDra. Ana Mar\u00eda Sfer<\/p>\n","protected":false},"excerpt":{"rendered":"<p>La Comisi\u00f3n Organizadora Local Coordinadora: Lic. Eugenia Elizabeth Gallardo Mg, Mar\u00eda de las Mercedes Ganim Mg. Mar\u00eda Isabel Gianini Mg. Estela F\u00e1tima Fern\u00e1ndez Mg. Mar\u00eda Marcela Lazarte Mg. Isabel del Valle Lomas Dra. Ana Mar\u00eda Sfer<\/p>\n","protected":false},"author":101011,"featured_media":0,"parent":65,"menu_order":20,"comment_status":"closed","ping_status":"closed","template":"","meta":[],"_links":{"self":[{"href":"https:\/\/www.facet.unt.edu.ar\/umatucuman2017\/wp-json\/wp\/v2\/pages\/244"}],"collection":[{"href":"https:\/\/www.facet.unt.edu.ar\/umatucuman2017\/wp-json\/wp\/v2\/pages"}],"about":[{"href":"https:\/\/www.facet.unt.edu.ar\/umatucuman2017\/wp-json\/wp\/v2\/types\/page"}],"author":[{"embeddable":true,"href":"https:\/\/www.facet.unt.edu.ar\/umatucuman2017\/wp-json\/wp\/v2\/users\/101011"}],"replies":[{"embeddable":true,"href":"https:\/\/www.facet.unt.edu.ar\/umatucuman2017\/wp-json\/wp\/v2\/comments?post=244"}],"version-history":[{"count":4,"href":"https:\/\/www.facet.unt.edu.ar\/umatucuman2017\/wp-json\/wp\/v2\/pages\/244\/revisions"}],"predecessor-version":[{"id":257,"href":"https:\/\/www.facet.unt.edu.ar\/umatucuman2017\/wp-json\/wp\/v2\/pages\/244\/revisions\/257"}],"up":[{"embeddable":true,"href":"https:\/\/www.facet.unt.edu.ar\/umatucuman2017\/wp-json\/wp\/v2\/pages\/65"}],"wp:attachment":[{"href":"https:\/\/www.facet.unt.edu.ar\/umatucuman2017\/wp-json\/wp\/v2\/media?parent=244"}],"curies":[{"name":"wp","href":"https:\/\/api.w.org\/{rel}","templated":true}]}}